-- Table structure for table `password_resets`
--

CREATE TABLE `password_resets` (
  `email` varchar(191) COLLATE utf8mb4_unicode_ci NOT NULL,
  `token` varchar(191) COLLATE utf8mb4_unicode_ci NOT NULL,
  `created_at` timestamp NULL DEFAULT NULL,
  KEY `password_resets_email_index` (`email`)
) ENGINE=InnoDB DEFAULT CHARSET=utf8mb4 COLLATE=utf8mb4_unicode_ci;

--
-- Dumping data for table `password_resets`
--


--
-- Table structure for table `patient_encounters`
--

CREATE TABLE `patient_encounters` (
  `id` bigint unsigned NOT NULL AUTO_INCREMENT,
  `encounter_date` datetime DEFAULT NULL,
  `user_id` bigint unsigned DEFAULT NULL,
  `clinic_id` bigint unsigned DEFAULT NULL,
  `doctor_id` bigint unsigned DEFAULT NULL,
  `vendor_id` bigint unsigned DEFAULT NULL,
  `appointment_id` bigint unsigned DEFAULT NULL,
  `encounter_template_id` bigint unsigned DEFAULT NULL,
  `description` longtext COLLATE utf8mb4_unicode_ci,
  `status` tinyint(1) NOT NULL DEFAULT '1',
  `created_by` int unsigned DEFAULT NULL,
  `updated_by` int unsigned DEFAULT NULL,
  `deleted_by` int unsigned DEFAULT NULL,
  `deleted_at` timestamp NULL DEFAULT NULL,
  `created_at` timestamp NULL DEFAULT NULL,
  `updated_at` timestamp NULL DEFAULT NULL,
  PRIMARY KEY (`id`)
) ENGINE=InnoDB AUTO_INCREMENT=13 DEFAULT CHARSET=utf8mb4 COLLATE=utf8mb4_unicode_ci;

--
-- Dumping data for table `patient_encounters`
--

INSERT INTO `patient_encounters` VALUES (1,'2024-08-04 05:22:52',14,2,18,NULL,6,NULL,NULL,0,1,1,NULL,NULL,'2024-05-27 00:27:00','2024-05-27 00:27:38'),(2,'2024-07-04 05:22:52',9,1,18,NULL,1,NULL,NULL,0,1,1,NULL,NULL,'2024-05-27 00:27:06','2024-05-27 00:27:18'),(3,'2024-08-04 05:22:52',10,2,20,NULL,2,NULL,NULL,1,1,1,NULL,NULL,'2024-05-27 00:27:46','2024-05-27 00:27:46'),(4,'2024-08-04 05:22:52',15,4,21,NULL,7,NULL,NULL,0,1,1,NULL,NULL,'2024-05-27 01:08:29','2024-05-27 01:09:17'),(5,'2024-08-04 05:22:52',16,5,22,NULL,8,NULL,NULL,1,1,1,NULL,NULL,'2024-05-27 01:08:38','2024-05-27 01:08:38'),(6,'2024-07-04 05:22:52',12,3,20,NULL,12,NULL,NULL,0,1,1,NULL,NULL,'2024-05-27 01:08:44','2024-05-27 01:09:06'),(7,'2024-08-04 05:22:52',12,1,18,NULL,4,NULL,NULL,1,1,1,NULL,NULL,'2024-05-27 01:08:44','2024-05-27 01:09:06'),(8,'2024-08-04 05:22:52',13,3,20,NULL,5,NULL,NULL,1,1,1,NULL,NULL,'2024-05-27 01:08:44','2024-05-27 01:09:06'),(9,'2024-09-13 00:00:00',10,3,19,1,NULL,NULL,NULL,1,1,1,NULL,NULL,'2024-09-13 16:58:28','2024-09-13 16:58:28'),(10,'2024-09-26 12:13:03',34,11,35,NULL,13,NULL,NULL,1,35,35,NULL,NULL,'2024-09-26 12:13:03','2024-09-26 12:13:03'),(11,'2024-09-28 10:07:49',38,13,18,NULL,17,NULL,NULL,1,1,1,NULL,NULL,'2024-09-28 10:07:49','2024-09-28 10:07:49'),(12,'2024-09-30 11:06:23',38,13,18,NULL,19,NULL,NULL,1,18,18,NULL,NULL,'2024-09-30 11:06:23','2024-09-30 11:06:23');

--
-- Table structure for table `permissions`
--

CREATE TABLE `permissions` (
  `id` bigint unsigned NOT NULL AUTO_INCREMENT,
  `name` varchar(191) COLLATE utf8mb4_unicode_ci NOT NULL,
  `guard_name` varchar(191) COLLATE utf8mb4_unicode_ci NOT NULL,
  `is_fixed` tinyint(1) NOT NULL DEFAULT '0',
  `created_at` timestamp NULL DEFAULT NULL,
  `updated_at` timestamp NULL DEFAULT NULL,
  PRIMARY KEY (`id`),
  UNIQUE KEY `permissions_name_guard_name_unique` (`name`,`guard_name`)
) ENGINE=InnoDB AUTO_INCREMENT=186 DEFAULT CHARSET=utf8mb4 COLLATE=utf8mb4_unicode_ci;

--
-- Dumping data for table `permissions`
--

INSERT INTO `permissions` VALUES (1,'edit_settings','web',1,'2024-09-03 23:48:23','2024-09-03 23:48:23'),(2,'view_logs','web',1,'2024-09-03 23:48:23','2024-09-03 23:48:23'),(3,'view_system_service','web',1,'2024-09-03 23:48:23','2024-09-03 23:48:23'),(4,'add_system_service','web',1,'2024-09-03 23:48:23','2024-09-03 23:48:23'),(5,'edit_system_service','web',1,'2024-09-03 23:48:23','2024-09-03 23:48:23'),(6,'delete_system_service','web',1,'2024-09-03 23:48:23','2024-09-03 23:48:23'),(7,'view_specialization','web',1,'2024-09-03 23:48:23','2024-09-03 23:48:23'),(8,'add_specialization','web',1,'2024-09-03 23:48:23','2024-09-03 23:48:23'),(9,'edit_specialization','web',1,'2024-09-03 23:48:23','2024-09-03 23:48:23'),(10,'delete_specialization','web',1,'2024-09-03 23:48:23','2024-09-03 23:48:23'),(11,'view_clinics_center','web',1,'2024-09-03 23:48:23','2024-09-03 23:48:23'),(12,'add_clinics_center','web',1,'2024-09-03 23:48:23','2024-09-03 23:48:23'),(13,'edit_clinics_center','web',1,'2024-09-03 23:48:23','2024-09-03 23:48:23'),(14,'delete_clinics_center','web',1,'2024-09-03 23:48:23','2024-09-03 23:48:23'),(15,'clinics_center_gallery','web',1,'2024-09-03 23:48:23','2024-09-03 23:48:23'),(16,'view_clinics_category','web',1,'2024-09-03 23:48:23','2024-09-03 23:48:23'),(17,'add_clinics_category','web',1,'2024-09-03 23:48:23','2024-09-03 23:48:23'),(18,'edit_clinics_category','web',1,'2024-09-03 23:48:23','2024-09-03 23:48:23'),(19,'delete_clinics_category','web',1,'2024-09-03 23:48:23','2024-09-03 23:48:23'),(20,'view_customer','web',1,'2024-09-03 23:48:23','2024-09-03 23:48:23'),(21,'add_customer','web',1,'2024-09-03 23:48:23','2024-09-03 23:48:23'),(22,'edit_customer','web',1,'2024-09-03 23:48:23','2024-09-03 23:48:23'),(23,'delete_customer','web',1,'2024-09-03 23:48:23','2024-09-03 23:48:23'),(24,'customer_password','web',1,'2024-09-03 23:48:23','2024-09-03 23:48:23'),(25,'view_clinics_service','web',1,'2024-09-03 23:48:23','2024-09-03 23:48:23'),(26,'add_clinics_service','web',1,'2024-09-03 23:48:23','2024-09-03 23:48:23'),(27,'edit_clinics_service','web',1,'2024-09-03 23:48:23','2024-09-03 23:48:23'),(28,'delete_clinics_service','web',1,'2024-09-03 23:48:23','2024-09-03 23:48:23'),(29,'view_doctors','web',1,'2024-09-03 23:48:23','2024-09-03 23:48:23'),(30,'add_doctors','web',1,'2024-09-03 23:48:23','2024-09-03 23:48:23'),(31,'edit_doctors','web',1,'2024-09-03 23:48:23','2024-09-03 23:48:23'),(32,'delete_doctors','web',1,'2024-09-03 23:48:23','2024-09-03 23:48:23'),(33,'view_doctors_session','web',1,'2024-09-03 23:48:23','2024-09-03 23:48:23'),(34,'add_doctors_session','web',1,'2024-09-03 23:48:23','2024-09-03 23:48:23'),(35,'edit_doctors_session','web',1,'2024-09-03 23:48:23','2024-09-03 23:48:23'),(36,'delete_doctors_session','web',1,'2024-09-03 23:48:23','2024-09-03 23:48:23'),(37,'view_patient_soap','web',1,'2024-09-03 23:48:23','2024-09-03 23:48:23'),(38,'add_patient_soap','web',1,'2024-09-03 23:48:23','2024-09-03 23:48:23'),(39,'edit_patient_soap','web',1,'2024-09-03 23:48:23','2024-09-03 23:48:23'),(40,'delete_patient_soap','web',1,'2024-09-03 23:48:23','2024-09-03 23:48:23'),(41,'view_clinic_appointment_list','web',1,'2024-09-03 23:48:23','2024-09-03 23:48:23'),(42,'add_clinic_appointment_list','web',1,'2024-09-03 23:48:23','2024-09-03 23:48:23'),(43,'edit_clinic_appointment_list','web',1,'2024-09-03 23:48:23','2024-09-03 23:48:23'),(44,'delete_clinic_appointment_list','web',1,'2024-09-03 23:48:23','2024-09-03 23:48:23'),(45,'view_clinic_receptionist_list','web',1,'2024-09-03 23:48:23','2024-09-03 23:48:23'),(46,'add_clinic_receptionist_list','web',1,'2024-09-03 23:48:23','2024-09-03 23:48:23'),(47,'edit_clinic_receptionist_list','web',1,'2024-09-03 23:48:23','2024-09-03 23:48:23'),(48,'delete_clinic_receptionist_list','web',1,'2024-09-03 23:48:23','2024-09-03 23:48:23'),(49,'view_setting','web',1,'2024-09-03 23:48:23','2024-09-03 23:48:23'),(50,'add_setting','web',1,'2024-09-03 23:48:23','2024-09-03 23:48:23'),(51,'edit_setting','web',1,'2024-09-03 23:48:23','2024-09-03 23:48:23'),(52,'delete_setting','web',1,'2024-09-03 23:48:23','2024-09-03 23:48:23'),(53,'setting_bussiness','web',1,'2024-09-03 23:48:23','2024-09-03 23:48:23'),(54,'setting_misc','web',1,'2024-09-03 23:48:23','2024-09-03 23:48:23'),(55,'setting_quick_booking','web',1,'2024-09-03 23:48:23','2024-09-03 23:48:23'),(56,'setting_other_setting','web',1,'2024-09-03 23:48:23','2024-09-03 23:48:23'),(57,'setting_custom_code','web',1,'2024-09-03 23:48:23','2024-09-03 23:48:23'),(58,'setting_customization','web',1,'2024-09-03 23:48:23','2024-09-03 23:48:23'),(59,'setting_mail','web',1,'2024-09-03 23:48:23','2024-09-03 23:48:23'),(60,'setting_notification','web',1,'2024-09-03 23:48:23','2024-09-03 23:48:23'),(61,'setting_intigrations','web',1,'2024-09-03 23:48:23','2024-09-03 23:48:23'),(62,'setting_custom_fields','web',1,'2024-09-03 23:48:23','2024-09-03 23:48:23'),(63,'setting_currency','web',1,'2024-09-03 23:48:23','2024-09-03 23:48:23'),(64,'setting_commission','web',1,'2024-09-03 23:48:23','2024-09-03 23:48:23'),(65,'setting_holiday','web',1,'2024-09-03 23:48:23','2024-09-03 23:48:23'),(66,'setting_doctor_holiday','web',1,'2024-09-03 23:48:23','2024-09-03 23:48:23'),(67,'setting_payment_method','web',1,'2024-09-03 23:48:23','2024-09-03 23:48:23'),(68,'setting_language','web',1,'2024-09-03 23:48:23','2024-09-03 23:48:23'),(69,'setting_menu_builder','web',1,'2024-09-03 23:48:23','2024-09-03 23:48:23'),(70,'setting_invoice','web',1,'2024-09-03 23:48:23','2024-09-03 23:48:23'),(71,'setting_body_chart','web',1,'2024-09-03 23:48:23','2024-09-03 23:48:23'),(72,'setting_telemed_service','web',1,'2024-09-03 23:48:23','2024-09-03 23:48:23'),(73,'setting_module','web',1,'2024-09-03 23:48:23','2024-09-03 23:48:23'),(74,'view_vendor_list','web',1,'2024-09-03 23:48:23','2024-09-03 23:48:23'),(75,'add_vendor_list','web',1,'2024-09-03 23:48:23','2024-09-03 23:48:23'),(76,'edit_vendor_list','web',1,'2024-09-03 23:48:23','2024-09-03 23:48:23'),(77,'delete_vendor_list','web',1,'2024-09-03 23:48:23','2024-09-03 23:48:23'),(78,'view_reviews','web',1,'2024-09-03 23:48:23','2024-09-03 23:48:23'),(79,'add_reviews','web',1,'2024-09-03 23:48:23','2024-09-03 23:48:23'),(80,'edit_reviews','web',1,'2024-09-03 23:48:23','2024-09-03 23:48:23'),(81,'delete_reviews','web',1,'2024-09-03 23:48:23','2024-09-03 23:48:23'),(82,'view_vendor_payouts','web',1,'2024-09-03 23:48:23','2024-09-03 23:48:23'),(83,'add_vendor_payouts','web',1,'2024-09-03 23:48:23','2024-09-03 23:48:23'),(84,'edit_vendor_payouts','web',1,'2024-09-03 23:48:23','2024-09-03 23:48:23'),(85,'delete_vendor_payouts','web',1,'2024-09-03 23:48:23','2024-09-03 23:48:23'),(86,'view_doctor_payouts','web',1,'2024-09-03 23:48:23','2024-09-03 23:48:23'),(87,'add_doctor_payouts','web',1,'2024-09-03 23:48:23','2024-09-03 23:48:23'),(88,'edit_doctor_payouts','web',1,'2024-09-03 23:48:23','2024-09-03 23:48:23'),(89,'delete_doctor_payouts','web',1,'2024-09-03 23:48:23','2024-09-03 23:48:23'),(90,'view_tax','web',1,'2024-09-03 23:48:23','2024-09-03 23:48:23'),(91,'add_tax','web',1,'2024-09-03 23:48:23','2024-09-03 23:48:23'),(92,'edit_tax','web',1,'2024-09-03 23:48:23','2024-09-03 23:48:23'),(93,'delete_tax','web',1,'2024-09-03 23:48:23','2024-09-03 23:48:23'),(94,'view_doctor_earning','web',1,'2024-09-03 23:48:23','2024-09-03 23:48:23'),(95,'add_doctor_earning','web',1,'2024-09-03 23:48:23','2024-09-03 23:48:23'),(96,'edit_doctor_earning','web',1,'2024-09-03 23:48:24','2024-09-03 23:48:24'),(97,'delete_doctor_earning','web',1,'2024-09-03 23:48:24','2024-09-03 23:48:24'),(98,'view_vendor_earning','web',1,'2024-09-03 23:48:24','2024-09-03 23:48:24'),(99,'add_vendor_earning','web',1,'2024-09-03 23:48:24','2024-09-03 23:48:24'),(100,'edit_vendor_earning','web',1,'2024-09-03 23:48:24','2024-09-03 23:48:24'),(101,'delete_vendor_earning','web',1,'2024-09-03 23:48:24','2024-09-03 23:48:24'),(102,'view_location','web',1,'2024-09-03 23:48:24','2024-09-03 23:48:24'),(103,'add_location','web',1,'2024-09-03 23:48:24','2024-09-03 23:48:24'),(104,'edit_location','web',1,'2024-09-03 23:48:24','2024-09-03 23:48:24'),(105,'delete_location','web',1,'2024-09-03 23:48:24','2024-09-03 23:48:24'),(106,'view_city','web',1,'2024-09-03 23:48:24','2024-09-03 23:48:24'),(107,'add_city','web',1,'2024-09-03 23:48:24','2024-09-03 23:48:24'),(108,'edit_city','web',1,'2024-09-03 23:48:24','2024-09-03 23:48:24'),(109,'delete_city','web',1,'2024-09-03 23:48:24','2024-09-03 23:48:24'),(110,'view_state','web',1,'2024-09-03 23:48:24','2024-09-03 23:48:24'),(111,'add_state','web',1,'2024-09-03 23:48:24','2024-09-03 23:48:24'),(112,'edit_state','web',1,'2024-09-03 23:48:24','2024-09-03 23:48:24'),(113,'delete_state','web',1,'2024-09-03 23:48:24','2024-09-03 23:48:24'),(114,'view_country','web',1,'2024-09-03 23:48:24','2024-09-03 23:48:24'),(115,'add_country','web',1,'2024-09-03 23:48:24','2024-09-03 23:48:24'),(116,'edit_country','web',1,'2024-09-03 23:48:24','2024-09-03 23:48:24'),(117,'delete_country','web',1,'2024-09-03 23:48:24','2024-09-03 23:48:24'),(118,'view_pages','web',1,'2024-09-03 23:48:24','2024-09-03 23:48:24'),(119,'add_pages','web',1,'2024-09-03 23:48:24','2024-09-03 23:48:24'),(120,'edit_pages','web',1,'2024-09-03 23:48:24','2024-09-03 23:48:24'),(121,'delete_pages','web',1,'2024-09-03 23:48:24','2024-09-03 23:48:24'),(122,'view_notification','web',1,'2024-09-03 23:48:24','2024-09-03 23:48:24'),(123,'add_notification','web',1,'2024-09-03 23:48:24','2024-09-03 23:48:24'),(124,'edit_notification','web',1,'2024-09-03 23:48:24','2024-09-03 23:48:24'),(125,'delete_notification','web',1,'2024-09-03 23:48:24','2024-09-03 23:48:24'),(126,'view_notification_template','web',1,'2024-09-03 23:48:24','2024-09-03 23:48:24'),(127,'add_notification_template','web',1,'2024-09-03 23:48:24','2024-09-03 23:48:24'),(128,'edit_notification_template','web',1,'2024-09-03 23:48:24','2024-09-03 23:48:24'),(129,'delete_notification_template','web',1,'2024-09-03 23:48:24','2024-09-03 23:48:24'),(130,'view_encounter','web',1,'2024-09-03 23:48:24','2024-09-03 23:48:24'),(131,'add_encounter','web',1,'2024-09-03 23:48:24','2024-09-03 23:48:24'),(132,'edit_encounter','web',1,'2024-09-03 23:48:24','2024-09-03 23:48:24'),(133,'delete_encounter','web',1,'2024-09-03 23:48:24','2024-09-03 23:48:24'),(134,'view_encounter_template','web',1,'2024-09-03 23:48:24','2024-09-03 23:48:24'),(135,'add_encounter_template','web',1,'2024-09-03 23:48:24','2024-09-03 23:48:24'),(136,'edit_encounter_template','web',1,'2024-09-03 23:48:24','2024-09-03 23:48:24'),(137,'delete_encounter_template','web',1,'2024-09-03 23:48:24','2024-09-03 23:48:24'),(138,'view_app_banner','web',1,'2024-09-03 23:48:24','2024-09-03 23:48:24'),(139,'add_app_banner','web',1,'2024-09-03 23:48:24','2024-09-03 23:48:24'),(140,'edit_app_banner','web',1,'2024-09-03 23:48:24','2024-09-03 23:48:24'),(141,'delete_app_banner','web',1,'2024-09-03 23:48:24','2024-09-03 23:48:24'),(142,'view_constant','web',1,'2024-09-03 23:48:24','2024-09-03 23:48:24'),(143,'add_constant','web',1,'2024-09-03 23:48:24','2024-09-03 23:48:24'),(144,'edit_constant','web',1,'2024-09-03 23:48:24','2024-09-03 23:48:24'),(145,'delete_constant','web',1,'2024-09-03 23:48:24','2024-09-03 23:48:24'),(146,'view_permission','web',1,'2024-09-03 23:48:24','2024-09-03 23:48:24'),(147,'add_permission','web',1,'2024-09-03 23:48:24','2024-09-03 23:48:24'),(148,'edit_permission','web',1,'2024-09-03 23:48:24','2024-09-03 23:48:24'),(149,'delete_permission','web',1,'2024-09-03 23:48:24','2024-09-03 23:48:24'),(150,'view_vital','web',1,'2024-09-03 23:48:24','2024-09-03 23:48:24'),(151,'add_vital','web',1,'2024-09-03 23:48:24','2024-09-03 23:48:24'),(152,'edit_vital','web',1,'2024-09-03 23:48:24','2024-09-03 23:48:24'),(153,'delete_vital','web',1,'2024-09-03 23:48:24','2024-09-03 23:48:24'),(154,'view_subscription','web',1,'2024-09-03 23:48:24','2024-09-03 23:48:24'),(155,'add_subscription','web',1,'2024-09-03 23:48:24','2024-09-03 23:48:24'),(156,'edit_subscription','web',1,'2024-09-03 23:48:24','2024-09-03 23:48:24'),(157,'delete_subscription','web',1,'2024-09-03 23:48:24','2024-09-03 23:48:24'),(158,'view_my_account','web',1,'2024-09-03 23:48:24','2024-09-03 23:48:24'),(159,'add_my_account','web',1,'2024-09-03 23:48:24','2024-09-03 23:48:24'),(160,'edit_my_account','web',1,'2024-09-03 23:48:24','2024-09-03 23:48:24'),(161,'delete_my_account','web',1,'2024-09-03 23:48:24','2024-09-03 23:48:24'),(162,'view_subscription_list','web',1,'2024-09-03 23:48:24','2024-09-03 23:48:24'),(163,'add_subscription_list','web',1,'2024-09-03 23:48:24','2024-09-03 23:48:24'),(164,'edit_subscription_list','web',1,'2024-09-03 23:48:24','2024-09-03 23:48:24'),(165,'delete_subscription_list','web',1,'2024-09-03 23:48:24','2024-09-03 23:48:24'),(166,'view_plan_list','web',1,'2024-09-03 23:48:24','2024-09-03 23:48:24'),(167,'add_plan_list','web',1,'2024-09-03 23:48:24','2024-09-03 23:48:24'),(168,'edit_plan_list','web',1,'2024-09-03 23:48:24','2024-09-03 23:48:24'),(169,'delete_plan_list','web',1,'2024-09-03 23:48:24','2024-09-03 23:48:24'),(170,'view_request_service','web',1,'2024-09-03 23:48:24','2024-09-03 23:48:24'),(171,'add_request_service','web',1,'2024-09-03 23:48:24','2024-09-03 23:48:24'),(172,'edit_request_service','web',1,'2024-09-03 23:48:24','2024-09-03 23:48:24'),(173,'delete_request_service','web',1,'2024-09-03 23:48:24','2024-09-03 23:48:24'),(174,'view_plan_limitation','web',1,'2024-09-03 23:48:24','2024-09-03 23:48:24'),(175,'add_plan_limitation','web',1,'2024-09-03 23:48:24','2024-09-03 23:48:24'),(176,'edit_plan_limitation','web',1,'2024-09-03 23:48:24','2024-09-03 23:48:24'),(177,'delete_plan_limitation','web',1,'2024-09-03 23:48:24','2024-09-03 23:48:24'),(178,'view_backup','web',1,'2024-09-03 23:48:24','2024-09-03 23:48:24'),(179,'add_backup','web',1,'2024-09-03 23:48:24','2024-09-03 23:48:24'),(180,'edit_backup','web',1,'2024-09-03 23:48:24','2024-09-03 23:48:24'),(181,'delete_backup','web',1,'2024-09-03 23:48:24','2024-09-03 23:48:24'),(182,'view_billing_record','web',1,'2024-09-03 23:48:24','2024-09-03 23:48:24'),(183,'add_billing_record','web',1,'2024-09-03 23:48:24','2024-09-03 23:48:24'),(184,'edit_billing_record','web',1,'2024-09-03 23:48:24','2024-09-03 23:48:24'),(185,'delete_billing_record','web',1,'2024-09-03 23:48:24','2024-09-03 23:48:24');

--
-- Table structure for table `personal_access_tokens`
--

CREATE TABLE `personal_access_tokens` (
  `id` bigint unsigned NOT NULL AUTO_INCREMENT,
  `tokenable_type` varchar(191) COLLATE utf8mb4_unicode_ci NOT NULL,
  `tokenable_id` bigint unsigned NOT NULL,
  `name` varchar(191) COLLATE utf8mb4_unicode_ci NOT NULL,
  `token` varchar(64) COLLATE utf8mb4_unicode_ci NOT NULL,
  `abilities` longtext COLLATE utf8mb4_unicode_ci,
  `last_used_at` timestamp NULL DEFAULT NULL,
  `expires_at` timestamp NULL DEFAULT NULL,
  `created_at` timestamp NULL DEFAULT NULL,
  `updated_at` timestamp NULL DEFAULT NULL,
  PRIMARY KEY (`id`),
  UNIQUE KEY `personal_access_tokens_token_unique` (`token`),
  KEY `personal_access_tokens_tokenable_type_tokenable_id_index` (`tokenable_type`,`tokenable_id`)
) ENGINE=InnoDB AUTO_INCREMENT=37 DEFAULT CHARSET=utf8mb4 COLLATE=utf8mb4_unicode_ci;

--
-- Dumping data for table `personal_access_tokens`
--

INSERT INTO `personal_access_tokens` VALUES (6,'App\\Models\\User',34,'Kivicare Laravel','ac5ee0740d3c1f7d4f69ae81b1159b52387449fb21f7ab06d6e0cccca0039091','[\"*\"]','2024-09-28 09:41:59',NULL,'2024-09-26 11:44:16','2024-09-28 09:41:59'),(10,'App\\Models\\User',36,'Kivicare Laravel','ffd9e0be694eac9a2e9d56724628929a21a762b428b7b222b4cb76d0025829af','[\"*\"]',NULL,NULL,'2024-09-26 12:31:51','2024-09-26 12:31:51'),(14,'App\\Models\\User',35,'Kivicare Laravel','740bc7cd34d8019af36563e97b54447a47b1c85da71f834ef60c87f2f79d331c','[\"*\"]','2024-10-04 05:02:41',NULL,'2024-09-26 12:40:33','2024-10-04 05:02:41'),(16,'App\\Models\\User',38,'Kivicare Laravel','6d1ed28f0404ff795c37f3b07a7a45667f97eef104d5b777438edcbb73eb692d','[\"*\"]',NULL,NULL,'2024-09-27 05:10:02','2024-09-27 05:10:02'),(17,'App\\Models\\User',38,'Kivicare Laravel','b61b12ff3019ba4f139e73c6362099e7761a7d0f4e682f0a5509a61309cdac86','[\"*\"]','2024-09-27 11:56:05',NULL,'2024-09-27 05:10:04','2024-09-27 11:56:05'),(24,'App\\Models\\User',38,'Kivicare Laravel','32672cad8e78b69c1413ae3e911adfaf278c906a579058e49e46ee39a589e292','[\"*\"]','2024-09-27 11:49:11',NULL,'2024-09-27 11:30:37','2024-09-27 11:49:11'),(26,'App\\Models\\User',38,'Kivicare Laravel','c905fbedd4edb9117c2ed8fc06bfcf631bb7632f4f41c9c1bdb2f7ee13a1d012','[\"*\"]','2024-09-28 11:01:07',NULL,'2024-09-28 04:13:28','2024-09-28 11:01:07'),(31,'App\\Models\\User',18,'Kivicare Laravel','bde691270759129dbab6e7bd5c229bdef3c7aea5d7f5479f703c2908ca4b64e1','[\"*\"]','2024-09-30 04:04:35',NULL,'2024-09-28 10:49:36','2024-09-30 04:04:35'),(32,'App\\Models\\User',18,'Kivicare Laravel','837be85ed62abf0715c336efa144bcc058b73c2912ba3c021e95d3a982ce49ed','[\"*\"]','2024-09-30 09:47:08',NULL,'2024-09-30 04:16:12','2024-09-30 09:47:08'),(33,'App\\Models\\User',38,'Kivicare Laravel','650dc447a49391810fde8116c40c0bf7485808eab6dee879eb84f298a66076d7','[\"*\"]','2024-09-30 05:50:16',NULL,'2024-09-30 04:30:48','2024-09-30 05:50:16'),(34,'App\\Models\\User',38,'Kivicare Laravel','74fed4b609c5589726aa9ccd0e8b992a161c68d4e8f469d6289548f684943a23','[\"*\"]','2024-09-30 10:14:53',NULL,'2024-09-30 10:11:30','2024-09-30 10:14:53'),(35,'App\\Models\\User',38,'Kivicare Laravel','3a6df76605ddff8e3221186fcc50438a80e9744fdb248b6ad951fd3ca0105be4','[\"*\"]','2024-09-30 11:06:52',NULL,'2024-09-30 10:55:29','2024-09-30 11:06:52'),(36,'App\\Models\\User',18,'Kivicare Laravel','54aa2efe786b3c0ea1209ed5ad7127804f584e27be8e18f7718ba7ef753e39a2','[\"*\"]','2024-09-30 11:06:24',NULL,'2024-09-30 11:06:06','2024-09-30 11:06:24');

--
-- Table structure for table `plan`
--

CREATE TABLE `plan` (
  `id` bigint unsigned NOT NULL AUTO_INCREMENT,
  `name` varchar(191) COLLATE utf8mb4_unicode_ci NOT NULL,
  `type` varchar(191) COLLATE utf8mb4_unicode_ci DEFAULT NULL,
  `duration` int NOT NULL DEFAULT '1',
  `amount` int DEFAULT NULL,
  `identifier` varchar(191) COLLATE utf8mb4_unicode_ci DEFAULT NULL,
  `status` tinyint(1) NOT NULL DEFAULT '1',
  `trial_period` int NOT NULL DEFAULT '0',
  `planlimitation` varchar(191) COLLATE utf8mb4_unicode_ci DEFAULT NULL,
  `description` text COLLATE utf8mb4_unicode_ci,
  `created_by` int unsigned DEFAULT NULL,
  `updated_by` int unsigned DEFAULT NULL,
  `deleted_by` int unsigned DEFAULT NULL,
  `deleted_at` timestamp NULL DEFAULT NULL,
  `created_at` timestamp NULL DEFAULT NULL,
  `updated_at` timestamp NULL DEFAULT NULL,
  PRIMARY KEY (`id`)
) ENGINE=InnoDB DEFAULT CHARSET=utf8mb4 COLLATE=utf8mb4_unicode_ci;

--
-- Dumping data for table `plan`
--


--
-- Table structure for table `planlimitation`
--

CREATE TABLE `planlimitation` (
  `id` bigint unsigned NOT NULL AUTO_INCREMENT,
  `name` varchar(191) COLLATE utf8mb4_unicode_ci NOT NULL,
  `limit` bigint NOT NULL DEFAULT '0',
  `status` tinyint(1) NOT NULL DEFAULT '1',
  `created_by` int unsigned DEFAULT NULL,
  `updated_by` int unsigned DEFAULT NULL,
  `deleted_by` int unsigned DEFAULT NULL,
  `created_at` timestamp NULL DEFAULT NULL,
  `updated_at` timestamp NULL DEFAULT NULL,
  `deleted_at` timestamp NULL DEFAULT NULL,
  PRIMARY KEY (`id`)
) ENGINE=InnoDB DEFAULT CHARSET=utf8mb4 COLLATE=utf8mb4_unicode_ci;

--
-- Dumping data for table `planlimitation`
--


--
-- Table structure for table `planlimitation_mapping`
--

CREATE TABLE `planlimitation_mapping` (
  `id` bigint unsigned NOT NULL AUTO_INCREMENT,
  `plan_id` int DEFAULT NULL,
  `planlimitation_id` int DEFAULT NULL,
  `limit` int DEFAULT NULL,
  `created_by` int unsigned DEFAULT NULL,
  `updated_by` int unsigned DEFAULT NULL,
  `deleted_by` int unsigned DEFAULT NULL,
  `deleted_at` timestamp NULL DEFAULT NULL,
  `created_at` timestamp NULL DEFAULT NULL,
  `updated_at` timestamp NULL DEFAULT NULL,
  PRIMARY KEY (`id`)
) ENGINE=InnoDB DEFAULT CHARSET=utf8mb4 COLLATE=utf8mb4_unicode_ci;

--
-- Dumping data for table `planlimitation_mapping`
--


--
-- Table structure for table `product_categories`
--

CREATE TABLE `product_categories` (
  `id` bigint unsigned NOT NULL AUTO_INCREMENT,
  `slug` varchar(191) COLLATE utf8mb4_unicode_ci DEFAULT NULL,
  `name` varchar(191) COLLATE utf8mb4_unicode_ci NOT NULL,
  `parent_id` bigint unsigned DEFAULT NULL,
  `sorting_order_level` int NOT NULL DEFAULT '0',
  `is_featured` tinyint NOT NULL DEFAULT '0',
  `is_top` tinyint NOT NULL DEFAULT '0',
  `total_sale_count` int NOT NULL DEFAULT '0',
  `status` tinyint(1) NOT NULL DEFAULT '1',
  `created_by` int unsigned DEFAULT NULL,
  `updated_by` int unsigned DEFAULT NULL,
  `deleted_by` int unsigned DEFAULT NULL,
  `created_at` timestamp NULL DEFAULT NULL,
  `updated_at` timestamp NULL DEFAULT NULL,
  `deleted_at` timestamp NULL DEFAULT NULL,
  PRIMARY KEY (`id`)
) ENGINE=InnoDB AUTO_INCREMENT=10 DEFAULT CHARSET=utf8mb4 COLLATE=utf8mb4_unicode_ci;

--
-- Dumping data for table `product_categories`
--

INSERT INTO `product_categories` VALUES (1,NULL,'Haircare Products',NULL,0,0,0,0,1,NULL,NULL,NULL,'2024-09-03 23:50:53','2024-09-03 23:50:53',NULL),(2,NULL,'Skincare Products',NULL,0,0,0,0,1,NULL,NULL,NULL,'2024-09-03 23:50:54','2024-09-03 23:50:54',NULL),(3,NULL,'Nail Care Products',NULL,0,0,0,0,1,NULL,NULL,NULL,'2024-09-03 23:50:55','2024-09-03 23:50:55',NULL),(4,NULL,'Beauty and Makeup Products',NULL,0,0,0,0,1,NULL,NULL,NULL,'2024-09-03 23:50:56','2024-09-03 23:50:56',NULL),(5,NULL,'Personal Care Products',NULL,0,0,0,0,1,NULL,NULL,NULL,'2024-09-03 23:50:57','2024-09-03 23:50:57',NULL),(6,NULL,'Salon Equipment and Tools',NULL,0,0,0,0,1,NULL,NULL,NULL,'2024-09-03 23:50:58','2024-09-03 23:50:58',NULL),(7,NULL,'Accessories and Fashion Items',NULL,0,0,0,0,1,NULL,NULL,NULL,'2024-09-03 23:50:59','2024-09-03 23:50:59',NULL),(8,NULL,'Home Spa and Self-Care Kits',NULL,0,0,0,0,1,NULL,NULL,NULL,'2024-09-03 23:51:00','2024-09-03 23:51:00',NULL),(9,NULL,'Gift Sets and Bundles',NULL,0,0,0,0,1,NULL,NULL,NULL,'2024-09-03 23:51:02','2024-09-03 23:51:02',NULL);

--
-- Table structure for table `product_category_brands`
--

CREATE TABLE `product_category_brands` (
  `id` bigint unsigned NOT NULL AUTO_INCREMENT,
  `category_id` int NOT NULL,
  `brand_id` int NOT NULL,
  `created_at` timestamp NULL DEFAULT NULL,
  `updated_at` timestamp NULL DEFAULT NULL,
  `deleted_at` timestamp NULL DEFAULT NULL,
  PRIMARY KEY (`id`)
) ENGINE=InnoDB AUTO_INCREMENT=154 DEFAULT CHARSET=utf8mb4 COLLATE=utf8mb4_unicode_ci;

--
-- Dumping data for table `product_category_brands`
--

INSERT INTO `product_category_brands` VALUES (1,1,1,NULL,NULL,NULL),(2,1,2,NULL,NULL,NULL),(3,1,3,NULL,NULL,NULL),(4,1,4,NULL,NULL,NULL),(5,1,5,NULL,NULL,NULL),(6,1,6,NULL,NULL,NULL),(7,1,7,NULL,NULL,NULL),(8,1,8,NULL,NULL,NULL),(9,1,9,NULL,NULL,NULL),(10,1,10,NULL,NULL,NULL),(11,1,11,NULL,NULL,NULL),(12,1,12,NULL,NULL,NULL),(13,1,13,NULL,NULL,NULL),(14,1,14,NULL,NULL,NULL),(15,1,15,NULL,NULL,NULL),(16,1,16,NULL,NULL,NULL),(17,1,17,NULL,NULL,NULL),(18,2,1,NULL,NULL,NULL),(19,2,2,NULL,NULL,NULL),(20,2,3,NULL,NULL,NULL),(21,2,4,NULL,NULL,NULL),(22,2,5,NULL,NULL,NULL),(23,2,6,NULL,NULL,NULL),(24,2,7,NULL,NULL,NULL),(25,2,8,NULL,NULL,NULL),(26,2,9,NULL,NULL,NULL),(27,2,10,NULL,NULL,NULL),(28,2,11,NULL,NULL,NULL),(29,2,12,NULL,NULL,NULL),(30,2,13,NULL,NULL,NULL),(31,2,14,NULL,NULL,NULL),(32,2,15,NULL,NULL,NULL),(33,2,16,NULL,NULL,NULL),(34,2,17,NULL,NULL,NULL),(35,3,1,NULL,NULL,NULL),(36,3,2,NULL,NULL,NULL),(37,3,3,NULL,NULL,NULL),(38,3,4,NULL,NULL,NULL),(39,3,5,NULL,NULL,NULL),(40,3,6,NULL,NULL,NULL),(41,3,7,NULL,NULL,NULL),(42,3,8,NULL,NULL,NULL),(43,3,9,NULL,NULL,NULL),(44,3,10,NULL,NULL,NULL),(45,3,11,NULL,NULL,NULL),(46,3,12,NULL,NULL,NULL),(47,3,13,NULL,NULL,NULL),(48,3,14,NULL,NULL,NULL),(49,3,15,NULL,NULL,NULL),(50,3,16,NULL,NULL,NULL),(51,3,17,NULL,NULL,NULL),(52,4,1,NULL,NULL,NULL),(53,4,2,NULL,NULL,NULL),(54,4,3,NULL,NULL,NULL),(55,4,4,NULL,NULL,NULL),(56,4,5,NULL,NULL,NULL),(57,4,6,NULL,NULL,NULL),(58,4,7,NULL,NULL,NULL),(59,4,8,NULL,NULL,NULL),(60,4,9,NULL,NULL,NULL),(61,4,10,NULL,NULL,NULL),(62,4,11,NULL,NULL,NULL),(63,4,12,NULL,NULL,NULL),(64,4,13,NULL,NULL,NULL),(65,4,14,NULL,NULL,NULL),(66,4,15,NULL,NULL,NULL),(67,4,16,NULL,NULL,NULL),(68,4,17,NULL,NULL,NULL),(69,5,1,NULL,NULL,NULL),(70,5,2,NULL,NULL,NULL),(71,5,3,NULL,NULL,NULL),(72,5,4,NULL,NULL,NULL),(73,5,5,NULL,NULL,NULL),(74,5,6,NULL,NULL,NULL),(75,5,7,NULL,NULL,NULL),(76,5,8,NULL,NULL,NULL),(77,5,9,NULL,NULL,NULL),(78,5,10,NULL,NULL,NULL),(79,5,11,NULL,NULL,NULL),(80,5,12,NULL,NULL,NULL),(81,5,13,NULL,NULL,NULL),(82,5,14,NULL,NULL,NULL),(83,5,15,NULL,NULL,NULL),(84,5,16,NULL,NULL,NULL),(85,5,17,NULL,NULL,NULL),(86,6,1,NULL,NULL,NULL),(87,6,2,NULL,NULL,NULL),(88,6,3,NULL,NULL,NULL),(89,6,4,NULL,NULL,NULL),(90,6,5,NULL,NULL,NULL),(91,6,6,NULL,NULL,NULL),(92,6,7,NULL,NULL,NULL),(93,6,8,NULL,NULL,NULL),(94,6,9,NULL,NULL,NULL),(95,6,10,NULL,NULL,NULL),(96,6,11,NULL,NULL,NULL),(97,6,12,NULL,NULL,NULL),(98,6,13,NULL,NULL,NULL),(99,6,14,NULL,NULL,NULL),(100,6,15,NULL,NULL,NULL),(101,6,16,NULL,NULL,NULL),(102,6,17,NULL,NULL,NULL),(103,7,1,NULL,NULL,NULL),(104,7,2,NULL,NULL,NULL),(105,7,3,NULL,NULL,NULL),(106,7,4,NULL,NULL,NULL),(107,7,5,NULL,NULL,NULL),(108,7,6,NULL,NULL,NULL),(109,7,7,NULL,NULL,NULL),(110,7,8,NULL,NULL,NULL),(111,7,9,NULL,NULL,NULL),(112,7,10,NULL,NULL,NULL),(113,7,11,NULL,NULL,NULL),(114,7,12,NULL,NULL,NULL),(115,7,13,NULL,NULL,NULL),(116,7,14,NULL,NULL,NULL),(117,7,15,NULL,NULL,NULL),(118,7,16,NULL,NULL,NULL),(119,7,17,NULL,NULL,NULL),(120,8,1,NULL,NULL,NULL),(121,8,2,NULL,NULL,NULL),(122,8,3,NULL,NULL,NULL),(123,8,4,NULL,NULL,NULL),(124,8,5,NULL,NULL,NULL),(125,8,6,NULL,NULL,NULL),(126,8,7,NULL,NULL,NULL),(127,8,8,NULL,NULL,NULL),(128,8,9,NULL,NULL,NULL),(129,8,10,NULL,NULL,NULL),(130,8,11,NULL,NULL,NULL),(131,8,12,NULL,NULL,NULL),(132,8,13,NULL,NULL,NULL),(133,8,14,NULL,NULL,NULL),(134,8,15,NULL,NULL,NULL),(135,8,16,NULL,NULL,NULL),(136,8,17,NULL,NULL,NULL),(137,9,1,NULL,NULL,NULL),(138,9,2,NULL,NULL,NULL),(139,9,3,NULL,NULL,NULL),(140,9,4,NULL,NULL,NULL),(141,9,5,NULL,NULL,NULL),(142,9,6,NULL,NULL,NULL),(143,9,7,NULL,NULL,NULL),(144,9,8,NULL,NULL,NULL),(145,9,9,NULL,NULL,NULL),(146,9,10,NULL,NULL,NULL),(147,9,11,NULL,NULL,NULL),(148,9,12,NULL,NULL,NULL),(149,9,13,NULL,NULL,NULL),(150,9,14,NULL,NULL,NULL),(151,9,15,NULL,NULL,NULL),(152,9,16,NULL,NULL,NULL),(153,9,17,NULL,NULL,NULL);

--
-- Table structure for table `product_category_mappings`
--

CREATE TABLE `product_category_mappings` (
  `id` bigint unsigned NOT NULL AUTO_INCREMENT,
  `product_id` int NOT NULL,
  `category_id` int NOT NULL,
  `created_at` timestamp NULL DEFAULT NULL,
  `updated_at` timestamp NULL DEFAULT NULL,
  `deleted_at` timestamp NULL DEFAULT NULL,
  PRIMARY KEY (`id`)
) ENGINE=InnoDB AUTO_INCREMENT=112 DEFAULT CHARSET=utf8mb4 COLLATE=utf8mb4_unicode_ci;

--
-- Dumping data for table `product_category_mappings`
--

INSERT INTO `product_category_mappings` VALUES (1,1,3,NULL,NULL,NULL),(2,2,1,NULL,NULL,NULL),(3,3,1,NULL,NULL,NULL),(4,4,1,NULL,NULL,NULL),(5,5,1,NULL,NULL,NULL),(6,6,1,NULL,NULL,NULL),(7,7,1,NULL,NULL,NULL),(8,8,1,NULL,NULL,NULL),(9,9,2,NULL,NULL,NULL),(10,10,2,NULL,NULL,NULL),(11,11,2,NULL,NULL,NULL),(12,12,2,NULL,NULL,NULL),(13,13,2,NULL,NULL,NULL),(14,14,2,NULL,NULL,NULL),(15,15,2,NULL,NULL,NULL),(16,16,2,NULL,NULL,NULL),(17,17,2,NULL,NULL,NULL),(18,18,2,NULL,NULL,NULL),(19,19,2,NULL,NULL,NULL),(20,20,3,NULL,NULL,NULL),(21,21,3,NULL,NULL,NULL),(22,22,3,NULL,NULL,NULL),(23,23,3,NULL,NULL,NULL),(24,24,3,NULL,NULL,NULL),(25,25,3,NULL,NULL,NULL),(26,26,3,NULL,NULL,NULL),(27,27,3,NULL,NULL,NULL),(28,28,3,NULL,NULL,NULL),(29,29,3,NULL,NULL,NULL),(30,30,3,NULL,NULL,NULL),(31,31,4,NULL,NULL,NULL),(32,32,4,NULL,NULL,NULL),(33,33,4,NULL,NULL,NULL),(34,34,4,NULL,NULL,NULL),(35,35,4,NULL,NULL,NULL),(36,36,4,NULL,NULL,NULL),(37,37,4,NULL,NULL,NULL),(38,38,4,NULL,NULL,NULL),(39,39,4,NULL,NULL,NULL),(40,40,4,NULL,NULL,NULL),(41,41,4,NULL,NULL,NULL),(42,42,4,NULL,NULL,NULL),(43,43,4,NULL,NULL,NULL),(44,44,5,NULL,NULL,NULL),(45,45,5,NULL,NULL,NULL),(46,46,5,NULL,NULL,NULL),(47,47,5,NULL,NULL,NULL),(48,48,5,NULL,NULL,NULL),(49,49,5,NULL,NULL,NULL),(50,50,5,NULL,NULL,NULL),(51,51,5,NULL,NULL,NULL),(52,52,5,NULL,NULL,NULL),(53,53,5,NULL,NULL,NULL),(54,54,5,NULL,NULL,NULL),(55,55,5,NULL,NULL,NULL),(56,56,5,NULL,NULL,NULL),(57,57,5,NULL,NULL,NULL),(58,58,5,NULL,NULL,NULL),(59,59,5,NULL,NULL,NULL),(60,60,5,NULL,NULL,NULL),(61,61,5,NULL,NULL,NULL),(62,62,6,NULL,NULL,NULL),(63,63,6,NULL,NULL,NULL),(64,64,6,NULL,NULL,NULL),(65,65,6,NULL,NULL,NULL),(66,66,6,NULL,NULL,NULL),(67,67,6,NULL,NULL,NULL),(68,68,6,NULL,NULL,NULL),(69,69,6,NULL,NULL,NULL),(70,70,6,NULL,NULL,NULL),(71,71,6,NULL,NULL,NULL),(72,72,6,NULL,NULL,NULL),(73,73,6,NULL,NULL,NULL),(74,74,6,NULL,NULL,NULL),(75,75,6,NULL,NULL,NULL),(76,76,6,NULL,NULL,NULL),(77,77,6,NULL,NULL,NULL),(78,78,6,NULL,NULL,NULL),(79,79,7,NULL,NULL,NULL),(80,80,7,NULL,NULL,NULL),(81,81,7,NULL,NULL,NULL),(82,82,7,NULL,NULL,NULL),(83,83,7,NULL,NULL,NULL),(84,84,7,NULL,NULL,NULL),(85,85,7,NULL,NULL,NULL),(86,86,7,NULL,NULL,NULL),(87,87,7,NULL,NULL,NULL),(88,88,7,NULL,NULL,NULL),(89,89,7,NULL,NULL,NULL),(90,90,7,NULL,NULL,NULL),(91,91,8,NULL,NULL,NULL),(92,92,8,NULL,NULL,NULL),(93,93,8,NULL,NULL,NULL),(94,94,8,NULL,NULL,NULL),(95,95,8,NULL,NULL,NULL),(96,96,8,NULL,NULL,NULL),(97,97,8,NULL,NULL,NULL),(98,98,8,NULL,NULL,NULL),(99,99,8,NULL,NULL,NULL),(100,100,8,NULL,NULL,NULL),(101,101,8,NULL,NULL,NULL),(102,102,9,NULL,NULL,NULL),(103,103,8,NULL,NULL,NULL),(104,104,9,NULL,NULL,NULL),(105,105,9,NULL,NULL,NULL),(106,106,9,NULL,NULL,NULL),(107,107,9,NULL,NULL,NULL),(108,108,9,NULL,NULL,NULL),(109,109,9,NULL,NULL,NULL),(110,110,9,NULL,NULL,NULL),(111,111,9,NULL,NULL,NULL);

--
-- Table structure for table `product_galleries`
--

CREATE TABLE `product_galleries` (
  `id` bigint unsigned NOT NULL AUTO_INCREMENT,
  `product_id` bigint unsigned NOT NULL,
  `status` tinyint(1) NOT NULL DEFAULT '1',
  `full_url` varchar(191) COLLATE utf8mb4_unicode_ci DEFAULT NULL,
  `created_by` int unsigned DEFAULT NULL,
  `updated_by` int unsigned DEFAULT NULL,
  `deleted_by` int unsigned DEFAULT NULL,
  `created_at` timestamp NULL DEFAULT NULL,
  `updated_at` timestamp NULL DEFAULT NULL,
  `deleted_at` timestamp NULL DEFAULT NULL,
  PRIMARY KEY (`id`)
) ENGINE=InnoDB DEFAULT CHARSET=utf8mb4 COLLATE=utf8mb4_unicode_ci;

--
-- Dumping data for table `product_galleries`
--


--
-- Table structure for table `product_review`
--

CREATE TABLE `product_review` (
  `id` bigint unsigned NOT NULL AUTO_INCREMENT,
  `user_id` int DEFAULT NULL,
  `product_id` int NOT NULL,
  `product_variation_id` int DEFAULT NULL,
  `rating` int DEFAULT NULL,
  `review_msg` text COLLATE utf8mb4_unicode_ci,
  `updated_by` int unsigned DEFAULT NULL,
  `deleted_by` int unsigned DEFAULT NULL,
  `created_by` int unsigned DEFAULT NULL,
  `deleted_at` timestamp NULL DEFAULT NULL,
  `created_at` timestamp NULL DEFAULT NULL,
  `updated_at` timestamp NULL DEFAULT NULL,
  PRIMARY KEY (`id`)
) ENGINE=InnoDB DEFAULT CHARSET=utf8mb4 COLLATE=utf8mb4_unicode_ci;

--
-- Dumping data for table `product_review`
--


--
-- Table structure for table `product_tags`
--

CREATE TABLE `product_tags` (
  `id` bigint unsigned NOT NULL AUTO_INCREMENT,
  `product_id` int NOT NULL,
  `tag_id` int NOT NULL,
  `created_at` timestamp NULL DEFAULT NULL,
  `updated_at` timestamp NULL DEFAULT NULL,
  `deleted_at` timestamp NULL DEFAULT NULL,
  PRIMARY KEY (`id`)
) ENGINE=InnoDB AUTO_INCREMENT=110 DEFAULT CHARSET=utf8mb4 COLLATE=utf8mb4_unicode_ci;

--
-- Dumping data for table `product_tags`
--

INSERT INTO `product_tags` VALUES (1,1,1,NULL,NULL,NULL),(2,2,2,NULL,NULL,NULL),(3,3,3,NULL,NULL,NULL),(4,4,4,NULL,NULL,NULL),(5,5,5,NULL,NULL,NULL),(6,7,6,NULL,NULL,NULL),(7,8,7,NULL,NULL,NULL),(8,9,8,NULL,NULL,NULL),(9,10,8,NULL,NULL,NULL),(10,11,9,NULL,NULL,NULL),(11,12,10,NULL,NULL,NULL),(12,13,11,NULL,NULL,NULL),(13,15,12,NULL,NULL,NULL),(14,16,13,NULL,NULL,NULL),(15,17,14,NULL,NULL,NULL),(16,18,15,NULL,NULL,NULL),(17,19,16,NULL,NULL,NULL),(18,20,17,NULL,NULL,NULL),(19,21,18,NULL,NULL,NULL),(20,22,19,NULL,NULL,NULL),(21,23,20,NULL,NULL,NULL),(22,24,21,NULL,NULL,NULL),(23,25,22,NULL,NULL,NULL),(24,26,23,NULL,NULL,NULL),(25,27,24,NULL,NULL,NULL),(26,28,25,NULL,NULL,NULL),(27,29,22,NULL,NULL,NULL),(28,30,26,NULL,NULL,NULL),(29,31,27,NULL,NULL,NULL),(30,32,28,NULL,NULL,NULL),(31,33,29,NULL,NULL,NULL),(32,34,30,NULL,NULL,NULL),(33,35,31,NULL,NULL,NULL),(34,36,32,NULL,NULL,NULL),(35,37,33,NULL,NULL,NULL),(36,38,34,NULL,NULL,NULL),(37,39,35,NULL,NULL,NULL),(38,40,35,NULL,NULL,NULL),(39,41,36,NULL,NULL,NULL),(40,42,37,NULL,NULL,NULL),(41,43,38,NULL,NULL,NULL),(42,44,39,NULL,NULL,NULL),(43,45,40,NULL,NULL,NULL),(44,46,41,NULL,NULL,NULL),(45,47,42,NULL,NULL,NULL),(46,48,43,NULL,NULL,NULL),(47,49,44,NULL,NULL,NULL),(48,50,45,NULL,NULL,NULL),(49,51,46,NULL,NULL,NULL),(50,52,47,NULL,NULL,NULL),(51,53,48,NULL,NULL,NULL),(52,54,49,NULL,NULL,NULL),(53,55,50,NULL,NULL,NULL),(54,56,51,NULL,NULL,NULL),(55,57,52,NULL,NULL,NULL),(56,58,53,NULL,NULL,NULL),(57,59,52,NULL,NULL,NULL),(58,60,54,NULL,NULL,NULL),(59,61,55,NULL,NULL,NULL),(60,62,56,NULL,NULL,NULL),(61,63,57,NULL,NULL,NULL),(62,64,58,NULL,NULL,NULL),(63,65,59,NULL,NULL,NULL),(64,66,60,NULL,NULL,NULL),(65,67,61,NULL,NULL,NULL),(66,68,62,NULL,NULL,NULL),(67,69,61,NULL,NULL,NULL),(68,70,63,NULL,NULL,NULL),(69,71,64,NULL,NULL,NULL),(70,72,65,NULL,NULL,NULL),(71,73,66,NULL,NULL,NULL),(72,74,67,NULL,NULL,NULL),(73,75,68,NULL,NULL,NULL),(74,76,69,NULL,NULL,NULL),(75,77,70,NULL,NULL,NULL),(76,78,71,NULL,NULL,NULL),(77,79,72,NULL,NULL,NULL),(78,80,73,NULL,NULL,NULL),(79,81,74,NULL,NULL,NULL),(80,82,62,NULL,NULL,NULL),(81,83,75,NULL,NULL,NULL),(82,84,76,NULL,NULL,NULL),(83,85,76,NULL,NULL,NULL),(84,86,76,NULL,NULL,NULL),(85,87,76,NULL,NULL,NULL),(86,88,77,NULL,NULL,NULL),(87,89,77,NULL,NULL,NULL),(88,90,77,NULL,NULL,NULL),(89,91,78,NULL,NULL,NULL),(90,92,79,NULL,NULL,NULL),(91,93,78,NULL,NULL,NULL),(92,94,78,NULL,NULL,NULL),(93,95,80,NULL,NULL,NULL),(94,96,80,NULL,NULL,NULL),(95,97,81,NULL,NULL,NULL),(96,98,82,NULL,NULL,NULL),(97,99,83,NULL,NULL,NULL),(98,100,4,NULL,NULL,NULL),(99,101,84,NULL,NULL,NULL),(100,102,85,NULL,NULL,NULL),(101,103,86,NULL,NULL,NULL),(102,104,87,NULL,NULL,NULL),(103,105,88,NULL,NULL,NULL),(104,106,89,NULL,NULL,NULL),(105,107,89,NULL,NULL,NULL),(106,108,89,NULL,NULL,NULL),(107,109,90,NULL,NULL,NULL),(108,110,40,NULL,NULL,NULL),(109,111,91,NULL,NULL,NULL);

--
-- Table structure for table `product_tax`
--

CREATE TABLE `product_tax` (
  `id` bigint unsigned NOT NULL AUTO_INCREMENT,
  `name` varchar(191) COLLATE utf8mb4_unicode_ci NOT NULL,
  `status` tinyint NOT NULL DEFAULT '1',
  `created_by` int unsigned DEFAULT NULL,
  `updated_by` int unsigned DEFAULT NULL,
  `deleted_by` int unsigned DEFAULT NULL,
  `created_at` timestamp NULL DEFAULT NULL,
  `updated_at` timestamp NULL DEFAULT NULL,
  `deleted_at` timestamp NULL DEFAULT NULL,
  PRIMARY KEY (`id`)
) ENGINE=InnoDB DEFAULT CHARSET=utf8mb4 COLLATE=utf8mb4_unicode_ci;

--
-- Dumping data for table `product_tax`
--


--
-- Table structure for table `product_tax_mappings`
--

CREATE TABLE `product_tax_mappings` (
  `id` bigint unsigned NOT NULL AUTO_INCREMENT,
  `product_id` int NOT NULL,
  `tax_id` int NOT NULL,
  `tax_value` double NOT NULL DEFAULT '0',
  `tax_type` varchar(191) COLLATE utf8mb4_unicode_ci NOT NULL DEFAULT 'amount' COMMENT 'flat / percent',
  `created_at` timestamp NULL DEFAULT NULL,
  `updated_at` timestamp NULL DEFAULT NULL,
  `deleted_at` timestamp NULL DEFAULT NULL,
  PRIMARY KEY (`id`)
) ENGINE=InnoDB DEFAULT CHARSET=utf8mb4 COLLATE=utf8mb4_unicode_ci;

--
-- Dumping data for table `product_tax_mappings`
--


--
-- Table structure for table `product_variation_combinations`
--

CREATE TABLE `product_variation_combinations` (
  `id` bigint unsigned NOT NULL AUTO_INCREMENT,
  `product_id` int NOT NULL,
  `product_variation_id` int NOT NULL,
  `variation_id` int NOT NULL,
  `variation_value_id` int NOT NULL,
  `created_at` timestamp NULL DEFAULT NULL,
  `updated_at` timestamp NULL DEFAULT NULL,
  `deleted_at` timestamp NULL DEFAULT NULL,
  PRIMARY KEY (`id`)
) ENGINE=InnoDB AUTO_INCREMENT=96 DEFAULT CHARSET=utf8mb4 COLLATE=utf8mb4_unicode_ci;

--
-- Dumping data for table `product_variation_combinations`
--

INSERT INTO `product_variation_combinations` VALUES (1,1,1,1,1,'2023-09-26 03:59:14','2023-09-26 03:59:14',NULL),(2,1,2,1,2,'2023-09-26 03:59:14','2023-09-26 03:59:14',NULL),(3,1,3,1,3,'2023-09-26 03:59:14','2023-09-26 03:59:14',NULL),(4,2,4,3,12,'2023-09-26 04:12:05','2023-09-26 04:12:05',NULL),(5,2,5,3,13,'2023-09-26 04:12:05','2023-09-26 04:12:05',NULL),(6,3,6,3,12,'2023-09-26 04:16:53','2023-09-26 04:16:53',NULL),(7,3,7,3,13,'2023-09-26 04:16:53','2023-09-26 04:16:53',NULL),(8,4,8,3,12,'2023-09-26 04:20:53','2023-09-26 04:20:53',NULL),(9,4,9,3,11,'2023-09-26 04:20:53','2023-09-26 04:20:53',NULL),(10,5,10,4,19,'2023-09-26 04:24:53','2023-09-26 04:24:53',NULL),(11,5,11,4,20,'2023-09-26 04:24:53','2023-09-26 04:24:53',NULL),(12,6,12,3,11,'2023-09-26 04:27:08','2023-09-26 04:27:08',NULL),(13,7,13,3,11,'2023-09-26 04:29:55','2023-09-26 04:29:55',NULL),(14,7,14,3,12,'2023-09-26 04:29:55','2023-09-26 04:29:55',NULL),(15,8,15,3,11,'2023-09-26 04:32:00','2023-09-26 04:32:00',NULL),(16,8,16,3,12,'2023-09-26 04:32:00','2023-09-26 04:32:00',NULL),(17,9,17,3,11,'2023-09-26 04:34:31','2023-09-26 04:34:31',NULL),(18,10,18,3,11,'2023-09-26 04:36:58','2023-09-26 04:36:58',NULL),(19,10,19,3,12,'2023-09-26 04:36:58','2023-09-26 04:36:58',NULL),(20,11,20,3,9,'2023-09-26 04:42:22','2023-09-26 04:42:22',NULL),(21,11,21,3,8,'2023-09-26 04:42:22','2023-09-26 04:42:22',NULL),(22,12,22,3,10,'2023-09-26 04:44:12','2023-09-26 04:44:12',NULL),(23,13,23,4,18,'2023-09-26 04:46:02','2023-09-26 04:46:02',NULL),(24,14,24,3,11,'2023-09-26 04:48:31','2023-09-26 04:48:31',NULL),(25,14,25,3,10,'2023-09-26 04:48:31','2023-09-26 04:48:31',NULL),(26,15,26,4,18,'2023-09-26 04:50:32','2023-09-26 04:50:32',NULL),(27,16,27,4,19,'2023-09-26 04:52:00','2023-09-26 04:52:00',NULL),(28,17,28,4,18,'2023-09-26 04:55:11','2023-09-26 04:55:11',NULL),(29,17,29,4,19,'2023-09-26 04:55:11','2023-09-26 04:55:11',NULL),(30,18,30,4,16,'2023-09-26 04:57:07','2023-09-26 04:57:07',NULL),(31,20,32,3,10,'2023-09-26 05:02:01','2023-09-26 05:02:01',NULL),(32,21,33,3,8,'2023-09-26 05:04:21','2023-09-26 05:04:21',NULL),(33,27,39,3,8,'2023-09-26 05:18:32','2023-09-26 05:18:32',NULL),(34,27,40,3,7,'2023-09-26 05:18:32','2023-09-26 05:18:32',NULL),(35,28,41,3,8,'2023-09-26 05:20:31','2023-09-26 05:20:31',NULL),(36,29,42,3,8,'2023-09-26 05:22:50','2023-09-26 05:22:50',NULL),(37,30,43,3,8,'2023-09-26 05:27:31','2023-09-26 05:27:31',NULL),(38,30,44,3,7,'2023-09-26 05:27:31','2023-09-26 05:27:31',NULL),(39,31,45,4,15,'2023-09-26 05:31:20','2023-09-26 05:31:20',NULL),(40,32,46,4,15,'2023-09-26 05:36:06','2023-09-26 05:36:06',NULL),(41,33,47,4,15,'2023-09-26 05:38:30','2023-09-26 05:38:30',NULL),(42,34,48,4,15,'2023-09-26 05:48:51','2023-09-26 05:48:51',NULL),(43,34,49,4,16,'2023-09-26 05:48:51','2023-09-26 05:48:51',NULL),(44,35,50,4,18,'2023-09-26 05:51:30','2023-09-26 05:51:30',NULL),(45,35,51,4,17,'2023-09-26 05:51:30','2023-09-26 05:51:30',NULL),(46,36,52,3,9,'2023-09-26 05:53:39','2023-09-26 05:53:39',NULL),(47,36,53,3,8,'2023-09-26 05:53:39','2023-09-26 05:53:39',NULL),(48,37,54,4,16,'2023-09-26 05:59:03','2023-09-26 05:59:03',NULL),(49,37,55,4,17,'2023-09-26 05:59:03','2023-09-26 05:59:03',NULL),(50,44,62,3,13,'2023-09-26 06:12:54','2023-09-26 06:12:54',NULL),(51,46,64,4,19,'2023-09-26 06:31:24','2023-09-26 06:31:24',NULL),(52,46,65,4,20,'2023-09-26 06:31:24','2023-09-26 06:31:24',NULL),(53,49,68,3,10,'2023-09-26 06:36:59','2023-09-26 06:36:59',NULL),(54,49,69,3,9,'2023-09-26 06:36:59','2023-09-26 06:36:59',NULL),(55,50,70,3,11,'2023-09-26 06:38:45','2023-09-26 06:38:45',NULL),(56,51,71,3,11,'2023-09-26 06:40:22','2023-09-26 06:40:22',NULL),(57,51,72,3,10,'2023-09-26 06:40:22','2023-09-26 06:40:22',NULL),(58,52,73,3,10,'2023-09-26 06:42:41','2023-09-26 06:42:41',NULL),(59,52,74,3,9,'2023-09-26 06:42:42','2023-09-26 06:42:42',NULL),(60,53,75,3,12,'2023-09-26 06:44:53','2023-09-26 06:44:53',NULL),(61,54,76,3,8,'2023-09-26 06:47:04','2023-09-26 06:47:04',NULL),(62,54,77,3,9,'2023-09-26 06:47:04','2023-09-26 06:47:04',NULL),(63,55,78,3,10,'2023-09-26 06:49:04','2023-09-26 06:49:04',NULL),(64,55,79,3,9,'2023-09-26 06:49:04','2023-09-26 06:49:04',NULL),(65,56,80,4,19,'2023-09-26 06:50:43','2023-09-26 06:50:43',NULL),(66,57,81,3,12,'2023-09-26 06:52:53','2023-09-26 06:52:53',NULL),(67,57,82,3,11,'2023-09-26 06:52:53','2023-09-26 06:52:53',NULL),(68,58,83,3,12,'2023-09-26 06:54:54','2023-09-26 06:54:54',NULL),(69,58,84,3,13,'2023-09-26 06:54:54','2023-09-26 06:54:54',NULL),(70,59,85,3,12,'2023-09-26 06:57:03','2023-09-26 06:57:03',NULL),(71,60,86,3,10,'2023-09-26 06:59:49','2023-09-26 06:59:49',NULL),(72,60,87,3,9,'2023-09-26 06:59:49','2023-09-26 06:59:49',NULL),(73,61,88,4,18,'2023-09-26 07:02:04','2023-09-26 07:02:04',NULL),(74,91,118,3,10,'2023-09-26 23:51:46','2023-09-26 23:51:46',NULL),(75,91,119,3,9,'2023-09-26 23:51:46','2023-09-26 23:51:46',NULL),(76,92,120,3,8,'2023-09-26 23:53:53','2023-09-26 23:53:53',NULL),(77,92,121,3,7,'2023-09-26 23:53:53','2023-09-26 23:53:53',NULL),(78,93,122,3,8,'2023-09-26 23:55:47','2023-09-26 23:55:47',NULL),(79,94,123,3,8,'2023-09-26 23:57:35','2023-09-26 23:57:35',NULL),(80,94,124,3,7,'2023-09-26 23:57:35','2023-09-26 23:57:35',NULL),(81,95,125,3,9,'2023-09-26 23:59:52','2023-09-26 23:59:52',NULL),(82,95,126,3,10,'2023-09-26 23:59:52','2023-09-26 23:59:52',NULL),(83,96,127,3,9,'2023-09-27 00:02:05','2023-09-27 00:02:05',NULL),(84,96,128,3,8,'2023-09-27 00:02:05','2023-09-27 00:02:05',NULL),(85,97,129,3,10,'2023-09-27 00:03:52','2023-09-27 00:03:52',NULL),(86,98,130,4,21,'2023-09-27 00:05:33','2023-09-27 00:05:33',NULL),(87,98,131,4,20,'2023-09-27 00:05:33','2023-09-27 00:05:33',NULL),(88,100,133,4,19,'2023-09-27 00:09:28','2023-09-27 00:09:28',NULL),(89,100,134,4,20,'2023-09-27 00:09:28','2023-09-27 00:09:28',NULL),(90,101,135,4,19,'2023-09-27 00:11:15','2023-09-27 00:11:15',NULL),(91,101,136,4,18,'2023-09-27 00:11:15','2023-09-27 00:11:15',NULL),(92,102,137,3,8,'2023-09-27 00:13:41','2023-09-27 00:13:41',NULL),(93,102,138,3,7,'2023-09-27 00:13:41','2023-09-27 00:13:41',NULL),(94,111,147,4,21,'2023-09-27 00:29:06','2023-09-27 00:29:06',NULL),(95,111,148,4,22,'2023-09-27 00:29:06','2023-09-27 00:29:06',NULL);

--
-- Table structure for table `product_variation_stocks`
--

CREATE TABLE `product_variation_stocks` (
  `id` bigint unsigned NOT NULL AUTO_INCREMENT,
  `product_variation_id` int NOT NULL,
  `location_id` int DEFAULT NULL COMMENT 'warehouse/location',
  `stock_qty` int NOT NULL,
  `created_at` timestamp NULL DEFAULT NULL,
  `updated_at` timestamp NULL DEFAULT NULL,
  `deleted_at` timestamp NULL DEFAULT NULL,
  PRIMARY KEY (`id`)
) ENGINE=InnoDB AUTO_INCREMENT=149 DEFAULT CHARSET=utf8mb4 COLLATE=utf8mb4_unicode_ci;

--
-- Dumping data for table `product_variation_stocks`
--

INSERT INTO `product_variation_stocks` VALUES (1,1,1,6,'2023-09-26 03:59:14','2023-09-26 03:59:14',NULL),(2,2,1,10,'2023-09-26 03:59:14','2023-09-26 03:59:14',NULL),(3,3,1,10,'2023-09-26 03:59:14','2023-09-26 03:59:14',NULL),(4,4,1,50,'2023-09-26 04:12:05','2023-09-26 04:12:05',NULL),(5,5,1,60,'2023-09-26 04:12:05','2023-09-26 04:12:05',NULL),(6,6,1,40,'2023-09-26 04:16:53','2023-09-26 04:16:53',NULL),(7,7,1,30,'2023-09-26 04:16:53','2023-09-26 04:16:53',NULL),(8,8,1,10,'2023-09-26 04:20:53','2023-09-26 04:20:53',NULL),(9,9,1,40,'2023-09-26 04:20:53','2023-09-26 04:20:53',NULL),(10,10,1,50,'2023-09-26 04:24:53','2023-09-26 04:24:53',NULL),(11,11,1,10,'2023-09-26 04:24:53','2023-09-26 04:24:53',NULL),(12,12,1,40,'2023-09-26 04:27:08','2023-09-26 04:27:08',NULL),(13,13,1,20,'2023-09-26 04:29:55','2023-09-26 04:29:55',NULL),(14,14,1,30,'2023-09-26 04:29:55','2023-09-26 04:29:55',NULL),(15,15,1,10,'2023-09-26 04:32:00','2023-09-26 04:32:00',NULL),(16,16,1,20,'2023-09-26 04:32:00','2023-09-26 04:32:00',NULL),(17,17,1,10,'2023-09-26 04:34:31','2023-09-26 04:34:31',NULL),(18,18,1,5,'2023-09-26 04:36:58','2023-09-26 04:36:58',NULL),(19,19,1,20,'2023-09-26 04:36:58','2023-09-26 04:36:58',NULL),(20,20,1,10,'2023-09-26 04:42:22','2023-09-26 04:42:22',NULL),(21,21,1,20,'2023-09-26 04:42:22','2023-09-26 04:42:22',NULL),(22,22,1,30,'2023-09-26 04:44:12','2023-09-26 04:44:12',NULL),(23,23,1,50,'2023-09-26 04:46:02','2023-09-26 04:46:02',NULL),(24,24,1,10,'2023-09-26 04:48:31','2023-09-26 04:48:31',NULL),(25,25,1,20,'2023-09-26 04:48:31','2023-09-26 04:48:31',NULL),(26,26,1,20,'2023-09-26 04:50:32','2023-09-26 04:50:32',NULL),(27,27,1,20,'2023-09-26 04:52:00','2023-09-26 04:52:00',NULL),(28,28,1,50,'2023-09-26 04:55:11','2023-09-26 04:55:11',NULL),(29,29,1,20,'2023-09-26 04:55:11','2023-09-26 04:55:11',NULL),(30,30,1,10,'2023-09-26 04:57:07','2023-09-26 04:57:07',NULL),(31,31,1,30,'2023-09-26 04:59:13','2023-09-26 04:59:13',NULL),(32,32,1,20,'2023-09-26 05:02:01','2023-09-26 05:02:01',NULL),(33,33,1,20,'2023-09-26 05:04:21','2023-09-26 05:04:21',NULL),(34,34,1,50,'2023-09-26 05:06:29','2023-09-26 05:06:29',NULL),(35,35,1,10,'2023-09-26 05:08:50','2023-09-26 05:08:50',NULL),(36,36,1,20,'2023-09-26 05:11:33','2023-09-26 05:11:33',NULL),(37,37,1,30,'2023-09-26 05:13:07','2023-09-26 05:13:07',NULL),(38,38,1,30,'2023-09-26 05:16:16','2023-09-26 05:16:16',NULL),(39,39,1,10,'2023-09-26 05:18:32','2023-09-26 05:18:32',NULL),(40,40,1,5,'2023-09-26 05:18:32','2023-09-26 05:18:32',NULL),(41,41,1,10,'2023-09-26 05:20:31','2023-09-26 05:20:31',NULL),(42,42,1,40,'2023-09-26 05:22:50','2023-09-26 05:22:50',NULL),(43,43,1,20,'2023-09-26 05:27:31','2023-09-26 05:27:31',NULL),(44,44,1,10,'2023-09-26 05:27:31','2023-09-26 05:27:31',NULL),(45,45,1,30,'2023-09-26 05:31:20','2023-09-26 05:31:20',NULL),(46,46,1,10,'2023-09-26 05:36:06','2023-09-26 05:36:06',NULL),(47,47,1,30,'2023-09-26 05:38:30','2023-09-26 05:38:30',NULL),(48,48,1,10,'2023-09-26 05:48:51','2023-09-26 05:48:51',NULL),(49,49,1,10,'2023-09-26 05:48:51','2023-09-26 05:48:51',NULL),(50,50,1,20,'2023-09-26 05:51:30','2023-09-26 05:51:30',NULL),(51,51,1,10,'2023-09-26 05:51:30','2023-09-26 05:51:30',NULL),(52,52,1,10,'2023-09-26 05:53:39','2023-09-26 05:53:39',NULL),(53,53,1,5,'2023-09-26 05:53:39','2023-09-26 05:53:39',NULL),(54,54,1,20,'2023-09-26 05:59:03','2023-09-26 05:59:03',NULL),(55,55,1,10,'2023-09-26 05:59:03','2023-09-26 05:59:03',NULL),(56,56,1,50,'2023-09-26 06:00:47','2023-09-26 06:00:47',NULL),(57,57,1,50,'2023-09-26 06:02:20','2023-09-26 06:02:20',NULL),(58,58,1,20,'2023-09-26 06:03:41','2023-09-26 06:03:41',NULL),(59,59,1,30,'2023-09-26 06:05:50','2023-09-26 06:05:50',NULL),(60,60,1,20,'2023-09-26 06:07:23','2023-09-26 06:07:23',NULL),(61,61,1,30,'2023-09-26 06:09:23','2023-09-26 06:09:23',NULL),(62,62,1,30,'2023-09-26 06:12:54','2023-09-26 06:12:54',NULL),(63,63,1,10,'2023-09-26 06:29:03','2023-09-26 06:29:03',NULL),(64,64,1,10,'2023-09-26 06:31:24','2023-09-26 06:31:24',NULL),(65,65,1,20,'2023-09-26 06:31:24','2023-09-26 06:31:24',NULL),(66,66,1,20,'2023-09-26 06:33:03','2023-09-26 06:33:03',NULL),(67,67,1,30,'2023-09-26 06:34:57','2023-09-26 06:34:57',NULL),(68,68,1,10,'2023-09-26 06:36:59','2023-09-26 06:36:59',NULL),(69,69,1,20,'2023-09-26 06:36:59','2023-09-26 06:36:59',NULL),(70,70,1,50,'2023-09-26 06:38:45','2023-09-26 06:38:45',NULL),(71,71,1,10,'2023-09-26 06:40:22','2023-09-26 06:40:22',NULL),(72,72,1,20,'2023-09-26 06:40:22','2023-09-26 06:40:22',NULL),(73,73,1,30,'2023-09-26 06:42:41','2023-09-26 06:42:41',NULL),(74,74,1,20,'2023-09-26 06:42:42','2023-09-26 06:42:42',NULL),(75,75,1,50,'2023-09-26 06:44:53','2023-09-26 06:44:53',NULL),(76,76,1,19,'2023-09-26 06:47:04','2023-09-26 06:47:04',NULL),(77,77,1,10,'2023-09-26 06:47:04','2023-09-26 06:47:04',NULL),(78,78,1,20,'2023-09-26 06:49:04','2023-09-26 06:49:04',NULL),(79,79,1,5,'2023-09-26 06:49:04','2023-09-26 06:49:04',NULL),(80,80,1,20,'2023-09-26 06:50:43','2023-09-26 06:50:43',NULL),(81,81,1,5,'2023-09-26 06:52:53','2023-09-26 06:52:53',NULL),(82,82,1,50,'2023-09-26 06:52:53','2023-09-26 06:52:53',NULL),(83,83,1,20,'2023-09-26 06:54:54','2023-09-26 06:54:54',NULL),(84,84,1,50,'2023-09-26 06:54:54','2023-09-26 06:54:54',NULL),(85,85,1,50,'2023-09-26 06:57:03','2023-09-26 06:57:03',NULL),(86,86,1,20,'2023-09-26 06:59:49','2023-09-26 06:59:49',NULL),(87,87,1,50,'2023-09-26 06:59:49','2023-09-26 06:59:49',NULL),(88,88,1,50,'2023-09-26 07:02:04','2023-09-26 07:02:04',NULL),(89,89,1,50,'2023-09-26 07:04:50','2023-09-26 07:04:50',NULL),(90,90,1,30,'2023-09-26 07:06:24','2023-09-26 07:06:24',NULL),(91,91,1,10,'2023-09-26 07:08:21','2023-09-26 07:08:21',NULL),(92,92,1,50,'2023-09-26 07:10:30','2023-09-26 07:10:30',NULL),(93,93,1,50,'2023-09-26 07:11:57','2023-09-26 07:11:57',NULL),(94,94,1,30,'2023-09-26 07:13:37','2023-09-26 07:13:37',NULL),(95,95,1,50,'2023-09-26 07:16:23','2023-09-26 07:16:23',NULL),(96,96,1,30,'2023-09-26 07:18:07','2023-09-26 07:18:07',NULL),(97,97,1,50,'2023-09-26 07:19:27','2023-09-26 07:19:27',NULL),(98,98,1,40,'2023-09-26 07:20:47','2023-09-26 07:20:47',NULL),(99,99,1,50,'2023-09-26 07:22:12','2023-09-26 07:22:12',NULL),(100,100,1,50,'2023-09-26 07:23:51','2023-09-26 07:23:51',NULL),(101,101,1,80,'2023-09-26 07:25:18','2023-09-26 07:25:18',NULL),(102,102,1,60,'2023-09-26 07:27:24','2023-09-26 07:27:24',NULL),(103,103,1,50,'2023-09-26 07:28:40','2023-09-26 07:28:40',NULL),(104,104,1,50,'2023-09-26 07:30:05','2023-09-26 07:30:05',NULL),(105,105,1,100,'2023-09-26 07:31:37','2023-09-26 07:31:37',NULL),(106,106,1,100,'2023-09-26 23:34:34','2023-09-26 23:34:34',NULL),(107,107,1,100,'2023-09-26 23:35:58','2023-09-26 23:35:58',NULL),(108,108,1,100,'2023-09-26 23:37:25','2023-09-26 23:37:25',NULL),(109,109,1,50,'2023-09-26 23:39:05','2023-09-26 23:39:05',NULL),(110,110,1,100,'2023-09-26 23:40:19','2023-09-26 23:40:19',NULL),(111,111,1,50,'2023-09-26 23:41:36','2023-09-26 23:41:36',NULL),(112,112,1,50,'2023-09-26 23:42:44','2023-09-26 23:42:44',NULL),(113,113,1,60,'2023-09-26 23:44:14','2023-09-26 23:44:14',NULL),(114,114,1,30,'2023-09-26 23:45:22','2023-09-26 23:45:22',NULL),(115,115,1,90,'2023-09-26 23:46:50','2023-09-26 23:46:50',NULL),(116,116,1,100,'2023-09-26 23:48:00','2023-09-26 23:48:00',NULL),(117,117,1,100,'2023-09-26 23:49:19','2023-09-26 23:49:19',NULL),(118,118,1,50,'2023-09-26 23:51:46','2023-09-26 23:51:46',NULL),(119,119,1,30,'2023-09-26 23:51:46','2023-09-26 23:51:46',NULL),(120,120,1,50,'2023-09-26 23:53:53','2023-09-26 23:53:53',NULL),(121,121,1,30,'2023-09-26 23:53:53','2023-09-26 23:53:53',NULL),(122,122,1,50,'2023-09-26 23:55:47','2023-09-26 23:55:47',NULL),(123,123,1,20,'2023-09-26 23:57:35','2023-09-26 23:57:35',NULL),(124,124,1,30,'2023-09-26 23:57:35','2023-09-26 23:57:35',NULL),(125,125,1,50,'2023-09-26 23:59:52','2023-09-26 23:59:52',NULL),(126,126,1,20,'2023-09-26 23:59:52','2023-09-26 23:59:52',NULL),(127,127,1,50,'2023-09-27 00:02:05','2023-09-27 00:02:05',NULL),(128,128,1,10,'2023-09-27 00:02:05','2023-09-27 00:02:05',NULL),(129,129,1,100,'2023-09-27 00:03:52','2023-09-27 00:03:52',NULL),(130,130,1,10,'2023-09-27 00:05:33','2023-09-27 00:05:33',NULL),(131,131,1,20,'2023-09-27 00:05:33','2023-09-27 00:05:33',NULL),(132,132,1,30,'2023-09-27 00:07:21','2023-09-27 00:07:21',NULL),(133,133,1,10,'2023-09-27 00:09:28','2023-09-27 00:09:28',NULL),(134,134,1,10,'2023-09-27 00:09:28','2023-09-27 00:09:28',NULL),(135,135,1,10,'2023-09-27 00:11:15','2023-09-27 00:11:15',NULL),(136,136,1,20,'2023-09-27 00:11:15','2023-09-27 00:11:15',NULL),(137,137,1,50,'2023-09-27 00:13:41','2023-09-27 00:13:41',NULL),(138,138,1,50,'2023-09-27 00:13:41','2023-09-27 00:13:41',NULL),(139,139,1,100,'2023-09-27 00:15:08','2023-09-27 00:15:08',NULL),(140,140,1,10,'2023-09-27 00:16:58','2023-09-27 00:16:58',NULL),(141,141,1,50,'2023-09-27 00:18:09','2023-09-27 00:18:09',NULL),(142,142,1,30,'2023-09-27 00:19:27','2023-09-27 00:19:27',NULL),(143,143,1,50,'2023-09-27 00:20:54','2023-09-27 00:20:54',NULL),(144,144,1,50,'2023-09-27 00:22:03','2023-09-27 00:22:03',NULL),(145,145,1,50,'2023-09-27 00:24:08','2023-09-27 00:24:08',NULL),(146,146,1,50,'2023-09-27 00:27:22','2023-09-27 00:27:22',NULL),(147,147,1,5,'2023-09-27 00:29:06','2023-09-27 00:29:06',NULL),(148,148,1,10,'2023-09-27 00:29:06','2023-09-27 00:29:06',NULL);

--
-- Table structure for table `product_variations`
--

CREATE TABLE `product_variations` (
  `id` bigint unsigned NOT NULL AUTO_INCREMENT,
  `product_id` int NOT NULL,
  `variation_key` varchar(191) COLLATE utf8mb4_unicode_ci DEFAULT NULL,
  `sku` varchar(191) COLLATE utf8mb4_unicode_ci DEFAULT NULL,
  `code` varchar(191) COLLATE utf8mb4_unicode_ci DEFAULT NULL,
  `price` double NOT NULL DEFAULT '0',
  `created_at` timestamp NULL DEFAULT NULL,
  `updated_at` timestamp NULL DEFAULT NULL,
  `deleted_at` timestamp NULL DEFAULT NULL,
  PRIMARY KEY (`id`)
) ENGINE=InnoDB AUTO_INCREMENT=149 DEFAULT CHARSET=utf8mb4 COLLATE=utf8mb4_unicode_ci;

--
-- Dumping data for table `product_variations`
--

INSERT INTO `product_variations` VALUES (1,1,'1:1','small','small',1000,'2023-09-26 03:59:14','2023-09-26 03:59:14',NULL),(2,1,'1:2','mediam','mediam',1000,'2023-09-26 03:59:14','2023-09-26 03:59:14',NULL),(3,1,'1:3','large','large',1000,'2023-09-26 03:59:14','2023-09-26 03:59:14',NULL),(4,2,'3:12','250 ml','250 ml',40,'2023-09-26 04:12:05','2023-09-26 04:12:05',NULL),(5,2,'3:13','500 ml','500 ml',80,'2023-09-26 04:12:05','2023-09-26 04:12:05',NULL),(6,3,'3:12','250 ml','250 ml',50,'2023-09-26 04:16:53','2023-09-26 04:16:53',NULL),(7,3,'3:13','500 ml','500 ml',80,'2023-09-26 04:16:53','2023-09-26 04:16:53',NULL),(8,4,'3:12','250 ml','250 ml',60,'2023-09-26 04:20:53','2023-09-26 04:20:53',NULL),(9,4,'3:11','100 ml','100 ml',30,'2023-09-26 04:20:53','2023-09-26 04:20:53',NULL),(10,5,'4:19','100 gm','100 gm',18,'2023-09-26 04:24:53','2023-09-26 04:24:53',NULL),(11,5,'4:20','250 gm','250 gm',50,'2023-09-26 04:24:53','2023-09-26 04:24:53',NULL),(12,6,'3:11','100 ml','100 ml',56,'2023-09-26 04:27:08','2023-09-26 04:27:08',NULL),(13,7,'3:11','100 ml','100 ml',25,'2023-09-26 04:29:55','2023-09-26 04:29:55',NULL),(14,7,'3:12','250 ml','250 ml',60,'2023-09-26 04:29:55','2023-09-26 04:29:55',NULL),(15,8,'3:11','100 ml','100 ml',30,'2023-09-26 04:32:00','2023-09-26 04:32:00',NULL),(16,8,'3:12','250 ml','250 ml',50,'2023-09-26 04:32:00','2023-09-26 04:32:00',NULL),(17,9,'3:11','100 ml','100 ml',48,'2023-09-26 04:34:31','2023-09-26 04:34:31',NULL),(18,10,'3:11','100 ml','100 ml',80,'2023-09-26 04:36:58','2023-09-26 04:36:58',NULL),(19,10,'3:12','250 ml','250 ml',150,'2023-09-26 04:36:58','2023-09-26 04:36:58',NULL),(20,11,'3:9','25 ml','25 ml',59,'2023-09-26 04:42:22','2023-09-26 04:42:22',NULL),(21,11,'3:8','10 ml','10 ml',45,'2023-09-26 04:42:22','2023-09-26 04:42:22',NULL),(22,12,'3:10','50 ml','50 ml',80,'2023-09-26 04:44:12','2023-09-26 04:44:12',NULL),(23,13,'4:18','50 gm','50 gm',38,'2023-09-26 04:46:02','2023-09-26 04:46:02',NULL),(24,14,'3:11','100 ml','100 ml',75,'2023-09-26 04:48:31','2023-09-26 04:48:31',NULL),(25,14,'3:10','50 ml','50 ml',40,'2023-09-26 04:48:31','2023-09-26 04:48:31',NULL),(26,15,'4:18','50 gm','50 gm',29,'2023-09-26 04:50:32','2023-09-26 04:50:32',NULL),(27,16,'4:19','100 gm','100 gm',56,'2023-09-26 04:52:00','2023-09-26 04:52:00',NULL),(28,17,'4:18','50 gm','50 gm',20,'2023-09-26 04:55:11','2023-09-26 04:55:11',NULL),(29,17,'4:19','100 gm','100 gm',60,'2023-09-26 04:55:11','2023-09-26 04:55:11',NULL),(30,18,'4:16','10 gm','10 gm',22,'2023-09-26 04:57:07','2023-09-26 04:57:07',NULL),(31,19,NULL,NULL,NULL,120,'2023-09-26 04:59:13','2023-09-26 04:59:13',NULL),(32,20,'3:10','50 ml','50 ml',70,'2023-09-26 05:02:01','2023-09-26 05:02:01',NULL),(33,21,'3:8','10 ml','10 ml',50,'2023-09-26 05:04:21','2023-09-26 05:04:21',NULL),(34,22,NULL,NULL,NULL,80,'2023-09-26 05:06:29','2023-09-26 05:06:29',NULL),(35,23,NULL,NULL,NULL,42,'2023-09-26 05:08:50','2023-09-26 05:08:50',NULL),(36,24,NULL,NULL,NULL,59,'2023-09-26 05:11:33','2023-09-26 05:11:33',NULL),(37,25,NULL,NULL,NULL,32,'2023-09-26 05:13:07','2023-09-26 05:13:07',NULL),(38,26,NULL,NULL,NULL,45,'2023-09-26 05:16:16','2023-09-26 05:16:16',NULL),(39,27,'3:8','10 ml','10 ml',40,'2023-09-26 05:18:32','2023-09-26 05:18:32',NULL),(40,27,'3:7','5 ml','5 ml',25,'2023-09-26 05:18:32','2023-09-26 05:18:32',NULL),(41,28,'3:8','10 ml','10 ml',55,'2023-09-26 05:20:31','2023-09-26 05:20:31',NULL),(42,29,'3:8','10 ml','10 ml',45,'2023-09-26 05:22:50','2023-09-26 05:22:50',NULL),(43,30,'3:8','10 ml','10 ml',32,'2023-09-26 05:27:31','2023-09-26 05:27:31',NULL),(44,30,'3:7','5 ml','5 ml',15,'2023-09-26 05:27:31','2023-09-26 05:27:31',NULL),(45,31,'4:15','5 gm','5 gm',50,'2023-09-26 05:31:20','2023-09-26 05:31:20',NULL),(46,32,'4:15','5 gm','5 gm',50,'2023-09-26 05:36:06','2023-09-26 05:36:06',NULL),(47,33,'4:15','5 gm','5 gm',60,'2023-09-26 05:38:30','2023-09-26 05:38:30',NULL),(48,34,'4:15','5 gm','5 gm',35,'2023-09-26 05:48:50','2023-09-26 05:48:50',NULL),(49,34,'4:16','10 gm','10 gm',45,'2023-09-26 05:48:51','2023-09-26 05:48:51',NULL),(50,35,'4:18','50 gm','50 gm',80,'2023-09-26 05:51:30','2023-09-26 05:51:30',NULL),(51,35,'4:17','25 gm','25 gm',50,'2023-09-26 05:51:30','2023-09-26 05:51:30',NULL),(52,36,'3:9','25 ml','25 ml',55,'2023-09-26 05:53:39','2023-09-26 05:53:39',NULL),(53,36,'3:8','10 ml','10 ml',30,'2023-09-26 05:53:39','2023-09-26 05:53:39',NULL),(54,37,'4:16','10 gm','10 gm',20,'2023-09-26 05:59:03','2023-09-26 05:59:03',NULL),(55,37,'4:17','25 gm','25 gm',40,'2023-09-26 05:59:03','2023-09-26 05:59:03',NULL),(56,38,NULL,NULL,NULL,42,'2023-09-26 06:00:47','2023-09-26 06:00:47',NULL),(57,39,NULL,NULL,NULL,35,'2023-09-26 06:02:20','2023-09-26 06:02:20',NULL),(58,40,NULL,NULL,NULL,42,'2023-09-26 06:03:41','2023-09-26 06:03:41',NULL),(59,41,NULL,NULL,NULL,38,'2023-09-26 06:05:50','2023-09-26 06:05:50',NULL),(60,42,NULL,NULL,NULL,50,'2023-09-26 06:07:23','2023-09-26 06:07:23',NULL),(61,43,NULL,NULL,NULL,40,'2023-09-26 06:09:23','2023-09-26 06:09:23',NULL),(62,44,'3:13','500 ml','500 ml',60,'2023-09-26 06:12:54','2023-09-26 06:12:54',NULL),(63,45,NULL,NULL,NULL,55,'2023-09-26 06:29:03','2023-09-26 06:29:03',NULL),(64,46,'4:19','100 gm','100 gm',50,'2023-09-26 06:31:24','2023-09-26 06:31:24',NULL),(65,46,'4:20','250 gm','250 gm',100,'2023-09-26 06:31:24','2023-09-26 06:31:24',NULL),(66,47,NULL,NULL,NULL,78,'2023-09-26 06:33:03','2023-09-26 06:33:03',NULL),(67,48,NULL,NULL,NULL,58,'2023-09-26 06:34:57','2023-09-26 06:34:57',NULL),(68,49,'3:10','50 ml','50 ml',55,'2023-09-26 06:36:59','2023-09-26 06:36:59',NULL),(69,49,'3:9','25 ml','25 ml',40,'2023-09-26 06:36:59','2023-09-26 06:36:59',NULL),(70,50,'3:11','100 ml','100 ml',50,'2023-09-26 06:38:45','2023-09-26 06:38:45',NULL),(71,51,'3:11','100 ml','100 ml',75,'2023-09-26 06:40:22','2023-09-26 06:40:22',NULL),(72,51,'3:10','50 ml','50 ml',50,'2023-09-26 06:40:22','2023-09-26 06:40:22',NULL),(73,52,'3:10','50 ml','50 ml',65,'2023-09-26 06:42:41','2023-09-26 06:42:41',NULL),(74,52,'3:9','25 ml','25 ml',40,'2023-09-26 06:42:42','2023-09-26 06:42:42',NULL),(75,53,'3:12','250 ml','250 ml',75,'2023-09-26 06:44:52','2023-09-26 06:44:52',NULL),(76,54,'3:8','10 ml','10 ml',70,'2023-09-26 06:47:04','2023-09-26 06:47:04',NULL),(77,54,'3:9','25 ml','25 ml',90,'2023-09-26 06:47:04','2023-09-26 06:47:04',NULL),(78,55,'3:10','50 ml','50 ml',60,'2023-09-26 06:49:04','2023-09-26 06:49:04',NULL),(79,55,'3:9','25 ml','25 ml',30,'2023-09-26 06:49:04','2023-09-26 06:49:04',NULL),(80,56,'4:19','100 gm','100 gm',89,'2023-09-26 06:50:43','2023-09-26 06:50:43',NULL),(81,57,'3:12','250 ml','250 ml',95,'2023-09-26 06:52:53','2023-09-26 06:52:53',NULL),(82,57,'3:11','100 ml','100 ml',60,'2023-09-26 06:52:53','2023-09-26 06:52:53',NULL),(83,58,'3:12','250 ml','250 ml',60,'2023-09-26 06:54:54','2023-09-26 06:54:54',NULL),(84,58,'3:13','500 ml','500 ml',120,'2023-09-26 06:54:54','2023-09-26 06:54:54',NULL),(85,59,'3:12','250 ml','250 ml',68,'2023-09-26 06:57:03','2023-09-26 06:57:03',NULL),(86,60,'3:10','50 ml','50 ml',55,'2023-09-26 06:59:49','2023-09-26 06:59:49',NULL),(87,60,'3:9','25 ml','25 ml',40,'2023-09-26 06:59:49','2023-09-26 06:59:49',NULL),(88,61,'4:18','50 gm','50 gm',64,'2023-09-26 07:02:04','2023-09-26 07:02:04',NULL),(89,62,NULL,NULL,NULL,70,'2023-09-26 07:04:50','2023-09-26 07:04:50',NULL),(90,63,NULL,NULL,NULL,80,'2023-09-26 07:06:24','2023-09-26 07:06:24',NULL),(91,64,NULL,NULL,NULL,100,'2023-09-26 07:08:21','2023-09-26 07:08:21',NULL),(92,65,NULL,NULL,NULL,70,'2023-09-26 07:10:30','2023-09-26 07:10:30',NULL),(93,66,NULL,NULL,NULL,50,'2023-09-26 07:11:57','2023-09-26 07:11:57',NULL),(94,67,NULL,NULL,NULL,56,'2023-09-26 07:13:37','2023-09-26 07:13:37',NULL),(95,68,NULL,NULL,NULL,63,'2023-09-26 07:16:23','2023-09-26 07:16:23',NULL),(96,69,NULL,NULL,NULL,40,'2023-09-26 07:18:07','2023-09-26 07:18:07',NULL),(97,70,NULL,NULL,NULL,52,'2023-09-26 07:19:27','2023-09-26 07:19:27',NULL),(98,71,NULL,NULL,NULL,48,'2023-09-26 07:20:47','2023-09-26 07:20:47',NULL),(99,72,NULL,NULL,NULL,75,'2023-09-26 07:22:12','2023-09-26 07:22:12',NULL),(100,73,NULL,NULL,NULL,100,'2023-09-26 07:23:51','2023-09-26 07:23:51',NULL),(101,74,NULL,NULL,NULL,120,'2023-09-26 07:25:18','2023-09-26 07:25:18',NULL),(102,75,NULL,NULL,NULL,89,'2023-09-26 07:27:24','2023-09-26 07:27:24',NULL),(103,76,NULL,NULL,NULL,95,'2023-09-26 07:28:40','2023-09-26 07:28:40',NULL),(104,77,NULL,NULL,NULL,65,'2023-09-26 07:30:05','2023-09-26 07:30:05',NULL),(105,78,NULL,NULL,NULL,75,'2023-09-26 07:31:37','2023-09-26 07:31:37',NULL),(106,79,NULL,NULL,NULL,68,'2023-09-26 23:34:34','2023-09-26 23:34:34',NULL),(107,80,NULL,NULL,NULL,48,'2023-09-26 23:35:58','2023-09-26 23:35:58',NULL),(108,81,NULL,NULL,NULL,35,'2023-09-26 23:37:25','2023-09-26 23:37:25',NULL),(109,82,NULL,NULL,NULL,40,'2023-09-26 23:39:05','2023-09-26 23:39:05',NULL),(110,83,NULL,NULL,NULL,20,'2023-09-26 23:40:19','2023-09-26 23:40:19',NULL),(111,84,NULL,NULL,NULL,90,'2023-09-26 23:41:36','2023-09-26 23:41:36',NULL),(112,85,NULL,NULL,NULL,65,'2023-09-26 23:42:44','2023-09-26 23:43:16',NULL),(113,86,NULL,NULL,NULL,82,'2023-09-26 23:44:14','2023-09-26 23:44:14',NULL),(114,87,NULL,NULL,NULL,85,'2023-09-26 23:45:22','2023-09-26 23:45:22',NULL),(115,88,NULL,NULL,NULL,74,'2023-09-26 23:46:50','2023-09-26 23:46:50',NULL),(116,89,NULL,NULL,NULL,56,'2023-09-26 23:48:00','2023-09-26 23:48:00',NULL),(117,90,NULL,NULL,NULL,63,'2023-09-26 23:49:19','2023-09-26 23:49:19',NULL),(118,91,'3:10','50 ml','50 ml',60,'2023-09-26 23:51:46','2023-09-26 23:51:46',NULL),(119,91,'3:9','25 ml','25 ml',35,'2023-09-26 23:51:46','2023-09-26 23:51:46',NULL),(120,92,'3:8','10 ml','10 ml',35,'2023-09-26 23:53:53','2023-09-26 23:53:53',NULL),(121,92,'3:7','5 ml','5 ml',30,'2023-09-26 23:53:53','2023-09-26 23:53:53',NULL),(122,93,'3:8','10 ml','10 ml',59,'2023-09-26 23:55:47','2023-09-26 23:55:47',NULL),(123,94,'3:8','10 ml','10 ml',70,'2023-09-26 23:57:35','2023-09-26 23:57:35',NULL),(124,94,'3:7','5 ml','5 ml',60,'2023-09-26 23:57:35','2023-09-26 23:57:35',NULL),(125,95,'3:9','25 ml','25 ml',80,'2023-09-26 23:59:52','2023-09-26 23:59:52',NULL),(126,95,'3:10','50 ml','50 ml',120,'2023-09-26 23:59:52','2023-09-26 23:59:52',NULL),(127,96,'3:9','25 ml','25 ml',50,'2023-09-27 00:02:05','2023-09-27 00:02:05',NULL),(128,96,'3:8','10 ml','10 ml',20,'2023-09-27 00:02:05','2023-09-27 00:02:05',NULL),(129,97,'3:10','50 ml','50 ml',93,'2023-09-27 00:03:52','2023-09-27 00:03:52',NULL),(130,98,'4:21','500 gm','500 gm',90,'2023-09-27 00:05:33','2023-09-27 00:05:33',NULL),(131,98,'4:20','250 gm','250 gm',50,'2023-09-27 00:05:33','2023-09-27 00:05:33',NULL),(132,99,NULL,NULL,NULL,90,'2023-09-27 00:07:21','2023-09-27 00:07:21',NULL),(133,100,'4:19','100 gm','100 gm',30,'2023-09-27 00:09:28','2023-09-27 00:09:28',NULL),(134,100,'4:20','250 gm','250 gm',80,'2023-09-27 00:09:28','2023-09-27 00:09:28',NULL),(135,101,'4:19','100 gm','100 gm',50,'2023-09-27 00:11:15','2023-09-27 00:11:15',NULL),(136,101,'4:18','50 gm','50 gm',35,'2023-09-27 00:11:15','2023-09-27 00:11:15',NULL),(137,102,'3:8','10 ml','10 ml',100,'2023-09-27 00:13:41','2023-09-27 00:13:41',NULL),(138,102,'3:7','5 ml','5 ml',80,'2023-09-27 00:13:41','2023-09-27 00:13:41',NULL),(139,103,NULL,NULL,NULL,75,'2023-09-27 00:15:08','2023-09-27 00:15:08',NULL),(140,104,NULL,NULL,NULL,96,'2023-09-27 00:16:58','2023-09-27 00:16:58',NULL),(141,105,NULL,NULL,NULL,93,'2023-09-27 00:18:09','2023-09-27 00:18:09',NULL),(142,106,NULL,NULL,NULL,75,'2023-09-27 00:19:26','2023-09-27 00:19:26',NULL),(143,107,NULL,NULL,NULL,68,'2023-09-27 00:20:54','2023-09-27 00:20:54',NULL),(144,108,NULL,NULL,NULL,59,'2023-09-27 00:22:03','2023-09-27 00:22:03',NULL),(145,109,NULL,NULL,NULL,90,'2023-09-27 00:24:08','2023-09-27 00:24:08',NULL),(146,110,NULL,NULL,NULL,89,'2023-09-27 00:27:22','2023-09-27 00:27:22',NULL),(147,111,'4:21','500 gm','500 gm',80,'2023-09-27 00:29:06','2023-09-27 00:29:06',NULL),(148,111,'4:22','1000 gm','1000 gm',150,'2023-09-27 00:29:06','2023-09-27 00:29:06',NULL);

--
-- Table structure for table `product_variations_values`
--

CREATE TABLE `product_variations_values` (
  `id` bigint unsigned NOT NULL AUTO_INCREMENT,
  `product_id` int NOT NULL,
  `variation_value_id` int NOT NULL,
  `image` text COLLATE utf8mb4_unicode_ci,
  `created_at` timestamp NULL DEFAULT NULL,
  `updated_at` timestamp NULL DEFAULT NULL,
  `deleted_at` timestamp NULL DEFAULT NULL,
  PRIMARY KEY (`id`)
) ENGINE=InnoDB DEFAULT CHARSET=utf8mb4 COLLATE=utf8mb4_unicode_ci;

--
-- Dumping data for table `product_variations_values`
--


--
-- Table structure for table `products`
--

CREATE TABLE `products` (
  `id` bigint unsigned NOT NULL AUTO_INCREMENT,
  `name` varchar(191) COLLATE utf8mb4_unicode_ci NOT NULL,
  `slug` varchar(191) COLLATE utf8mb4_unicode_ci NOT NULL,
  `short_description` longtext COLLATE utf8mb4_unicode_ci,
  `description` longtext COLLATE utf8mb4_unicode_ci,
  `brand_id` int DEFAULT NULL,
  `unit_id` int DEFAULT NULL,
  `product_tags` longtext COLLATE utf8mb4_unicode_ci,
  `min_price` double NOT NULL DEFAULT '0',
  `max_price` double NOT NULL DEFAULT '0',
  `discount_value` double NOT NULL DEFAULT '0',
  `discount_type` varchar(191) COLLATE utf8mb4_unicode_ci DEFAULT NULL,
  `discount_start_date` int DEFAULT NULL,
  `discount_end_date` int DEFAULT NULL,
  `sell_target` int DEFAULT NULL,
  `stock_qty` int NOT NULL DEFAULT '0',
  `status` tinyint NOT NULL DEFAULT '0',
  `is_featured` tinyint NOT NULL DEFAULT '0',
  `min_purchase_qty` int NOT NULL DEFAULT '1',
  `max_purchase_qty` int NOT NULL DEFAULT '1',
  `has_variation` tinyint NOT NULL DEFAULT '1',
  `has_warranty` tinyint NOT NULL DEFAULT '1',
  `total_sale_count` double NOT NULL DEFAULT '0',
  `standard_delivery_hours` int NOT NULL DEFAULT '24',
  `express_delivery_hours` int NOT NULL DEFAULT '24',
  `size_guide` text COLLATE utf8mb4_unicode_ci,
  `reward_points` bigint NOT NULL DEFAULT '0',
  `updated_by` int unsigned DEFAULT NULL,
  `deleted_by` int unsigned DEFAULT NULL,
  `created_by` int unsigned DEFAULT NULL,
  `created_at` timestamp NULL DEFAULT NULL,
  `updated_at` timestamp NULL DEFAULT NULL,
  `deleted_at` timestamp NULL DEFAULT NULL,
  PRIMARY KEY (`id`)
) ENGINE=InnoDB AUTO_INCREMENT=112 DEFAULT CHARSET=utf8mb4 COLLATE=utf8mb4_unicode_ci;

--
-- Dumping data for table `products`
--

INSERT INTO `products` VALUES (2,'Hair Fall Control Shampoo','hair-fall-control-shampoo-4ofnb',NULL,'<p> <span style=\"color: rgb(0, 0, 0);\">Lotus Organics Hair Fall Control Shampoo features a formulation of 100% Certified Organic Rosemary Oil, which helps reduce hair thinning &amp; hair fall. Its protective moisture replenishing formula combats signs of damage &amp; aging due to heat styling &amp; external environmental aggressors to set out strengthened and restored healthy tresses.</span></p>',1,4,NULL,40,80,0,'percent',NULL,NULL,0,110,1,1,1,1,1,1,0,72,24,NULL,0,1,NULL,1,'2023-09-26 04:12:05','2023-09-26 04:12:05',NULL),(3,'Growth Protein Shampoo','growth-protein-shampoo-gwwih',NULL,'<p> <span style=\"color: rgb(0, 0, 0);\">The Bella Vita Organic Growth Protein Shampoo is here to help you stop hair fall and strengthen your hair. 👩🏻</span></p><p><span style=\"color: rgb(0, 0, 0);\">Say good bye to dandruff with natural ingredients like Fenugreek, Onion and lots of vitamins and minerals.🧅</span></p><p><span style=\"color: rgb(0, 0, 0);\">This natural and Ayurvedic blend contains Fenugreek, which is rich in folic acid and helps treat scalp issues like dryness &amp; thinning. Onion, a hair care hero ingredient, is loaded with sulphur, stimulates keratin production, nourishes hair follicles and boosts hair growth. 😍</span></p>',2,4,NULL,50,80,5,'percent',1693526400,1698710400,NULL,70,1,1,0,0,1,1,0,0,0,NULL,0,1,NULL,1,'2023-09-26 04:16:53','2023-09-26 04:59:55',NULL),(4,'Goodrej Professional Probio Keratin Revive Shampoo & Revive Mask','goodrej-professional-probio-keratin-revive-shampoo-revive-mask-zgeu7',NULL,'<p> <span style=\"color: rgb(0, 0, 0);\">Regular use of this duo strengthens your hair leaving it smooth, supple &amp; shiny.</span></p><p><span style=\"color: rgb(0, 0, 0);\">Infused with hydrolyzed keratin.</span></p><p><span style=\"color: rgb(0, 0, 0);\">Specially created for Indian hair.</span></p><p><span style=\"color: rgb(0, 0, 0);\">No-added Parabens, No Animal Testing On Finished Products.</span></p><p><span style=\"color: rgb(0, 0, 0);\">Net Quantity - 2.</span></p>',3,4,NULL,30,60,0,'percent',NULL,NULL,0,50,1,1,1,1,1,1,0,72,24,NULL,0,1,NULL,1,'2023-09-26 04:20:53','2023-09-26 04:20:57',NULL),(5,'Goodrej Professional Probio Honey Moisture Hair Mask| For Dry & Damaged Hair | No Sulphate','goodrej-professional-probio-honey-moisture-hair-mask-for-dry-damaged-hair-no-sulphate-gixk4',NULL,'<p> <span style=\"color: rgb(0, 0, 0);\">Contains: 1 unit of Godrej Professional Probio Honey Moisture Hair Mask (200g)</span></p><p><span style=\"color: rgb(0, 0, 0);\">Goodness of honey and nourishing oil: Nourishes all types of hair, whilst reducing frizz</span></p><p><span style=\"color: rgb(0, 0, 0);\">No sulphate, No paraben, No sls, No sles: Free from harmful chemicals like Sulphate, Paraben, SLS and SLES; Hasn’t been tested on animals</span></p><p><span style=\"color: rgb(0, 0, 0);\">Restores damaged hair: Revitalizes, reinforces and strengthens hair and makes them manageable</span></p><p><span style=\"color: rgb(0, 0, 0);\">Moisturizes hair: Moisturizes your hair and makes them soft and shiny</span></p><p><span style=\"color: rgb(0, 0, 0);\">Protects from harsh elements: Prevents damage from pollution and heat styling</span></p><p><span style=\"color: rgb(0, 0, 0);\">Colour protect formula: With a special blend of unique colour protect formula that can be used for colour-treated hair</span></p>',3,1,NULL,18,50,0,'percent',NULL,NULL,0,60,1,1,1,1,1,1,0,72,24,NULL,0,1,NULL,1,'2023-09-26 04:24:53','2023-09-26 04:24:53',NULL),(6,'Schhwarzzkopf Professional Spa Essence Nourishing Shampoo','schhwarzzkopf-professional-spa-essence-nourishing-shampoo-jxtc0',NULL,'<p> <span style=\"color: rgb(0, 0, 0);\">With the Schhwarzkopf Professional Spa Essence Nourishing Shampoo, bid goodbye to hair fall, damaged and lifeless hair! This shampoo nourishes your hair while repairing its damaged structure and restoring that natural shine to it.</span></p><p><span style=\"color: rgb(0, 0, 0);\">The Spa Essence range is created with a special Hydrolyzed Keratin technology that can penetrate the hair and directly work on repairing any damage to the hair from within. This nourishing shampoo contains amino acids and active cleansing agents which gently removes all the impurities from the scalp as well as the strands.</span></p>',1,4,NULL,56,56,0,'percent',NULL,NULL,0,40,1,1,1,1,1,1,0,72,24,NULL,0,1,NULL,1,'2023-09-26 04:27:08','2023-09-26 04:27:08',NULL),(7,'Ketein Natural Hair Holding Spray','ketein-natural-hair-holding-spray-qbvnv',NULL,'<p> <span style=\"color: rgb(0, 0, 0);\">-100% Alcohol Free: Ktein Hair Holding Spray is made 100% free of alcohol, it can be safely used on daily basis without harming or drying the hair.</span></p><p><span style=\"color: rgb(0, 0, 0);\">-Made with Natural Ingredients: The product contains vital ingredients like onion, flaxseeds, chia seeds, aloe gel &amp; more which naturally holds the hair without harming the texture of the hair. To enhance the efficiency of the product, hair nurturing ingredients like onion, avocado, mulberry, hibiscus, thyme, argan oil, macadamia oil are used.</span></p><p><span style=\"color: rgb(0, 0, 0);\">-Mild Hold for Daily Styling: Ktein Hair Holding Spray is for mild holding and setting of hair on daily basis. Can be used to maintain your blow-dried hair and to set the style of your hair. Also useful for setting the baby hair and to get a sleek look. Front and side flicks can be easily set an maintained with Ktein Hair Holding Spray.</span></p><p><span style=\"color: rgb(0, 0, 0);\">-No Harmful Ingredients: This product contains No parabens, No sulphates, No Siicones, No Synthetic Colours-</span></p>',2,4,NULL,25,60,0,'percent',NULL,NULL,0,50,1,1,1,1,1,1,0,72,24,NULL,0,1,NULL,1,'2023-09-26 04:29:55','2023-09-26 04:29:55',NULL),(8,'Sett Wett Extreme Hold, Hair Spray for Men, Style-Spray-Freeze,Bottle & Set Wet Cool Hold Strength Hair Gel','sett-wett-extreme-hold-hair-spray-for-men-style-spray-freezebottle-set-wet-cool-hold-strength-hair-gel-elbuh',NULL,'<p> <span style=\"color: rgb(0, 0, 0);\">-Set wet hair spray for men-extreme hold sets your hairstyle so that no strand is out of place.</span></p><p><span style=\"color: rgb(0, 0, 0);\">-This Set wet hair spray for men is non-sticky and sets your hair in place without weighing it down</span></p><p><span style=\"color: rgb(0, 0, 0);\">-When used after styling with gel, wax, clay or pomade, the set wet hair spray gives an extra strong hold to maintain your hairstyle all day long</span></p><p><span style=\"color: rgb(0, 0, 0);\">-This hair gel for men is your best friend when it comes to quickly styling your hair for a casual hangout with friends and give you a natural shine for a sada sexy vibe</span></p><p><span style=\"color: rgb(0, 0, 0);\">-The set wet hair gel for men gives your hair the level of hold that allows it to stay slick and look effortless the entire day</span></p>',3,4,NULL,30,50,0,'percent',NULL,NULL,0,30,1,1,1,1,1,1,0,72,24,NULL,0,1,NULL,1,'2023-09-26 04:32:00','2023-09-26 04:32:00',NULL),(9,'Laccto Calaamine Cucumber Face Toner with Green Tea & Niacinamide for cool and hydrated skin. Tightens pores & evens skin tone. Suitable for Oily skin. No Sulphate, No Alcohol','laccto-calaamine-cucumber-face-toner-with-green-tea-niacinamide-for-cool-and-hydrated-skin-tightens-pores-evens-skin-tone-suitable-for-oily-skin-no-sulphate-no-alcohol-eljix',NULL,'<p> <span style=\"color: rgb(0, 0, 0);\">-Item Form: Drop</span></p><p><span style=\"color: rgb(0, 0, 0);\"></span></p><p><span style=\"color: rgb(0, 0, 0);\">-Material Type: Sulfate Free, Alcohol Free, Paraben Free</span></p><p><span style=\"color: rgb(0, 0, 0);\">-Product Benefits: Toner deep cleanses and tightens pores, Cucumber extracts, green tea extracts</span></p><p><span style=\"color: rgb(0, 0, 0);\">-Recommended: Uses For Product Toning</span></p>',1,4,NULL,48,48,0,'percent',NULL,NULL,0,10,1,1,1,1,1,1,0,72,24,NULL,0,1,NULL,1,'2023-09-26 04:34:31','2023-09-26 04:34:31',NULL),(10,'mCaaffeine Alcohol Free Green Tea Face Toner for Pore Tightening & Improving Skin Texture | Toner With Fruit-AHA Mix & Caffeine for Glowing Skin | For All Skin Types','mcaaffeine-alcohol-free-green-tea-face-toner-for-pore-tightening-improving-skin-texture-toner-with-fruit-aha-mix-caffeine-for-glowing-skin-for-all-skin-types-g8llm',NULL,'<p> <span style=\"color: rgb(0, 0, 0);\">-Mildly exfoliates: Enriched with Fruit AHA Mix, this natural toner mildly exfoliates dead skin. Antioxidants rich Green Tea in the toner help soothe inflammation, and superfood Caffeine reduces redness &amp; inflammation.</span></p><p><span style=\"color: rgb(0, 0, 0);\">-Improves skin texture: The need for a perfect skin texture is addressed by potent ingredients in this toner. Fruit AHA Mix improves skin’s texture, Green Tea controls oil, and Caffeine naturally soothes &amp; tones the skin.</span></p><p><span style=\"color: rgb(0, 0, 0);\">-Tightens pores: Loaded with Fruit AHA Mix helps this toner tighten the pores, and Green Tea helps reduce the appearance of pores.</span></p><p><span style=\"color: rgb(0, 0, 0);\">-Great for your skin &amp; the planet: Ideal for both men &amp; women, Toner with Fruit AHA Mix &amp; Green Tea is Natural, PETA Certified, 100% Vegan and free from Alcohol, Paraben, SLS and all other harmful constituents. It is FDA-approved, dermatologically tested and has Zero Plastic Footprint</span></p>',4,4,NULL,80,150,0,'percent',NULL,NULL,0,25,1,1,1,1,1,1,0,72,24,NULL,0,1,NULL,1,'2023-09-26 04:36:58','2023-09-26 04:36:58',NULL),(11,'Dott & Keey Vitamin C + E Sorbet Super Bright Moisturizer for Face | Vitamin C Face Cream For Glowing Skin | Fades Pigmentation & Dark Spots, Reduces Skin Dullness | Oil Free & Lightweight','dott-keey-vitamin-c-e-sorbet-super-bright-moisturizer-for-face-vitamin-c-face-cream-for-glowing-skin-fades-pigmentation-dark-spots-reduces-skin-dullness-oil-free-lightweight-st6cf',NULL,'<p> <span style=\"color: rgb(0, 0, 0);\">-A lightweight, cream with three types of vitamin C- 100% natural vitamin C from Kakadu Plum, Ethyl Ascorbic Acid &amp; Sodium Ascorbyl Phosphate.</span></p><p><span style=\"color: rgb(0, 0, 0);\">-An antioxidant-rich cream, it helps reduce dullness &amp; intensely moisturizes for super-soft, youthful glowing skin.</span></p><p><span style=\"color: rgb(0, 0, 0);\">-The goodness of Vitamin E protects skin from environmental aggressors to improve overall skin texture &amp; complexion.</span></p><p><span style=\"color: rgb(0, 0, 0);\">-Neutralizes free radicals &amp; boosts collagen to fade fine lines, wrinkles &amp; dark spots caused by sun exposure.</span></p><p><span style=\"color: rgb(0, 0, 0);\">-Additionally, it gently exfoliates &amp; fights acne-causing bacteria for smoother, clearer skin.</span></p><p><span style=\"color: rgb(0, 0, 0);\">-Made with the goodness of Kakadu Plum, Ethyl Ascorbic Acid &amp; Sodium Ascorbic Phosphate, fades dark spots &amp; hyperpigmentation</span></p>',5,4,NULL,45,59,0,'percent',NULL,NULL,0,30,1,1,1,1,1,1,0,72,24,NULL,0,1,NULL,1,'2023-09-26 04:42:22','2023-09-26 04:42:22',NULL),(12,'Gaernier Skin Naturals, Face Serum, Increases Skin\'s Glow Instantly and Reduces Spots Overtime, Bright Complete Vitamin C Booster','gaernier-skin-naturals-face-serum-increases-skins-glow-instantly-and-reduces-spots-overtime-bright-complete-vitamin-c-booster-zro5u',NULL,'<p> <span style=\"color: rgb(0, 0, 0);\">-Face serum suitable for all skin types</span></p><p><span style=\"color: rgb(0, 0, 0);\">-Instantly combats a dull skin tone and reduces dark spots when used regularly</span></p><p><span style=\"color: rgb(0, 0, 0);\">-How to use: Cleanse skin using a face wash, Apply 3-4 drops of serum and spread evenly over the face and neck using gentle tapping motions, Use twice a day and follow up with moisturising creams</span></p><p><span style=\"color: rgb(0, 0, 0);\">-Enriched with lemon extracts and 30 times the amount of Vitamin C of Garnier\'s Bright Complete face creams to combat dark spots</span></p>',5,4,NULL,80,80,0,'percent',NULL,NULL,0,30,1,1,1,1,1,1,0,72,24,NULL,0,1,NULL,1,'2023-09-26 04:44:12','2023-09-26 04:44:12',NULL),(13,'Natural wash Sun Defence Sunscreen SPF 50 PA++ UVA/UVB Clinically Approved | Lightweight Quick Absorb Sun Protection Cream/Made with Natural Ingredients','natural-wash-sun-defence-sunscreen-spf-50-pa-uvauvb-clinically-approved-lightweight-quick-absorb-sun-protection-creammade-with-natural-ingredients-xv5wg',NULL,'<p> <span style=\"color: rgb(0, 0, 0);\">-Natural sun defence sunscreen SPF 50 cream for Indian skin with Jojoba oil &amp; cucumber extract</span></p><p><span style=\"color: rgb(0, 0, 0);\">-This clinically approved sunscreen cream may protects against sun and harmful UV rays, suitable for all skin types</span></p><p><span style=\"color: rgb(0, 0, 0);\">-It is herbal as it has a non-chemical formula with ingredients such as cucumber extracts, saffron, licorice, jojoba oil and vitamin E</span></p><p><span style=\"color: rgb(0, 0, 0);\">-This sunscreen helps to gives a matte finish and doesn’t give sticky feel like other creams</span></p>',3,1,NULL,38,38,0,'percent',NULL,NULL,0,50,1,1,1,1,1,1,0,72,24,NULL,0,1,NULL,1,'2023-09-26 04:46:02','2023-09-26 04:46:02',NULL),(14,'Sunscreen Spray SPF-60 PA+++ | For UVA & UVB Protection','sunscreen-spray-spf-60-pa-for-uva-uvb-protection-ftzrs',NULL,'<p> <span style=\"color: rgb(0, 0, 0);\">-SPF PA++60 - VauriiC SPF Pro++ Sunscreen Protection Spray is a product that provides excellent protection against both UVA and UVB rays with a high SPF PA++60 rating.</span></p><p><span style=\"color: rgb(0, 0, 0);\">-No White Cast - One of the key features of VauriiC SPF Pro++ Sunscreen Spray is its \"No White Cast\" formula. This means that the sunscreen does not leave behind a visible white residue on the skin after application, which can be a common issue with some sunscreens.</span></p><p><span style=\"color: rgb(0, 0, 0);\">-Protect + Glow - Another notable feature of VauriiC SPF Pro++ is its \"Protect + Glow\" formula. In addition to providing sun protection, this sunscreen is designed to give the skin a radiant and healthy-looking glow. T</span></p><p><br></p>',1,4,NULL,40,75,0,'percent',NULL,NULL,0,30,1,1,1,1,1,1,0,72,24,NULL,0,1,NULL,1,'2023-09-26 04:48:31','2023-09-26 04:48:31',NULL),(15,'Dott & Keey Watermelon Hyaluronic Cooling Sunscreen SPF 50 PA+++| for Oily, Normal & Combination Skin | UV + Blue Light Protection','dott-keey-watermelon-hyaluronic-cooling-sunscreen-spf-50-pa-for-oily-normal-combination-skin-uv-blue-light-protection-a6x9y',NULL,'<p> <span style=\"color: rgb(0, 0, 0);\">-Instantly cools &amp; hydrates skin: Daily wear, instantly cooling sunscreen with SPF 50+++ for smooth, luminous &amp; protected skin every day.</span></p><p><span style=\"color: rgb(0, 0, 0);\">-Indoor &amp; outdoor protection: Powered by UV filters to protect skin against damaging UVA, UVB, blue light, IR &amp; HEV rays.</span></p><p><span style=\"color: rgb(0, 0, 0);\">-Provides better vitamin d absorption: Promotes better absorption of Vitamin D into the skin, making it beneficial to be in the sun.</span></p><p><span style=\"color: rgb(0, 0, 0);\">-Treats dullness &amp; uneven skin tone: Infused with Watermelon to fight dullness, treat uneven skin tone &amp; correct uneven skin texture</span></p><p><span style=\"color: rgb(0, 0, 0);\">-Smoothens uneven skin texture: Infused with Hyaluronic Acid to provide lightweight hydration without any greasiness for a dewy, silky finish.</span></p><p><br></p>',5,1,NULL,29,29,0,'percent',NULL,NULL,0,20,1,1,1,1,1,1,0,72,24,NULL,0,1,NULL,1,'2023-09-26 04:50:32','2023-09-26 04:50:32',NULL),(16,'Nykaaa Clay It Cool Pore Perfect Clay Mask','nykaaa-clay-it-cool-pore-perfect-clay-mask-8lntx',NULL,'<p><span style=\"color: rgb(0, 0, 0);\">-Give your skincare regime a boost with Nykaaa Clay It Cool! Clay Masks. This multitasking mask, comes in 7 variants with ingredients that target specific skin concerns. So treat your skin to the ultimate TLC with our clay masks and say hello to supple, rejuvenated skin!</span></p><p><span style=\"color: rgb(0, 0, 0);\">-Purifying pore cleanse mask</span></p><p><span style=\"color: rgb(0, 0, 0);\">-Micromilled highest grade clay</span></p><p><span style=\"color: rgb(0, 0, 0);\">-Botanical nutrition</span></p><p><span style=\"color: rgb(0, 0, 0);\">-Detan &amp; detoxif</span></p><p><span style=\"color: rgb(0, 0, 0);\">-Easy five minute ritual</span></p><p><span style=\"color: rgb(0, 0, 0);\">-Hydrates</span></p><p><span style=\"color: rgb(0, 0, 0);\">-Exfoliates, brightens and detoxifies</span></p><p><span style=\"color: rgb(0, 0, 0);\">-Tames oily skin</span> </p>',6,1,NULL,56,56,0,'percent',NULL,NULL,0,20,1,1,1,1,1,1,0,72,24,NULL,0,1,NULL,1,'2023-09-26 04:52:00','2023-09-26 04:52:00',NULL),(17,'Dott & Keey Anti-Acne Salicylic Green Clay Face Mask- Reduces Dark Spots And Balances Oil & Sebum','dott-keey-anti-acne-salicylic-green-clay-face-mask-reduces-dark-spots-and-balances-oil-sebum-sjtpu',NULL,'<p> <span style=\"color: rgb(0, 0, 0);\">-This green clay mask provides intense detoxifying treatment against pollution, ageing and acne to naturally purify your skin.</span></p><p><span style=\"color: rgb(0, 0, 0);\">-Acting as a natural facial pore cleaner and blackhead remover, this green clay face pack also works as an anti pollution mask, to nullify the effect of pollution on the skin while simultaneously treating breakouts and blemishes.</span></p><p><span style=\"color: rgb(0, 0, 0);\">-Contains matcha tea and tamanu oil that detoxifies skin and provides advanced anti acne solution and french green clay that accelerates anti ageing process.</span></p><p><span style=\"color: rgb(0, 0, 0);\">-Preventing dull skin due to the effects of pollution, this non comedogenic face mask leaves skin feeling energized, smooth and radiant.</span></p>',5,1,NULL,20,60,0,'percent',NULL,NULL,0,70,1,1,1,1,1,1,0,72,24,NULL,0,1,NULL,1,'2023-09-26 04:55:11','2023-09-26 04:55:11',NULL),(18,'PureeSense Vitamin C & Papaya Brightening Sheet Mask | For Glowing, Nourished & Deeply Hydrated Skin | For Dry, Oily and Combination Skin | From the makers of Parachute Advansed','pureesense-vitamin-c-papaya-brightening-sheet-mask-for-glowing-nourished-deeply-hydrated-skin-for-dry-oily-and-combination-skin-from-the-makers-of-parachute-advansed-keyoy',NULL,'<p> <span style=\"color: rgb(0, 0, 0);\">-Vitamin C &amp; Niacinamide : Know to have multiple benefits, these two when combined, give your skin a glow from within!</span></p><p><span style=\"color: rgb(0, 0, 0);\">-Papaya : Papaya contains natural bleaching properties and its application is known to lighten your skin over a period of time</span></p><p><span style=\"color: rgb(0, 0, 0);\">-Thanaka : Thanaka is a rich source of Vitamin E, that protects your skin against pollution.</span></p><p><span style=\"color: rgb(0, 0, 0);\">-Bengkoang : Bengkoang contains Vitamin C and B1, which work together to deeply nourish your skin, making your skin glow and appear healthy.</span></p><p><span style=\"color: rgb(0, 0, 0);\">-Travel friendly : this product is easy to use and travel-friendly. This Pure pick is suitable for all skin types.</span></p>',1,1,NULL,22,22,0,'percent',NULL,NULL,0,10,1,1,1,1,1,1,0,72,24,NULL,0,1,NULL,1,'2023-09-26 04:57:07','2023-09-26 04:57:07',NULL),(19,'O2+ Whitening Facial Kit for Tan-Pigmented Skin Radiance & Shine','o2-whitening-facial-kit-for-tan-pigmented-skin-radiance-shine-seqxc',NULL,'<p> <span style=\"color: rgb(0, 0, 0);\">Concern whitening, pigmentation control skin type normal to dry, all skin type benefits increased fairness and pigmentation control details. The O2+ whitening kit suitable for normal to dry skin comprises of whitening cleansing foam, whitening tonic, whitening serum, whitening cream and whitening mask.</span></p>',3,NULL,NULL,120,120,0,'percent',NULL,NULL,0,30,1,1,1,1,0,1,0,72,24,NULL,0,1,NULL,1,'2023-09-26 04:59:13','2023-09-26 04:59:13',NULL),(20,'Bluue Heaven Bling Nail Paint - Boss Babe','bluue-heaven-bling-nail-paint-boss-babe-y3akn',NULL,'<p> <span style=\"color: rgb(0, 0, 0);\">Features:</span></p><p><span style=\"color: rgb(0, 0, 0);\">-Highly pigmented nail polish with a creme-gloss finish</span></p><p><span style=\"color: rgb(0, 0, 0);\">-Provides excellent coverage and shine in just one application</span></p><p><span style=\"color: rgb(0, 0, 0);\">-Features a quick-drying, chip-resistant, and long-lasting formula</span></p><p><span style=\"color: rgb(0, 0, 0);\">-Easy-to-apply fan-shaped brush applicator ensures a smooth and perfect finish</span></p><p><span style=\"color: rgb(0, 0, 0);\">-It delivers an excellent and even color payoff</span></p><p><span style=\"color: rgb(0, 0, 0);\">-Evenly suspends the high-shine color on your nails</span></p><p><span style=\"color: rgb(0, 0, 0);\">-Comes in a range of new shades inspired by the latest trends</span></p><p><span style=\"color: rgb(0, 0, 0);\">-This product is cruelty-free</span></p>',6,4,NULL,70,70,3,'percent',1693526400,1696032000,0,20,1,1,1,1,1,1,0,72,24,NULL,0,1,NULL,1,'2023-09-26 05:02:01','2023-09-26 05:02:01',NULL),(21,'Nykaaa Insta Dry Fast Drying Nail Enamel Polish Sky Share 354 - Light Blue','nykaaa-insta-dry-fast-drying-nail-enamel-polish-sky-share-354-light-blue-jay6o',NULL,'<p> <span style=\"color: rgb(0, 0, 0);\">No more waiting around for your nails to dry after a manicure. Get super glossy nails in about a minute with the Nykaa Insta Dry Nail Enamel collection that comes in an impressive range of colours. Glide on a coat of the Insta Dry enamel for a flawless coverage, that won\'t chip, fade or smudge.It\'s tried and tested!</span></p>',6,4,NULL,50,50,0,'percent',1695686400,1695686400,NULL,20,1,1,0,0,1,1,0,0,0,NULL,0,1,NULL,1,'2023-09-26 05:04:21','2023-09-26 05:23:56',NULL),(22,'Nail Art Kit - 48 Pcs Glass Bottles Glitter Stones, 100 Nails,10 Nail Tapes, 15 Nail Art brush, 5 Nail Dotting Pen with 2 Glue (Nail Art Kit)','nail-art-kit-48-pcs-glass-bottles-glitter-stones-100-nails10-nail-tapes-15-nail-art-brush-5-nail-dotting-pen-with-2-glue-nail-art-kit-twuud',NULL,'<p> <span style=\"color: rgb(0, 0, 0);\">-Double-ended nail dotting pens: each is end with a large ball and another end with a small ball for various size dotting</span></p><p><span style=\"color: rgb(0, 0, 0);\">-Multicolored nail striping tape: 10 pieces assorted colors can be used to design your own nail art nail patterns, highlight, etc. meeting your diversified needs, easy to paste in free form</span></p><p><span style=\"color: rgb(0, 0, 0);\">-Fantastic professional nail art set: Contain 15pcs nail art design brush set, 5pcs nail art 2-way drawing dotting painting pen,10pcs assorted colors nail striping tape, meets all you need for perfect nail art.</span></p><p><span style=\"color: rgb(0, 0, 0);\">-A great little gift ideas gifts for friends who like to do nail art.</span></p><p><span style=\"color: rgb(0, 0, 0);\">-Create Your Unique Nail Art Design.</span></p>',6,NULL,NULL,80,80,5,'percent',1695081600,1695859200,0,50,1,0,1,1,0,1,0,72,24,NULL,0,1,NULL,1,'2023-09-26 05:06:29','2023-09-26 05:06:29',NULL),(23,'Panaache Nail Pre-Color Application Kit','panaache-nail-pre-color-application-kit-0kxky',NULL,'<p> <span style=\"color: rgb(0, 0, 0);\">Get ready for the perfect nail colour application with Panache Nail Pre-Color Application Kit.</span></p><p><span style=\"color: rgb(0, 0, 0);\">-It includes Nail Clipper anti- skid with an anti-skid grip that prevents slipping, Nail Polish Remover Pads removes nail polish quickly without the mess associated with bottle, pair of Toe Separator and Finger Separator to avoid polish smudge.</span></p><p><span style=\"color: rgb(0, 0, 0);\">-For personal and professional use.</span></p><p><span style=\"color: rgb(0, 0, 0);\">-Expect a sleek finish</span></p><p><span style=\"color: rgb(0, 0, 0);\">-Anti-skid property ensures no slipping.</span></p><p><br></p>',5,NULL,NULL,42,42,0,'percent',NULL,NULL,0,10,1,1,1,1,0,1,0,72,24,NULL,0,1,NULL,1,'2023-09-26 05:08:50','2023-09-26 05:08:50',NULL),(24,'Majjestique 2 In 1 Plate Foot Scrubber & Emery Board Nail Filer - Color May Vary','majjestique-2-in-1-plate-foot-scrubber-emery-board-nail-filer-color-may-vary-qwela',NULL,'<p> <span style=\"color: rgb(0, 0, 0);\">-Introducing the Majestique 2-in-1 Plate Foot Scrubber and Emery Board Nail Filer - the perfect pedicure and manicure kit for clean and healthy feet and nails. This set includes two pieces in attractive multicolor that are sure to add a touch of style to any bathroom.</span></p><p><span style=\"color: rgb(0, 0, 0);\">-The unique plate foot scrubber is designed to gently scrub away dirt and grime from the soles of your feet while the Emery Board Nail Filer is perfect for filing and shaping your nails. The scrubber is made from durable plastic and features non-slip rubberized feet for extra stability.</span></p><p><span style=\"color: rgb(0, 0, 0);\">-The Emery Board is made from high-quality emery paper for a smooth finish. Whether you’re looking for a luxurious pedicure or a quick and easy manicure, the Majestique 2-in-1 Plate Foot Scrubber and Emery Board Nail Filer are the perfect tools for the job.</span></p>',11,NULL,NULL,59,59,0,'percent',NULL,NULL,0,20,1,1,1,1,0,1,0,72,24,NULL,0,1,NULL,1,'2023-09-26 05:11:33','2023-09-26 05:11:33',NULL),(25,'Bronson Professional Nail Filer And Cuticle Trimmer','bronson-professional-nail-filer-and-cuticle-trimmer-w8wxh',NULL,'<p> <span style=\"color: rgb(0, 0, 0);\">-Bronson Professional combines two functions in one that provides complete nail care. This essential nail filer has a two-sided nickel plated surface for smooth, gentle filling of nails while the cuticle trimmer trims the dead skin along the nails with outward strokes, making your cuticles and nails looking good.</span></p><p><span style=\"color: rgb(0, 0, 0);\">-Nail Files :- buffer to smooth, a stainless steel file to shape and a metal cuticle trimmer.Nail file made from high quality stainless steel and emery board.Deigned with double-end, one end is nail Exfoliating cutter ,another is nail file to shape your nail more smooth,provides you a comfortable nail doing</span></p><p><span style=\"color: rgb(0, 0, 0);\">-Nail Shape Organizer :- Nail art files work quickly to trim or shape the acrylic nail with your desires shape or length.Perfect to remove nail gel in your extended or fake nails.Will not damage your nail or acrylic nail ,make sure your finger toe nail smoothly in doing.</span></p>',2,NULL,NULL,32,32,0,'percent',NULL,NULL,0,30,1,1,1,1,0,1,0,72,24,NULL,0,1,NULL,1,'2023-09-26 05:13:07','2023-09-26 05:13:07',NULL),(26,'Vaadee Herbal Nail & Cuticle Oil with Jojoba Oil','vaadee-herbal-nail-cuticle-oil-with-jojoba-oil-fws50',NULL,'<p> <span style=\"color: rgb(0, 0, 0);\">-An Excellent way to moisturise and condition the nails and cuticle area. It mainly strengthens thin, weak nails by treating damaged cuticles at the root. It also prevents cracking and peeling of cuticles, making them smooth and nourished.</span></p><p><span style=\"color: rgb(0, 0, 0);\">*Why Use Cuticle Oil?</span></p><p><span style=\"color: rgb(0, 0, 0);\">-Cuticle oil is used to moisturize the cuticle, skin and nail area. It can protect the cuticle and nail against damage and improve the health and appearance of the cuticles and nails. Cuticle oil should not be used as a first-line of defense against dryness, but rather to fix extremely dry, cracked nails. Made of natural, rapidly absorbing vegetable oils, cuticle oil can also contain vitamins and citric acid.</span></p>',5,NULL,NULL,45,45,5,'percent',1696118400,1698710400,0,30,1,1,1,1,0,1,0,72,24,NULL,0,1,NULL,1,'2023-09-26 05:16:16','2023-09-26 05:16:16',NULL),(27,'L\'Occeetane Shea Butter Nail & Cuticle Nourishing Oil','locceetane-shea-butter-nail-cuticle-nourishing-oil-zokup',NULL,'<p> <span style=\"color: rgb(0, 0, 0);\">-Feel nourished up to your fingertips. Enriched with a high concentration of shea oil (30%), the Nail &amp; Cuticule Nourishing Oil soften your cuticles and strengthen your nails, nourishing every nook and cranny of them. It comes with a brush applicator for a quick and easy application. Be ready to have gorgeous nails !</span></p><p><span style=\"color: rgb(0, 0, 0);\">*Vegan friendly:</span></p><p><span style=\"color: rgb(0, 0, 0);\">-99% natural origin ingredients</span></p><p><span style=\"color: rgb(0, 0, 0);\">-97% readily biodegradable ingredients</span></p><p><span style=\"color: rgb(0, 0, 0);\">*Proven results:</span></p><p><span style=\"color: rgb(0, 0, 0);\">-100% Immediately after use, nails seem more beautiful</span></p><p><span style=\"color: rgb(0, 0, 0);\">-96% Cuticles seem intensely nourished</span></p><p><span style=\"color: rgb(0, 0, 0);\">-96% Cuticles look suppler</span></p>',11,4,NULL,25,40,0,'percent',NULL,NULL,0,15,1,1,1,1,1,1,0,72,24,NULL,0,1,NULL,1,'2023-09-26 05:18:32','2023-09-26 05:18:32',NULL),(28,'Buttter London Jelly Preserve Nail Strengthener - Victoria Plum','buttter-london-jelly-preserve-nail-strengthener-victoria-plum-tcbq3',NULL,'<p> <span style=\"color: rgb(0, 0, 0);\">-Give dry, brittle nails a much-needed break from polish, gel and acrylics and give your manicure the skin-loving, skincare benefits of this bestselling Jelly Preserve Sheer Strengthening Nail Treatment.</span></p><p><span style=\"color: rgb(0, 0, 0);\">-The revolutionary 2-in 1 translucent nail colour and 10-Free nail treatment formula gives the effect of a delicious sheer jelly look while working hard to rejuvenate the look of nails and helping to repair damage from harsh nail formulas and practices.</span></p>',5,4,NULL,55,55,0,'percent',NULL,NULL,0,10,1,1,1,1,1,1,0,72,24,NULL,0,1,NULL,1,'2023-09-26 05:20:31','2023-09-26 05:20:31',NULL),(29,'Nykaaa Nail Care - Get Even Ridge Filler','nykaaa-nail-care-get-even-ridge-filler-j9lvo',NULL,'<p> <span style=\"color: rgb(0, 0, 0);\">*Nykaa 7-in-1 Nail Spa</span></p><p><span style=\"color: rgb(0, 0, 0);\">-It is enriched with actives for stronger, smoother and shinier nails. This mircalous formula reinforces soft, weak, bitten or thin nails. Your nails look naturally healthy and rejuvenated!</span></p><p><span style=\"color: rgb(0, 0, 0);\">-Contains Acetyl-Methionine and Keratin-like Peptide that together add to the natural keratin to your nails to prevent them from breakage</span></p><p><span style=\"color: rgb(0, 0, 0);\">-Includes Hexanal: Powerful, patented aldehyde that hardens and improves the condition of the nails</span></p><p><span style=\"color: rgb(0, 0, 0);\">-Features Amino Acids that stimulate the nail growth</span></p><p><span style=\"color: rgb(0, 0, 0);\">-Has Vitamin E and Violet extract for hydration, antioxidant and protective power</span></p><p><span style=\"color: rgb(0, 0, 0);\">-Blend of Argan, Baobab Oils for nourishing property.</span></p>',6,4,NULL,45,45,0,'percent',NULL,NULL,0,40,1,0,1,1,1,1,0,72,24,NULL,0,1,NULL,1,'2023-09-26 05:22:50','2023-09-26 05:22:50',NULL),(30,'Pluum Color Affair 3-in-1 Strengthener, Base & Top Coat','pluum-color-affair-3-in-1-strengthener-base-top-coat-a166m',NULL,'<p> <span style=\"color: rgb(0, 0, 0);\">Plum Color Affair 3-in-1 Strengthener, Base &amp; Top Coat</span></p><p><span style=\"color: rgb(0, 0, 0);\">-Benefits</span></p><p><span style=\"color: rgb(0, 0, 0);\">*Strength *Hardening *Protection *Smoothing Hydration *NutritionShine</span></p>',7,4,NULL,15,32,0,'percent',NULL,NULL,0,30,1,1,1,1,1,1,0,72,24,NULL,0,1,NULL,1,'2023-09-26 05:27:31','2023-09-26 05:27:31',NULL),(31,'Sweess Beauty Pure Matte Lipstick - 206 Coral Red','sweess-beauty-pure-matte-lipstick-206-coral-red-ikysi',NULL,'<p> <span style=\"color: rgb(0, 0, 0);\">-Swiss Beauty presents a transfer-proof, creamy lipstick to complement every makeup look. This lipstick is formulated to give your lips a plush, soft feel and a single application lasts all day.</span></p><p><span style=\"color: rgb(0, 0, 0);\">-It has intense pigments that help provide the colour that lasts all day long. It\'s moisturizingly matte for your lips comfort.</span></p>',8,1,NULL,50,50,0,'percent',NULL,NULL,0,30,1,0,1,1,1,1,0,72,24,NULL,0,1,NULL,1,'2023-09-26 05:31:20','2023-09-26 05:31:20',NULL),(32,'Nykaaa So Matte! Mini Lipstick - 11 Naughty Nude','nykaaa-so-matte-mini-lipstick-11-naughty-nude-odkbo',NULL,'<p> <span style=\"color: rgb(0, 0, 0);\">Give a radiant touch to your whole look with Nykaa\'s So Matte!Mini Lipstick collection. Experience the same plush, pigment rich formula in Mini Version so it becomes a staple in your bag! The formulation delivers flawless coverage and assures precise application for a perfectly contoured pout. The creamy formula gives your lips a great matte finish. So up the ante with a sophisticated finishing touch to set off those glamorous evenings!</span></p><p><span style=\"color: rgb(0, 0, 0);\">-Smooth texture!</span></p><p><span style=\"color: rgb(0, 0, 0);\">-One stroke application</span></p><p><span style=\"color: rgb(0, 0, 0);\">-Subtle shades to enhance your natural lip colour.</span></p><p><span style=\"color: rgb(0, 0, 0);\">*Why should you make it yours?</span></p><p><span style=\"color: rgb(0, 0, 0);\">-The moisture rich Vitamin E extract assures soft, healthy, natural lip shade to ensure your lips stays matte-smooth all day. The creamy texture gives a smooth consistency to your lips. So Make these super affordable lip shades yours and rave about shades all day!</span></p>',6,1,NULL,50,50,0,'percent',NULL,NULL,0,10,1,1,1,1,1,1,0,72,24,NULL,0,1,NULL,1,'2023-09-26 05:36:06','2023-09-26 05:36:06',NULL),(33,'Lekme Absolute Matte Melt Mini Liquid Lip Color - Indie Maroon','lekme-absolute-matte-melt-mini-liquid-lip-color-indie-maroon-jfhuv',NULL,'<p> <span style=\"color: rgb(0, 0, 0);\">Game, Set, Matte! Fall mattely in love with our Nykaa Matteilicious Crayons. These lip crayons boasts a remarkable formula that pushes the boundaries of color intensity with an extreme matte formula. This supreme formula glides on your lips effortlessly giving you that matte finish that you’ve always craved for!</span></p><p><span style=\"color: rgb(0, 0, 0);\">-Made In Europe</span></p><p><span style=\"color: rgb(0, 0, 0);\">-Paraben Free</span></p><p><span style=\"color: rgb(0, 0, 0);\">-Extreme matte finish</span></p><p><span style=\"color: rgb(0, 0, 0);\">-No feathering</span></p><p><span style=\"color: rgb(0, 0, 0);\">-One stroke application</span></p>',9,1,NULL,60,60,0,'percent',NULL,NULL,0,30,1,1,1,1,1,1,0,72,24,NULL,0,1,NULL,1,'2023-09-26 05:38:30','2023-09-26 05:38:30',NULL),(34,'Nykaaa Eyes On Me! 10-in-1 Eyeshadow Palette - Sundowner Stunner','nykaaa-eyes-on-me-10-in-1-eyeshadow-palette-sundowner-stunner-x04k0',NULL,'<p> <span style=\"color: rgb(0, 0, 0);\">Nykaa Eyes On Me! 10-in-1 Eyeshadow Palette - Sundowner Stunner</span></p><p><span style=\"color: rgb(0, 0, 0);\">*Top Features</span></p><p><span style=\"color: rgb(0, 0, 0);\">-Complementary Shades To Create</span></p><p><span style=\"color: rgb(0, 0, 0);\">-Versatile Looks</span></p><p><span style=\"color: rgb(0, 0, 0);\">-High Pigment Properties</span></p><p><span style=\"color: rgb(0, 0, 0);\">-10 Hour Wear</span></p><p><span style=\"color: rgb(0, 0, 0);\">-Easy To Blend</span></p>',6,1,NULL,35,45,0,'percent',NULL,NULL,0,20,1,1,1,1,1,1,0,72,24,NULL,0,1,NULL,1,'2023-09-26 05:48:50','2023-09-26 05:48:50',NULL),(35,'Makeup Revolution Maxi Reloaded Palette - Large It Up','makeup-revolution-maxi-reloaded-palette-large-it-up-80xdf',NULL,'<p> <span style=\"color: rgb(0, 0, 0);\">-Listen up, the Revolution Maxi Reloaded Baby Grand is going to seriously up your makeup game. With a selection of powerful matte, shimmer and pressed glitter shades in a variety of mauve, lilac and purple shaded; you\'ll want to try out all 45 hues! The pigments are mixed with metallic glitters that, when added to matte shades, will add instant glam.</span></p><p><span style=\"color: rgb(0, 0, 0);\">-Use the beige and warm brown shades as a base, apply different tones of purple to the lids and use a thin eyeshadow brush to create a killer cut crease with the pops of fuchsia. Finish by highlighting with metallic copper, gold and pink glitter. Don\'t forget to show us your looks on Insta, we want to see the best poppin\' purple eyes!</span></p>',9,1,NULL,50,80,5,'percent',1696464000,1697587200,0,30,1,1,1,1,1,1,0,72,24,NULL,0,1,NULL,1,'2023-09-26 05:51:30','2023-09-26 05:51:30',NULL),(36,'Feces Caanada 3 In 1 All Day Hydra Matte Foundation - Absolute Ivory 012','feces-caanada-3-in-1-all-day-hydra-matte-foundation-absolute-ivory-012-oudxt',NULL,'<p> <span style=\"color: rgb(0, 0, 0);\">-Blends easily</span></p><p><span style=\"color: rgb(0, 0, 0);\">-Long stay</span></p><p><span style=\"color: rgb(0, 0, 0);\">-Medium to high coverage</span></p><p><span style=\"color: rgb(0, 0, 0);\">*Enriched with:</span></p><p><span style=\"color: rgb(0, 0, 0);\">-Vitamin c for brighter looking skin</span></p><p><span style=\"color: rgb(0, 0, 0);\">-Aloe vera for all day hydration</span></p>',3,4,NULL,30,55,0,'percent',NULL,NULL,0,15,1,0,1,1,1,1,0,72,24,NULL,0,1,NULL,1,'2023-09-26 05:53:39','2023-09-26 05:53:39',NULL),(37,'MyyGlamm Super Serum Foundation SPF 30 - 302W Wheat','myyglamm-super-serum-foundation-spf-30-302w-wheat-e1yus',NULL,'<p> <span style=\"color: rgb(0, 0, 0);\">-Cleanse and prep your face. Pump out a coin-sized amount</span></p><p><span style=\"color: rgb(0, 0, 0);\">-Dot all over your face and neck. Blend evenly for seamless coverage</span></p><p><span style=\"color: rgb(0, 0, 0);\">-Touch up with MyGlamm Super Serum Compact . throughout the day for transfer-resistant wear.</span></p>',11,1,NULL,20,40,0,'percent',NULL,NULL,0,30,1,1,1,1,1,1,0,72,24,NULL,0,1,NULL,1,'2023-09-26 05:59:03','2023-09-26 05:59:03',NULL),(38,'Majjestique Mushroom Head Sponge With Handle Case, Powder Puff For Dual-Use Dry & Wet- Color May Vary','majjestique-mushroom-head-sponge-with-handle-case-powder-puff-for-dual-use-dry-wet-color-may-vary-k1l5a',NULL,'<p> <span style=\"color: rgb(0, 0, 0);\">*Key Features:</span></p><p><span style=\"color: rgb(0, 0, 0);\">-Cleansing makeup sponge helps to apply and remove makeup</span></p><p><span style=\"color: rgb(0, 0, 0);\">-Made from a soft, porous material that absorbs and distributes makeup and other products evenly over the skin</span></p><p><span style=\"color: rgb(0, 0, 0);\">-Soft and gentle material that is gentle on the skin</span></p><p><span style=\"color: rgb(0, 0, 0);\">-Provides a flawless, natural-looking finish</span></p><p><span style=\"color: rgb(0, 0, 0);\">-Perfect for daily makeup or for a professional makeup artist</span></p><p><span style=\"color: rgb(0, 0, 0);\">*Benefits</span></p><p><span style=\"color: rgb(0, 0, 0);\">-Cleansing makeup sponges are a great way to apply and remove makeup.</span></p><p><span style=\"color: rgb(0, 0, 0);\">-They are usually made from a soft, porous material that absorbs and distributes makeup and other products evenly over the skin.</span></p>',12,NULL,NULL,42,42,0,'percent',NULL,NULL,0,50,1,1,1,1,0,1,0,72,24,NULL,0,1,NULL,1,'2023-09-26 06:00:47','2023-09-26 06:00:47',NULL),(39,'Sweess Beauty Professional Makeup Brush Sets(12 pcs)','sweess-beauty-professional-makeup-brush-sets12-pcs-c0dtf',NULL,'<p> <span style=\"color: rgb(0, 0, 0);\">-Swiss Beauty Professional Makeup Brush Set is a complete set of professional makeup brushes for the professional artist in you. It consists of 12 makeup brush sets.</span></p><p><span style=\"color: rgb(0, 0, 0);\">-It\'s convenient for travelling and setup. Featuring a wide range of brushes to amplify vibrant style in you. the fine brush set range can be used with - Compact powder, foundation, blusher, contouring, eyeshadow application, eyeshadow blending, liner, angular, lipstick, mascara and eyebrow grooming.</span></p>',8,NULL,NULL,35,35,5,'percent',1696118400,1698710400,0,50,1,1,1,1,0,1,0,72,24,NULL,0,1,NULL,1,'2023-09-26 06:02:20','2023-09-26 06:02:20',NULL),(40,'Beautiliss Makeup Brush Set With Faux Leather Bag - 7 Pcs','beautiliss-makeup-brush-set-with-faux-leather-bag-7-pcs-dw1ml',NULL,'<p> <span style=\"color: rgb(0, 0, 0);\">This kit includes:</span></p><p><span style=\"color: rgb(0, 0, 0);\">-Powder Brush: Allows for perfect application of face powders to achieve a natural-looking appearance.</span></p><p><span style=\"color: rgb(0, 0, 0);\">-Blending Brush: This densely packed bristle brush works well with both creamy and powder/baked eye shadows.</span></p><p><span style=\"color: rgb(0, 0, 0);\">-Large Eyeshadow Brush: Densely packed bristle brush works well with both creamy and powder/baked eye shadows, ideal for blending transition shades.</span></p><p><span style=\"color: rgb(0, 0, 0);\">-Small Eyeshadow Brush: Densely packed bristle brush works well with both creamy and powder/baked eye shadow, ideal for applying glitter or adding pop of colour to the lids.</span></p><p><span style=\"color: rgb(0, 0, 0);\">-Eyebrow Brush: An angled brush made from super soft, cruelty-free bristles ideal for precise eyebrow filling and defining.</span></p><p><span style=\"color: rgb(0, 0, 0);\">-Eyebrow Spoolie: Helps define and brush brow hair for a defined look.</span></p><p><span style=\"color: rgb(0, 0, 0);\">-Lip Brush: Line and fill your lips perfectly with this precise brush.</span></p>',8,NULL,NULL,42,42,0,'percent',NULL,NULL,0,20,1,0,1,1,0,1,0,72,24,NULL,0,1,NULL,1,'2023-09-26 06:03:41','2023-09-26 06:03:41',NULL),(41,'Bronnson Professional Eyebrow and Face Razor - Pack of 3','bronnson-professional-eyebrow-and-face-razor-pack-of-3-jrzvi',NULL,'<p> <span style=\"color: rgb(0, 0, 0);\">Benefit:</span></p><p><span style=\"color: rgb(0, 0, 0);\">-Cleansing makeup sponges are a great way to apply and remove makeup.</span></p><p><span style=\"color: rgb(0, 0, 0);\">-They are usually made from a soft, porous material that absorbs and distributes makeup and other products evenly over the skin.</span></p><p><span style=\"color: rgb(0, 0, 0);\">-Soft and gentle material that is gentle on the skin.</span></p><p><span style=\"color: rgb(0, 0, 0);\">-Absorbs and distributes makeup and other products evenly over the skin.</span></p>',8,NULL,NULL,38,38,0,'percent',NULL,NULL,0,30,1,1,1,1,0,1,0,72,24,NULL,0,1,NULL,1,'2023-09-26 06:05:50','2023-09-26 06:05:50',NULL),(42,'Majjestique Glitter Round Makeup Mirror 1X/2X Magnifying','majjestique-glitter-round-makeup-mirror-1x2x-magnifying-bsaqs',NULL,'<p> <span style=\"color: rgb(0, 0, 0);\">*Features:</span></p><p><span style=\"color: rgb(0, 0, 0);\">-Compact and portable: The round shape and small size of the makeup mirror makes it easy to carry and store.</span></p><p><span style=\"color: rgb(0, 0, 0);\">-Magnifying mirror: The makeup mirror provides up to 2x magnification, allowing you to get a closer look and detail when applying makeup.</span></p><p><span style=\"color: rgb(0, 0, 0);\">-Durable and sturdy: The makeup mirror is made from high-quality materials, making it strong and durable.</span></p><p><span style=\"color: rgb(0, 0, 0);\">-Adjustable stand: The makeup mirror features an adjustable stand that allows you to adjust the angle for a better view.</span></p><p><span style=\"color: rgb(0, 0, 0);\">*Benefits</span></p><p><span style=\"color: rgb(0, 0, 0);\">-Compact and Portable: The round shape and small size of the makeup mirror makes it easy to carry and store.</span></p><p><span style=\"color: rgb(0, 0, 0);\">-Magnifying Mirror: The makeup mirror provides up to 2x magnification, allowing you to get a closer look and detail when applying makeup.</span></p>',12,NULL,NULL,50,50,0,'percent',NULL,NULL,0,20,1,1,1,1,0,1,0,72,24,NULL,0,1,NULL,1,'2023-09-26 06:07:23','2023-09-26 06:07:23',NULL),(43,'GUUBB Beauty Surprise Kit, 4 Brushes, Beauty Blender and Eyelash Curler','guubb-beauty-surprise-kit-4-brushes-beauty-blender-and-eyelash-curler-4m1o5',NULL,'<p> <span style=\"color: rgb(0, 0, 0);\">Beauty Favourites</span></p><p><span style=\"color: rgb(0, 0, 0);\">-4 Makeup Brushes,</span></p><p><span style=\"color: rgb(0, 0, 0);\">-1 Eyelash Curler (Rose Gold)</span></p><p><span style=\"color: rgb(0, 0, 0);\">-1 Beauty Blender</span></p><p><span style=\"color: rgb(0, 0, 0);\">A Must-Have For Any Makeup Lover!</span></p>',4,NULL,NULL,40,40,0,'percent',NULL,NULL,0,30,1,1,1,1,0,1,0,72,24,NULL,0,1,NULL,1,'2023-09-26 06:09:23','2023-09-26 06:09:23',NULL),(44,'Feeama Radiant Glow Blackcurrant & Bearberry Shower Gel','feeama-radiant-glow-blackcurrant-bearberry-shower-gel-dnbpy',NULL,'<p> <span style=\"color: rgb(0, 0, 0);\">Soothe and relax your skin with Fiama Di Wills Shower Gel.</span></p><p><span style=\"color: rgb(0, 0, 0);\">-Enriched with Conditioner and Moisture Lock it helps to retain moisture of the skin to make it softer, smoother and supple.</span></p><p><span style=\"color: rgb(0, 0, 0);\">-The soft, buttery gel lathers well on the skin and eradicates all impurities to make it clean and clear.</span></p><p><span style=\"color: rgb(0, 0, 0);\">-It contains Blackcurrant and Bearberry extracts which pampers your skin and gives youthful glow.</span></p><p><span style=\"color: rgb(0, 0, 0);\">-Lucisous fragrance stays with you for long time.</span></p>',13,4,NULL,60,60,0,'percent',NULL,NULL,0,30,1,0,1,1,1,1,0,72,24,NULL,0,1,NULL,1,'2023-09-26 06:12:54','2023-09-26 06:12:54',NULL),(45,'\"Feeama Lavender & Vit C + Rose & Aloevera Shim Body Wash Combo (2 pcs)\"','feeama-lavender-vit-c-rose-aloevera-shim-body-wash-combo-2-pcs-5rpwz',NULL,'<p> <span style=\"color: rgb(0, 0, 0);\">Mesmerising fragrance that transports you to a tranquil place of peace and calm with an aromatic blend of Bergamot, Rosemary &amp; Geranium</span></p><p><span style=\"color: rgb(0, 0, 0);\">-100% Natural origin</span></p><p><span style=\"color: rgb(0, 0, 0);\">-100% Natural himalayan oil</span></p><p><span style=\"color: rgb(0, 0, 0);\">-Plant based cleanser</span></p><p><span style=\"color: rgb(0, 0, 0);\">-Mild &amp; gentle</span></p><p><span style=\"color: rgb(0, 0, 0);\">-Soap free</span></p><p><span style=\"color: rgb(0, 0, 0);\">-100% Recyclable packaging</span></p>',13,NULL,NULL,55,55,0,'percent',NULL,NULL,0,10,1,1,1,1,0,1,0,72,24,NULL,0,1,NULL,1,'2023-09-26 06:29:03','2023-09-26 06:29:03',NULL),(46,'mCaaffeine Epsom Bath Salt with Therapeutic Coffee Vanilla Fragrance - Detoxifies & Relieves Stress','mcaaffeine-epsom-bath-salt-with-therapeutic-coffee-vanilla-fragrance-detoxifies-relieves-stress-crkxx',NULL,'<p> <span style=\"color: rgb(0, 0, 0);\">*SALT N\' COFFEE TO</span></p><p><span style=\"color: rgb(0, 0, 0);\">-Relax &amp; De-Stress</span></p><p><span style=\"color: rgb(0, 0, 0);\">-Relaxes &amp; De-stresses</span></p><p><span style=\"color: rgb(0, 0, 0);\">-Relieves Pain</span></p><p><span style=\"color: rgb(0, 0, 0);\">-Soothing Coffee-Vanilla</span></p><p><span style=\"color: rgb(0, 0, 0);\">-Fragrance</span></p><p><span style=\"color: rgb(0, 0, 0);\">*How to use it?</span></p><p><span style=\"color: rgb(0, 0, 0);\">-Step 1: Add 2 spoons of Coffee Bath Salt to warm water.</span></p><p><span style=\"color: rgb(0, 0, 0);\">-Step 2: Soak in and relax for at least 15-20 minutes.</span></p><p><span style=\"color: rgb(0, 0, 0);\">-Step 3: Take a quick shower and come out refreshed.</span></p>',4,1,NULL,50,100,0,'percent',NULL,NULL,0,30,1,1,1,1,1,1,0,72,24,NULL,0,1,NULL,1,'2023-09-26 06:31:24','2023-09-26 06:31:24',NULL),(47,'BLIISCENT Orange & Lime Bath and Foot Soak','bliiscent-orange-lime-bath-and-foot-soak-95yrr',NULL,'<p><span style=\"color: rgb(0, 0, 0);\">-The Bliscent Orange &amp; Lime Foot Soak is a zesty and refreshing blend of salts and essential oils that eliminates toxins and dead skin from the feet. The uplifting scent of Orange and Lime will soothe your sense and make you feel relaxed.</span></p><p><span style=\"color: rgb(0, 0, 0);\">*Features:</span></p><p><span style=\"color: rgb(0, 0, 0);\">-Natural detox for the feet</span></p><p><span style=\"color: rgb(0, 0, 0);\">-Helps ease muscle tension and pain</span></p><p><span style=\"color: rgb(0, 0, 0);\">-Eliminates toxins and softens rough skin</span></p><p><span style=\"color: rgb(0, 0, 0);\">-All products are SLS and Paraben free</span></p><p><span style=\"color: rgb(0, 0, 0);\">-100% Vegan and cruelty free</span> </p>',13,NULL,NULL,78,78,0,'percent',NULL,NULL,0,20,1,1,1,1,0,1,0,72,24,NULL,0,1,NULL,1,'2023-09-26 06:33:03','2023-09-26 06:33:03',NULL),(48,'mCaaffeine Body Polishing Kit - Exfoliation, Tan Removal & Moisturization - Coffee Body Scrub & Choco Body Butter','mcaaffeine-body-polishing-kit-exfoliation-tan-removal-moisturization-coffee-body-scrub-choco-body-butter-twhjo',NULL,'<p> <span style=\"color: rgb(0, 0, 0);\">*How to Use</span></p><p><span style=\"color: rgb(0, 0, 0);\">-Apply body scrub on wet body.</span></p><p><span style=\"color: rgb(0, 0, 0);\">-Massage in circular motions.</span></p><p><span style=\"color: rgb(0, 0, 0);\">-Rinse &amp; pat dry.</span></p><p><span style=\"color: rgb(0, 0, 0);\">-Follow up with application of body butter.</span></p><p><span style=\"color: rgb(0, 0, 0);\">*The Good We Are</span></p><p><span style=\"color: rgb(0, 0, 0);\">-PETA Certified Vegan</span></p><p><span style=\"color: rgb(0, 0, 0);\">-Made Safe</span></p><p><span style=\"color: rgb(0, 0, 0);\">-FDA-approved</span></p><p><span style=\"color: rgb(0, 0, 0);\">-Dermatologically-tested</span></p><p><span style=\"color: rgb(0, 0, 0);\">-Gender-neutral</span></p><p><span style=\"color: rgb(0, 0, 0);\">-Inclusive</span></p><p><span style=\"color: rgb(0, 0, 0);\">*The Bad We Beat</span></p><p><span style=\"color: rgb(0, 0, 0);\">-Testing on Animals</span></p><p><span style=\"color: rgb(0, 0, 0);\">-Parabens in formulation</span></p><p><span style=\"color: rgb(0, 0, 0);\">-SLS in products</span></p>',4,NULL,NULL,58,58,0,'percent',NULL,NULL,0,30,1,1,1,1,0,1,0,72,24,NULL,0,1,NULL,1,'2023-09-26 06:34:57','2023-09-26 06:34:57',NULL),(49,'Chemistt at Play Underarm Roll On Controls Odour -5% AHA- Aqua Fragrance','chemistt-at-play-underarm-roll-on-controls-odour-5-aha-aqua-fragrance-y7ehh',NULL,'<p> <span style=\"color: rgb(0, 0, 0);\">*What Does it Do?</span></p><p><span style=\"color: rgb(0, 0, 0);\">Exfoliates and Refreshes:</span></p><p><span style=\"color: rgb(0, 0, 0);\">-Controls odour by removing smelly bacteria</span></p><p><span style=\"color: rgb(0, 0, 0);\">-Is not sticky or icky</span></p><p><span style=\"color: rgb(0, 0, 0);\">-No Patches on your clothes</span></p><p><span style=\"color: rgb(0, 0, 0);\">-Helps even the skin tone</span></p><p><span style=\"color: rgb(0, 0, 0);\">*Ingredients:</span></p><p><span style=\"color: rgb(0, 0, 0);\">-4% Lactic Acid: Eliminates dead skin cells</span></p><p><span style=\"color: rgb(0, 0, 0);\">-1 Mandelic Acid:</span></p><p><span style=\"color: rgb(0, 0, 0);\">*Reduces dark spots and evens out skin tone</span></p>',7,4,NULL,40,55,0,'percent',NULL,NULL,0,30,1,0,1,1,1,1,0,72,24,NULL,0,1,NULL,1,'2023-09-26 06:36:59','2023-09-26 06:36:59',NULL),(50,'Jaguaar Body Spray Deodorant Spray - For Men','jaguaar-body-spray-deodorant-spray-for-men-sixba',NULL,'<p> <span style=\"color: rgb(0, 0, 0);\">-The legendary fragrance composition: a citrus-herbal fragrance reflecting the classic image of Jaguaar. A harmony of bergamot, grapefruit, tangerine and orange evokes a note of freshness as a touch of gardenia gives it an accent.</span></p><p><span style=\"color: rgb(0, 0, 0);\">-Sensuality comes from its \"heart\" with nutmeg and cloves, while sandalwood, pine and cedar mix with patchouli for mysterious overtones. All based on masculine notes of amber, tobacco and leather.</span></p>',7,4,NULL,50,50,0,'percent',NULL,NULL,0,50,1,1,1,1,1,1,0,72,24,NULL,0,1,NULL,1,'2023-09-26 06:38:45','2023-09-26 06:38:45',NULL),(51,'Adiddas Ice Dive Edt Spray','adiddas-ice-dive-edt-spray-xtdil',NULL,'<p> <span style=\"color: rgb(0, 0, 0);\">-It is recommended for daily wear</span></p><p><span style=\"color: rgb(0, 0, 0);\">-The composition is built of a perfect harmony of sweet and salty notes of sea water and nuances of sunny warmth on your skin</span></p><p><span style=\"color: rgb(0, 0, 0);\">-This is high quality product made of high quality material</span></p><p><span style=\"color: rgb(0, 0, 0);\">-Packaging for this product may vary from that shown in the image above</span></p><p><span style=\"color: rgb(0, 0, 0);\">-This item is not for sale in Catalina Island</span></p>',14,4,NULL,50,75,0,'percent',NULL,NULL,0,30,1,1,1,1,1,1,0,72,24,NULL,0,1,NULL,1,'2023-09-26 06:40:22','2023-09-26 06:40:22',NULL),(52,'Bolld Care Ocean Fresh Antiperspirant & Anti-Sweat Deodorant Roll-on for Men','bolld-care-ocean-fresh-antiperspirant-anti-sweat-deodorant-roll-on-for-men-w4p4d',NULL,'<p> <span style=\"color: rgb(0, 0, 0);\">-Bolld Care Ocean Fresh Antiperspirant and Anti-sweat Deodorant Roll-on ensures all-day freshness with protection against bad odour and controls sweating. This roll-on is free from harmful chemicals and has also been dermatologist tested to ensure that it is safe for all skin types.</span></p><p><span style=\"color: rgb(0, 0, 0);\">*Features:</span></p><p><span style=\"color: rgb(0, 0, 0);\">-Beat the heat: This anti-sweat roll-on is designed to help men with hyperhidrosis and reduce excessive sweating. Get an instant cooling sensation and a long-lasting fragrance!</span></p><p><span style=\"color: rgb(0, 0, 0);\">-Alcohol-free: This anti-sweat roll-on is completely alcohol-free to ensure that it is safe for daily usage on your skin. The roll-on is also dermatologist tested to ensure that it is safe for all skin types.</span></p><p><span style=\"color: rgb(0, 0, 0);\">-Free from harmful chemicals: Bold Care Ocean Fresh Anti-sweat Roll On for Men is designed to be completely safe for daily usage. It doesn\'t contain any harmful chemicals and is sulphate and paraben free for your safety.</span></p>',14,4,NULL,40,65,0,'percent',NULL,NULL,0,50,1,1,1,1,1,1,0,72,24,NULL,0,1,NULL,1,'2023-09-26 06:42:41','2023-09-26 06:42:41',NULL),(53,'Doove Men + Care Sport Active + Fresh Dry Spray Antiperspirant Deodorant','doove-men-care-sport-active-fresh-dry-spray-antiperspirant-deodorant-kqmgz',NULL,'<p> <span style=\"color: rgb(0, 0, 0);\">-Feel The Freshness With Dove Men+Care Sport Active + Fresh Deodorant Spray, You Get To Feel The Long-Lasting Freshness That Stays Ceaseless And Exhilarates Your Mood For Up To 48 Hours</span></p><p><span style=\"color: rgb(0, 0, 0);\">-Powerful Fragrance: Dove’S Antiperspirant Deodorant Brings You A Unique, Powerful &amp; Soothing Formula That Gets Instantly Dry To Give You An Instant Fresh Feel. This Dry Spray Has An Irrevocably Appealing And Subtle Long-Lasting Fragrance That Cheers You Up For A Refreshing &amp; Thrilling Day</span></p><p><span style=\"color: rgb(0, 0, 0);\">-Protection From Sweat &amp; Odour: An Antiperspirant Deodorant Made To Boost Your Comfort Level And Raise Your Confidence. Dove Sport Active &amp; Fresh Dry Spray Offers You Protection From Sweat And Odour For Up To 48 Hours</span></p><p><span style=\"color: rgb(0, 0, 0);\">-Dove’S Care For Men: Made With 1/4 Moisturising Technology, Dove Body Spray For Men Soothes And Conditions Skin Giving It A Comforting Feel. The Moisturising Formula Also Hydrates Skin To Protect It Against Irritation &amp; Dryness</span></p><p><span style=\"color: rgb(0, 0, 0);\">-Comfort That Your Skin Loves:The Antiperspirant Deo Spray For Men Is Dermatologically Proven And Skin-Friendly. Dove Deo Spray Is Surely Tough On Sweat But Not On The Skin</span></p>',14,4,NULL,75,75,0,'percent',NULL,NULL,0,50,1,1,1,1,1,1,0,72,24,NULL,0,1,NULL,1,'2023-09-26 06:44:52','2023-09-27 04:20:18',NULL),(54,'Moii By Nykaaa Mini Pocket Perfume - Joie De Vivre','moii-by-nykaaa-mini-pocket-perfume-joie-de-vivre-mxhle',NULL,'<p> <span style=\"color: rgb(0, 0, 0);\">Moii by Nykaaa is a collection of fragrances that takes its name from the French word ‘moi’ translating to ‘me’. The collection is crafted as a fragrance wardrobe, to offer you a scent for every mood. These mini versions are easy to carry so you can now travel with your signature fragrances!</span></p>',6,4,NULL,70,90,0,'percent',NULL,NULL,0,29,1,1,1,1,1,1,0,72,24,NULL,0,1,NULL,1,'2023-09-26 06:47:04','2023-09-26 06:47:04',NULL),(55,'Rammsons You are lovely Eau De Perfume','rammsons-you-are-lovely-eau-de-perfume-kh79u',NULL,'<p> <span style=\"color: rgb(0, 0, 0);\">*Top note:</span></p><p><span style=\"color: rgb(0, 0, 0);\">Bergamot, Peach, Orange, Grapefruit, Aquatic</span></p><p><span style=\"color: rgb(0, 0, 0);\">*Heart note:</span></p><p><span style=\"color: rgb(0, 0, 0);\">Bergamot, Peach, Orange, Grapefruit, Aquatic</span></p><p><span style=\"color: rgb(0, 0, 0);\">*Base note:</span></p><p><span style=\"color: rgb(0, 0, 0);\">Woody, Musk, Vanilla, Amber</span></p>',7,4,NULL,30,60,0,'percent',NULL,NULL,0,25,1,1,1,1,1,1,0,72,24,NULL,0,1,NULL,1,'2023-09-26 06:49:04','2023-09-27 04:20:19',NULL),(56,'mCaaffeine Coffee Body Butter With Berries','mcaaffeine-coffee-body-butter-with-berries-vtpom',NULL,'<p> <span style=\"color: rgb(0, 0, 0);\">*Deeply Moisturizes:</span></p><p><span style=\"color: rgb(0, 0, 0);\">-A rich blend of Shea Butter &amp; Vit C rich Berries extract, it provides deep and long-lasting moisturization.</span></p><p><span style=\"color: rgb(0, 0, 0);\">*Nourishes Dry Skin:</span></p><p><span style=\"color: rgb(0, 0, 0);\">-This non-sticky &amp; non-greasy Body Butter nourishes and hydrates dry skin, and heals rough patches.</span></p><p><span style=\"color: rgb(0, 0, 0);\">*Softens &amp; Smoothes Skin:</span></p><p><span style=\"color: rgb(0, 0, 0);\">-This fast-absorbing Butter offers intense moisturization that softens dry patches and soothes itchy skin.</span></p><p><span style=\"color: rgb(0, 0, 0);\">*Fruity Coffee-Berry Aroma:</span></p><p><span style=\"color: rgb(0, 0, 0);\">-The buttery blend of Coffee &amp; Berries makes the skin smooth, as the irresistible aroma refreshes the senses.</span></p>',4,1,NULL,89,89,0,'percent',NULL,NULL,0,20,1,1,1,1,1,1,0,72,24,NULL,0,1,NULL,1,'2023-09-26 06:50:43','2023-09-26 06:50:43',NULL),(57,'Nykaaa Wanderlust Strawberry Daiquiri Body Yogurt','nykaaa-wanderlust-strawberry-daiquiri-body-yogurt-dh61g',NULL,'<p> <span style=\"color: rgb(0, 0, 0);\">Wanderlust Bath &amp; Body Collection, bottles up all your travel experiences with fragrances that still linger at the back of your head. Let\'s revisit those lands and fill your heart with memories with our floral fragrance and treat your skin to the comfort and well-being it deserves! Key Features</span></p><p><span style=\"color: rgb(0, 0, 0);\">*Light weight moisturizer</span></p><p><span style=\"color: rgb(0, 0, 0);\">-Gel-Based, non-greasy formula</span></p><p><span style=\"color: rgb(0, 0, 0);\">-Absorbs instantly, hydration lasts upto 8 hours</span></p><p><span style=\"color: rgb(0, 0, 0);\">-Enriched with AHAS</span></p>',6,4,NULL,60,95,0,'percent',NULL,NULL,0,55,1,1,1,1,1,1,0,72,24,NULL,0,1,NULL,1,'2023-09-26 06:52:53','2023-09-26 06:52:53',NULL),(58,'Lovve Beauty & Planet Aloe Vera & Eucalyptus Hydro Body Gel','lovve-beauty-planet-aloe-vera-eucalyptus-hydro-body-gel-vtope',NULL,'<p> <span style=\"color: rgb(0, 0, 0);\">Natural Aloe Vera</span></p><p><span style=\"color: rgb(0, 0, 0);\">-our quick-absorbing hydrating gel is made with aloe vera cultivated in Mexico. It\'s packed with vitamins A,C, E, antioxidants &amp; enzymes to intensely hydrate &amp; soothe skin</span></p><p><span style=\"color: rgb(0, 0, 0);\">-plant-based moisturizers</span></p><p><span style=\"color: rgb(0, 0, 0);\">-100% vegan</span></p><p><span style=\"color: rgb(0, 0, 0);\">-PETA certified cruelty-free</span></p>',14,4,NULL,60,120,0,'percent',NULL,NULL,0,70,1,1,1,1,1,1,0,72,24,NULL,0,1,NULL,1,'2023-09-26 06:54:54','2023-09-26 06:54:54',NULL),(59,'Nykaaa Wanderlust Mediterranean Sea Salt Body Yogurt','nykaaa-wanderlust-mediterranean-sea-salt-body-yogurt-c4qvc',NULL,'<p> <span style=\"color: rgb(0, 0, 0);\">-Wanderlust Bath &amp; Body Collection, bottles up all your travel experiences with fragrances that still linger at the back of your head.</span></p><p><span style=\"color: rgb(0, 0, 0);\">-Let\'s revisit those lands and fill your heart with memories with our floral fragrance and treat your skin to the comfort and well-being it deserves!</span></p><p><span style=\"color: rgb(0, 0, 0);\">*Key Features</span></p><p><span style=\"color: rgb(0, 0, 0);\">-Light weight moisturizer</span></p><p><span style=\"color: rgb(0, 0, 0);\">-Gel-Based, non-greasy formula</span></p><p><span style=\"color: rgb(0, 0, 0);\">-Absorbs instantly, hydration lasts upto 8 hours</span></p><p><span style=\"color: rgb(0, 0, 0);\">-Enriched with AHAs</span></p>',6,4,NULL,68,68,0,'percent',NULL,NULL,0,50,1,1,1,1,1,1,0,72,24,NULL,0,1,NULL,1,'2023-09-26 06:57:03','2023-09-26 06:57:03',NULL),(60,'Lorreal Pariis Glycolic Bright Day Cream With SPF17 Glycolic Acid & Niacinamide Reduces Dark Spots','lorreal-pariis-glycolic-bright-day-cream-with-spf17-glycolic-acid-niacinamide-reduces-dark-spots-a4ro0',NULL,'<p> <span style=\"color: rgb(0, 0, 0);\">SCIENCE OF GLYCOLIC ACID</span></p><p><span style=\"color: rgb(0, 0, 0);\">*WHAT IS IT?</span></p><p><span style=\"color: rgb(0, 0, 0);\">-Glycolic Acid is the smallest and the lightest Alpha-Hydroxy Acid molecule which is used by Dermatologists to treat dark spots.</span></p><p><span style=\"color: rgb(0, 0, 0);\">*HOW DOES IT WORK?</span></p><p><span style=\"color: rgb(0, 0, 0);\">-It goes deep into the skin and removes melanin to reduce dark spots.</span></p><p><span style=\"color: rgb(0, 0, 0);\">-It also works on the skin surface and removes dead cells to reveal bright skin.</span></p>',14,4,NULL,40,55,0,'percent',NULL,NULL,0,70,1,1,1,1,1,1,0,72,24,NULL,0,1,NULL,1,'2023-09-26 06:59:49','2023-09-26 06:59:49',NULL),(61,'Lekme Absolute Perfect Radiance Skin Brightening Day Creme','lekme-absolute-perfect-radiance-skin-brightening-day-creme-wfh00',NULL,'<p> <span style=\"color: rgb(0, 0, 0);\">*Reveal Hi-Res Crystal Radiance with the Skin Brightening Day Crème</span></p><p><span style=\"color: rgb(0, 0, 0);\">-Bright &amp; illuminated look</span></p><p><span style=\"color: rgb(0, 0, 0);\">-Mattifying look</span></p><p><span style=\"color: rgb(0, 0, 0);\">-With sunscreens that help to protect from harmful rays</span></p><p><span style=\"color: rgb(0, 0, 0);\">*HOW TO USE</span></p><p><span style=\"color: rgb(0, 0, 0);\">-Lightly scoop out the creme.</span></p><p><span style=\"color: rgb(0, 0, 0);\">-Dot your forehead, cheeks, nose and chin.</span></p><p><span style=\"color: rgb(0, 0, 0);\">-Gently massage the creme in circular motions.</span></p>',9,1,NULL,64,64,0,'percent',NULL,NULL,0,50,1,1,1,1,1,1,0,72,24,NULL,0,1,NULL,1,'2023-09-26 07:02:04','2023-09-26 07:02:04',NULL),(62,'Agaaro HD-1120 2000 Watts Professional Hair Dryer With Ac Motor','agaaro-hd-1120-2000-watts-professional-hair-dryer-with-ac-motor-jwyvv',NULL,'<p> <span style=\"color: rgb(0, 0, 0);\">Features:</span></p><p><span style=\"color: rgb(0, 0, 0);\">-Professional hair dryer that styles hair effortlessly</span></p><p><span style=\"color: rgb(0, 0, 0);\">-Powerful AC motor delivers the perfect airflow and temperature</span></p><p><span style=\"color: rgb(0, 0, 0);\">-Features 2 speed and 3 temperature settings for easy styling</span></p><p><span style=\"color: rgb(0, 0, 0);\">-Cool shot button provides a burst of cold air to set the hairstyle</span></p><p><span style=\"color: rgb(0, 0, 0);\">-Auto shut-off function prevents overheating</span></p><p><span style=\"color: rgb(0, 0, 0);\">-The dryer has a 2.5 meter long cord for ease of movement</span></p><p><span style=\"color: rgb(0, 0, 0);\">-Attachments: Diffuser, concentrator nozzle, and comb attachments</span></p>',12,NULL,NULL,70,70,0,'percent',NULL,NULL,0,50,1,1,1,1,0,1,0,72,24,NULL,0,1,NULL,1,'2023-09-26 07:04:50','2023-09-26 07:04:50',NULL),(63,'Ikoniq Me 3 In 1 Express Styler - Pink','ikoniq-me-3-in-1-express-styler-pink-xhbum',NULL,'<p> <span style=\"color: rgb(0, 0, 0);\">-The 3 in 1 express styler combines a conventional blow dryer with a volumizer and a styler. It can produce excellent results and versatile styling on all types of hair.</span></p><p><span style=\"color: rgb(0, 0, 0);\">*Features:</span></p><p><span style=\"color: rgb(0, 0, 0);\">-All Rounder Hair Styler: The use of a hair dryer and styling comb together is ideal. You can blow-dry your hair while also straightening or curling it! Frizz Free blow-dry in half the time or less.</span></p><p><span style=\"color: rgb(0, 0, 0);\">-Brush Head: Brush head make straightening, curling, and volumizing a breeze.</span></p><p><span style=\"color: rgb(0, 0, 0);\">-Head Released Button: Easy to change brush heads just by pressing the button.</span></p><p><span style=\"color: rgb(0, 0, 0);\">-Ceramic Titanium Tourmaline Coated Barrel: Helps reduce damage from over styling.</span></p><p><span style=\"color: rgb(0, 0, 0);\">-Innovative Airflow Vents: For better coverage and quicker drying.</span></p><p><span style=\"color: rgb(0, 0, 0);\">-Mixed Styling Bristes: Helps grip and dry hair faster for smooth, voluminous results.</span></p><p><span style=\"color: rgb(0, 0, 0);\">-More Volume 2.4 Oval Head Barrel: For close to root styling and boosting volume.</span></p><p><span style=\"color: rgb(0, 0, 0);\">-75% Shinier: Blowouts that are 75% shinier and take half as long.</span></p><p><span style=\"color: rgb(0, 0, 0);\">-220-240V 50/60Hz Class II 1200W.</span></p>',15,NULL,NULL,80,80,0,'percent',NULL,NULL,0,30,1,1,1,1,0,1,0,72,24,NULL,0,1,NULL,1,'2023-09-26 07:06:24','2023-09-26 07:06:24',NULL),(64,'Havellss HC4085 - 1000 Watts Air Care Styler, Pre-Styling Half Brush and Drying Nozzle, Styling Curlers, Smoothening Roller Brush; Suitable for All Hair Types (Black)','havellss-hc4085-1000-watts-air-care-styler-pre-styling-half-brush-and-drying-nozzle-styling-curlers-smoothening-roller-brush-suitable-for-all-hair-types-black-h3ikp',NULL,'<p> <span style=\"color: rgb(0, 0, 0);\">-Pre-styling half brush comb and nozzle - dries the wet hair, to prep for styling</span></p><p><span style=\"color: rgb(0, 0, 0);\">-Soft smoothing roller brush - use for natural straight hair or big curls</span></p><p><span style=\"color: rgb(0, 0, 0);\">-Shrinkable style brush - to give volume and shape fine, flat hair</span></p><p><span style=\"color: rgb(0, 0, 0);\">-19 mm curling iron - to create beautiful s curls</span></p><p><span style=\"color: rgb(0, 0, 0);\">-3 temperature settings- cool, warm and hot settings for perfect end result</span></p><p><span style=\"color: rgb(0, 0, 0);\">-1000 w creates optimum level of airflow for a gentle drying</span></p><p><span style=\"color: rgb(0, 0, 0);\">-1.8 m power cord - ensures comfort and flexibility</span></p>',16,NULL,NULL,100,100,0,'percent',NULL,NULL,0,10,1,1,1,1,0,1,0,72,24,NULL,0,1,NULL,1,'2023-09-26 07:08:21','2023-09-26 07:08:21',NULL),(65,'Pheelips BHH816/00 Crimp, Straighten or Curl with the single tool, quickly and without fear of heat damage & 50 Watt Thermo Protect Technology Heated Hair Straightening Brush','pheelips-bhh81600-crimp-straighten-or-curl-with-the-single-tool-quickly-and-without-fear-of-heat-damage-50-watt-thermo-protect-technology-heated-hair-straightening-brush-m8rpa',NULL,'<p> <span style=\"color: rgb(0, 0, 0);\">-Product 1: Create your favourite styles, from sleek and chic straight hair to effortlessly casual waves, or beautiful textured crimps - you can do it all</span></p><p><span style=\"color: rgb(0, 0, 0);\">-Product 1: Crimper for defined textures - Crimper plates for defined textures, gives hair a more layered look</span></p><p><span style=\"color: rgb(0, 0, 0);\">-Product 2: Silk ProCare to minimize heat damage on hair.</span></p><p><span style=\"color: rgb(0, 0, 0);\">-Product 2: Large Paddle -shaped brush to straighten more hair in one go</span></p>',17,NULL,NULL,70,70,0,'percent',NULL,NULL,0,50,1,1,1,1,0,1,0,72,24,NULL,0,1,NULL,1,'2023-09-26 07:10:30','2023-09-26 07:10:30',NULL),(66,'Pheelips BHHS397/40 Kerashine Titanium Straightener With SilkProtect Technology','pheelips-bhhs39740-kerashine-titanium-straightener-with-silkprotect-technology-0j98f',NULL,'<p><span style=\"color: rgb(0, 0, 0);\">Features:</span></p><p><span style=\"color: rgb(0, 0, 0);\">-Keratin ceramic plates for smooth gliding and shiny hair: This straightener has keratin infused ceramic plates for ultimate shine and ultrasmooth gliding.</span></p><p><span style=\"color: rgb(0, 0, 0);\">-Ionic care for shiny, frizz-free hair: Charged negative ions eliminate static, condition the hair and smooth down the hair cuticles to intensify the hair\'s shine and glossiness. The result is smooth, frizz-free hair with vibrant shine.</span></p><p><span style=\"color: rgb(0, 0, 0);\">-Fast heat-up time, ready to use in 60 sec: The straightener has a fast heat-up time, being ready to use in 60 seconds.</span></p><p><span style=\"color: rgb(0, 0, 0);\">-2 temperature settings: Lower temperature for last minute touch ups and gentle styling. Higher temperature for long lasting results.</span></p><p><span style=\"color: rgb(0, 0, 0);\">-210C professional high heat for perfect salon results: This high temperature enables you change the shape of your hair and gives you that perfect look like you\'ve just come from the salon.</span> </p>',17,NULL,NULL,50,50,0,'percent',NULL,NULL,0,50,1,1,1,1,0,1,0,72,24,NULL,0,1,NULL,1,'2023-09-26 07:11:57','2023-09-26 07:11:57',NULL),(67,'Hair Styling Comb Set Teasing Hair Brush Rat Tail Comb Edge Brush for Edge&Back Brushing, Combing, Slicking Hair for Women (Black)','hair-styling-comb-set-teasing-hair-brush-rat-tail-comb-edge-brush-for-edgeback-brushing-combing-slicking-hair-for-women-black-xizf9',NULL,'<p> <span style=\"color: rgb(0, 0, 0);\">-What you get: You will receive 2 piece of double sided hair edge brush, 2 piece of 3 row salon teasing brush, 2 piece of rat tail comb,6 piece of hair clips, you will have a nice combination set for your hair care.</span></p><p><span style=\"color: rgb(0, 0, 0);\">-Convenient to use: The double sided hair edge brush can bring convenience to your hair design, because their size can be easily held in your hand, which brings convenience for rotating and changing the position of hair combing, so you can control the hair well and fix them.</span></p><p><span style=\"color: rgb(0, 0, 0);\">-Functions: They are suitable for combing bangs, hairlines, hair edge, eyebrows and eyelashes, back hair, or parting hair. You can also add hair stick or wax to make your hairstyle more beautiful during using.</span></p><p><span style=\"color: rgb(0, 0, 0);\">-Practical design: The handle of hair edge brush is designed according to ergonomics, which is comfortable and convenient, so it can be applied at multiple angles and can be applied easily, making your use effortlessly.</span></p>',17,NULL,NULL,56,56,0,'percent',NULL,NULL,0,30,1,1,1,1,0,1,0,72,24,NULL,0,1,NULL,1,'2023-09-26 07:13:37','2023-09-26 07:13:37',NULL),(68,'Hair section clips set of 6 red Professional Hair Styling Plastic Clips Sectioning, Non-Slip Hairdresser for Thick Hair Large Hairpin for Women','hair-section-clips-set-of-6-red-professional-hair-styling-plastic-clips-sectioning-non-slip-hairdresser-for-thick-hair-large-hairpin-for-women-j6xto',NULL,'<p> <span style=\"color: rgb(0, 0, 0);\">-High quality – Premium hair clips with a high elasticity metal spring which last long even after repeated use. Strong and durable plastic clips can hold hair tight.</span></p><p><span style=\"color: rgb(0, 0, 0);\">-Wide teeth styling hair clip - This set of 6 hair clips are designed with wide teeth to keep your hair in place without leaving a dent, These great hair sectioning clips make styling and hair drying easier.</span></p><p><span style=\"color: rgb(0, 0, 0);\">-No slip - Non-slip grip secures the hold and prevents your fingers from slipping. Clips are also finger length, curved to the contour of the head. These hair clips hold even large sections of hair without slipping or damaging. They can easily be used to pin up hair without pinching!</span></p><p><span style=\"color: rgb(0, 0, 0);\">-Made for hairstylists – These crocodile clips are perfect for straightening, coloring, blow-drying, cutting, and styling every men and women\'s hair. different size teeth adjust to hold any kind of hair regardless of amount, thickness, or type. They’re also perfect use for Holding Foils in place during applications of hair coloring, bleaching, and treatments.</span></p>',17,NULL,NULL,63,63,0,'percent',NULL,NULL,0,50,1,1,1,1,0,1,0,72,24,NULL,0,1,NULL,1,'2023-09-26 07:16:23','2023-09-26 07:16:23',NULL),(69,'Miraamar 4 PCS Hair Stylists Professional Styling Comb Set Variety Pack Great for All Hair Types & Styles Paddle and Round Hair Brush Straightener For Women/Men, Dressing Comb for women','miraamar-4-pcs-hair-stylists-professional-styling-comb-set-variety-pack-great-for-all-hair-types-styles-paddle-and-round-hair-brush-straightener-for-womenmen-dressing-comb-for-women-a8wac',NULL,'<p> <span style=\"color: rgb(0, 0, 0);\">-Package Include: This 4 Pieces Pro Set (1 Paddle brush, 1 Round Hair Straightener and 2 dressing Comb/ kanghi), includes everything you could possibly need, Total 4 Pcs. It is suitable for all kinds of hair. It is a good helper for keeping your hair smooth.</span></p><p><span style=\"color: rgb(0, 0, 0);\">-Professional styling comb: Wide tooth rat tail comb, Fine tooth pin tail comb,3 in 1 comb, Fine tooth rat tail comb, Coarse and Fine Toothed Pocket Comb, Tail Comb,Triple Teasing Comb, Waves Pick Comb. Detangling Comb. Styling comb. These are Professional styling comb collection, Keep your perfect hairstyle anytime, anywhere.</span></p><p><span style=\"color: rgb(0, 0, 0);\">-Great material: Professional anti-static plastic. Won\'t scratch your scalp or get caught in knots, Works well with hair styling and chemical treatments. Color: Black</span></p>',16,NULL,NULL,40,40,0,'percent',NULL,NULL,0,30,1,1,1,1,0,1,0,72,24,NULL,0,1,NULL,1,'2023-09-26 07:18:07','2023-09-26 07:18:07',NULL),(70,'Vaga E18-PB Paddle Hair Brush','vaga-e18-pb-paddle-hair-brush-sgvgv',NULL,'<p> <span style=\"color: rgb(0, 0, 0);\">The Vega Paddle Brush with Cleanser has a handle designed for greater comfort. It has well balanced flexible and superior design of bristles. It is hygienic and easy to clean.</span></p><p><span style=\"color: rgb(0, 0, 0);\">-Suitable for short to long hair.</span></p><p><span style=\"color: rgb(0, 0, 0);\">-Has an ergonomic handle.</span></p><p><span style=\"color: rgb(0, 0, 0);\">-Features flexible and superior design of bristles.</span></p>',16,NULL,NULL,52,52,0,'percent',NULL,NULL,0,50,1,1,1,1,0,1,0,72,24,NULL,0,1,NULL,1,'2023-09-26 07:19:27','2023-09-27 04:20:28',NULL),(71,'Streeak Street Hair Scalp Massager & Shampoo Brush - Cobalt Blue - Promotes Hair Growth','streeak-street-hair-scalp-massager-shampoo-brush-cobalt-blue-promotes-hair-growth-8ntbs',NULL,'<p> <span style=\"color: rgb(0, 0, 0);\">-Streak Street Smooch Pink Hair Scalp Massager and Shampoo Brush has silicone bristles that massage the scalp and help enhance blood circulation, thereby enhancing hair growth. This shampoo brush is designed specifically for lathering and exfoliating the scalp hence delivering a deeper cleanse. Its gentle stimulation of the scalp helps improve the circulation of oxygen.</span></p><p><span style=\"color: rgb(0, 0, 0);\">*Features:</span></p><p><span style=\"color: rgb(0, 0, 0);\">-Shampoo brush and scalp massager that helps enhance blood circulation</span></p><p><span style=\"color: rgb(0, 0, 0);\">-Designed specifically to provide a deep cleansing and exfoliating effect</span></p><p><span style=\"color: rgb(0, 0, 0);\">-Removes excess oils, dirt and dandruff flakes without irritating your skin</span></p><p><span style=\"color: rgb(0, 0, 0);\">-Fits in any travel bag for your next vacation</span></p><p><span style=\"color: rgb(0, 0, 0);\">-Suitable for all hair types</span></p>',16,NULL,NULL,48,48,0,'percent',NULL,NULL,0,40,1,1,1,1,0,1,0,72,24,NULL,0,1,NULL,1,'2023-09-26 07:20:47','2023-09-26 07:20:47',NULL),(72,'Shower Cap for Women Reusable Waterproof Hair Dye Color Mixing Bowl, Brush Set Hair Colouring Kit for Salon Use for Men & Women Bathing Hair Cap with Lace Elastic Band Beauty Hair Spa(7pcs)','shower-cap-for-women-reusable-waterproof-hair-dye-color-mixing-bowl-brush-set-hair-colouring-kit-for-salon-use-for-men-women-bathing-hair-cap-with-lace-elastic-band-beauty-hair-spa7pcs-wzy2k',NULL,'<p> <span style=\"color: rgb(0, 0, 0);\">-Material: Shower Caps Are Made From EVA Material Which Is Non Toxic Material. They Are Wear Resistant, Waterproof Giving You A Comfortable Feel While You Bath Or Condition Your Hair.</span></p><p><span style=\"color: rgb(0, 0, 0);\">-REUSABLE USE: Make Your Hair Coloring Experience Easy, Neat and Clean, Full Brushes are Designed with flexible; All Tools Are Easy to Clean for Reusable Use, Chemical resistant, heat-resistant, Anti-static, Make Your Hair Coloring Experience Easy, neat and CLean.</span></p><p><span style=\"color: rgb(0, 0, 0);\">-Perfect for salon, spa, hairdressing, DIY, at-home dyeing, balayage, role-playing, micro braiding, foiling, highlights, keratin hair treatment and or other crafts blends; 3 different shapes of brushes are suitable for any hairstyles such as short or long hair, curly or straight hair.</span></p><p><span style=\"color: rgb(0, 0, 0);\">-Widely use: You can wear it in the shower to prevent the hair from getting wet, or to prevent dust when cleaning.</span></p>',15,NULL,NULL,75,75,0,'percent',NULL,NULL,0,50,1,1,1,1,0,1,0,72,24,NULL,0,1,NULL,1,'2023-09-26 07:22:12','2023-09-26 07:22:12',NULL),(73,'Schoool furniture Beauty Parlour/Salon/Barber/Cutting/Makeup/Makeover/Stylish Chair with Push Back System & Hydraulic System Leather Cushion seat Back (Black)','schoool-furniture-beauty-parloursalonbarbercuttingmakeupmakeoverstylish-chair-with-push-back-system-hydraulic-system-leather-cushion-seat-back-black-bxpdv',NULL,'<p> <span style=\"color: rgb(0, 0, 0);\">-Style: Modern &amp; Attractive Chair, Color: Black</span></p><p><span style=\"color: rgb(0, 0, 0);\">-Hydraulic &amp; Push back system available</span></p><p><span style=\"color: rgb(0, 0, 0);\">-Heavy Duty Salon Chair</span></p>',15,NULL,NULL,100,100,0,'percent',NULL,NULL,0,50,1,1,1,1,0,1,0,72,24,NULL,0,1,NULL,1,'2023-09-26 07:23:51','2023-09-26 07:23:51',NULL),(74,'Takeera Salon Barber Spa Beauty Equipment,Baby Salon Booster Cushion for Child Hair Cutting Styling Chair,Barber Shop Hair Dressing Equipment for Kids','takeera-salon-barber-spa-beauty-equipmentbaby-salon-booster-cushion-for-child-hair-cutting-styling-chairbarber-shop-hair-dressing-equipment-for-kids-4uyzy',NULL,'<p> <span style=\"color: rgb(0, 0, 0);\">-Safe kids booster seat for salon: The salon seat cushion is made of premium leather and upgrade breathable,non slip surface to make it safer for kids hair cutting, not easy to slip down.Perfect for your barbershop stylish salon chair.</span></p><p><span style=\"color: rgb(0, 0, 0);\">-Comfortable and Proper Height: Filled with quality high density sponge which is 6.5’’ thick, 0.2” thicker than normal salon booster,adds more comfort and extra height.The booster barber seat is well elastic that it can perfectly recover its original shape even after long-time use.</span></p><p><span style=\"color: rgb(0, 0, 0);\">-Waterproof and Easy to Clean: This child booster seat for hairdressing is covered by soft superior PU leather,water proof to keep sponge well even after a long time usage. So it can be easy to clean with wet cloth,easy to wipe up hair.</span></p><p><span style=\"color: rgb(0, 0, 0);\">-Large Size: Large size 14.5”x11\"x5.5\"(L x W x H),fits most standard styling chair on the market.Ideal size for small or big children</span></p><p><span style=\"color: rgb(0, 0, 0);\">-Quality Assurance: We offer 30 days free refund&amp;return service, one year quality Assurance. Please no hesitation to add to cart right now!</span></p>',15,NULL,NULL,120,120,0,'percent',NULL,NULL,0,80,1,1,1,1,0,1,0,72,24,NULL,0,1,NULL,1,'2023-09-26 07:25:18','2023-09-26 07:25:18',NULL),(75,'Seelver Frame Storage Trolley Hairdresser Cart Barber Beauty Hairdressing Mobile Serving Cart with 5 Drawers for Salon Spa, Black','seelver-frame-storage-trolley-hairdresser-cart-barber-beauty-hairdressing-mobile-serving-cart-with-5-drawers-for-salon-spa-black-qv1qa',NULL,'<p> <span style=\"color: rgb(0, 0, 0);\">-Multiple Uses - suitable for beauty salon, tattoo, nail art, pet grooming and other uses. Can also be used as a storage trolley for kitchen, bedroom, bathroom, storage room, convenient and practical. Ideal for commercial and domestic use.</span></p><p><span style=\"color: rgb(0, 0, 0);\">-Upgraded and Reinforced Construction - for being able to carry more items. There are 2 iron sides, 6 iron lateral support bars and 4 all-metal wheels to make it stable and wobble-free. Compared to plastic trolleys, the load-bearing capacity is increased by 50%.</span></p><p><span style=\"color: rgb(0, 0, 0);\">-Generous Storage Space - The upgrade has increased the capacity of the drawers, with 5 levels of storage space for more items. The first level is an ample worktop, suitable for a variety of tools. The four removable drawers below are also more spacious.</span></p><p><span style=\"color: rgb(0, 0, 0);\">-Easy to Install-after unpacking, all you need to do is tighten the screws and ready to use. No specialist installation or power tools are required. Easy to remove and clean, dirt resistant.</span></p>',16,NULL,NULL,89,89,0,'percent',NULL,NULL,0,60,1,1,1,1,0,1,0,72,24,NULL,0,1,NULL,1,'2023-09-26 07:27:24','2023-09-26 07:27:24',NULL),(76,'Woodden Portable Foldable Spa Massage Tables/Beauty Bed with Headrest and Armrest Salon Furniture, 60 cm Width, 250 kg Bearing','woodden-portable-foldable-spa-massage-tablesbeauty-bed-with-headrest-and-armrest-salon-furniture-60-cm-width-250-kg-bearing-lkbgo',NULL,'<p> <span style=\"color: rgb(0, 0, 0);\">-Colour: Brown</span></p><p><span style=\"color: rgb(0, 0, 0);\">-Shape: Rectangular</span></p><p><span style=\"color: rgb(0, 0, 0);\">-Size: 27x60x80 cm (Pack of 1)</span></p><p><span style=\"color: rgb(0, 0, 0);\">-Carton Dimensions (L x W x H): 95 x 20 x 18 cm</span></p><p><span style=\"color: rgb(0, 0, 0);\">-Product Weight: 15 kg</span></p><p><span style=\"color: rgb(0, 0, 0);\">-Product Dimensions (L x W x H): 27 x 80 x 60 cm</span></p>',16,NULL,NULL,95,95,0,'percent',NULL,NULL,0,50,1,1,1,1,0,1,0,72,24,NULL,0,1,NULL,1,'2023-09-26 07:28:40','2023-09-26 07:28:40',NULL),(77,'Pheelips Multi Grooming Kit MG3710/65, 9-in-1 (New Model), Face, Head and Body - All-in-one Trimmer for Men Self Sharpening Stainless Steel Blades, No Oil Needed, 60 Mins Run Time','pheelips-multi-grooming-kit-mg371065-9-in-1-new-model-face-head-and-body-all-in-one-trimmer-for-men-self-sharpening-stainless-steel-blades-no-oil-needed-60-mins-run-time-0dadk',NULL,'<p> <span style=\"color: rgb(0, 0, 0);\">-The 9-in-1 all-in-one trimmer allows you to trim and style your face, hair and body at home with maximum precision</span></p><p><span style=\"color: rgb(0, 0, 0);\">-All your hair trimming needs at home. 7 impact-resistant combs 2 stubble combs (1, 2 mm), 1 adjustable beard comb (3-7 mm), 3 hair combs (9, 12, 16 mm) and 1 body comb (3 mm)</span></p><p><span style=\"color: rgb(0, 0, 0);\">-Run time up to 60 minutes of cordless use per charge, no-slip rubber grip for improved comfort and control</span></p><p><span style=\"color: rgb(0, 0, 0);\">-Self-sharpening, skin-friendly blades for a perfect trim</span></p><p><span style=\"color: rgb(0, 0, 0);\">-Long lasting performance - 2 plus 1 Year warranty after registration</span></p>',17,NULL,NULL,65,65,0,'percent',NULL,NULL,0,50,1,1,1,1,0,1,0,72,24,NULL,0,1,NULL,1,'2023-09-26 07:30:05','2023-09-26 07:30:05',NULL),(78,'Mens Hair Clipper Hair Trimmer Beard Trimmer Cordless Hair Cutting Kit for Men Grooming Kit Precision Trimmer Waterproof Rechargeable, Battery Powered','mens-hair-clipper-hair-trimmer-beard-trimmer-cordless-hair-cutting-kit-for-men-grooming-kit-precision-trimmer-waterproof-rechargeable-battery-powered-pdufd',NULL,'<p> <span style=\"color: rgb(0, 0, 0);\">-All-in-One Grooming - 3 multipurpose attachments are perfect for all facial hair styles: Hair Trimmer, Beard Trimmer, Detail Trimmer. For touch ups between hair clipping &amp; detail Trimming, mustaches, sideburns, goatees, stubble, other face &amp; body hair</span></p><p><span style=\"color: rgb(0, 0, 0);\">-Complete Set Of Attachment Guards: 1 PRECISION DIAL from 3mm to 8mm, 5-DEGREE TUNABLE BLADE from 0.5mm to 2.5mm, 6 GUIDE COMBS(3mm, 4-6mm, 7-9mm, 10-12mm, 16-18mm, 22-24mm), to achieve a wide variety of hairstyles and lengths</span></p><p><span style=\"color: rgb(0, 0, 0);\">-Self-sharpening Titanium Ceramic Blade: The combination of titanium and ceramic blades achieves a delicate haircut fit for all kinds of hair of kids,adults,men,the elderly,professional salon,etc. The blade can be easily removed convenient for cleaning. Its self-sharpening system keeps fine sharpness for long-lasting performance</span></p><p><span style=\"color: rgb(0, 0, 0);\">-High Capacity Lithium Battery: Full charge in 1.5h, the fast charging 800mAh Li battery can deliver strong power up to 90 mins of runtime</span></p><p><span style=\"color: rgb(0, 0, 0);\">-What\'s in the package you will receive : a hair clipper, a beard trimmer head, a detail trimmer, a precision dial, 6 guide comb, a hair comb , a charger withh USB connection, a charger stand, a clean brush</span></p>',17,NULL,NULL,75,75,0,'percent',NULL,NULL,0,100,1,1,1,1,0,1,0,72,24,NULL,0,1,NULL,1,'2023-09-26 07:31:37','2023-09-26 07:31:37',NULL),(79,'Faveela Metal Pearl Hair Clips 6 Pieces Pearl Hair Clips For Women Korean Women Hairpins Girl Geometric Hair Hair Accessories Hair Barrettes Hair Accessories for Women Girls','faveela-metal-pearl-hair-clips-6-pieces-pearl-hair-clips-for-women-korean-women-hairpins-girl-geometric-hair-hair-accessories-hair-barrettes-hair-accessories-for-women-girls-4mkhh',NULL,'<p><span style=\"color: rgb(0, 0, 0);\">-Geometric Design Alloy Hair Pins: The special design with the Geometric style of these hair hairpins can let you have a charming and elegant hairstyle, beautiful hair clips match almost all outfits, hair colors, and hairstyles.</span></p><p><span style=\"color: rgb(0, 0, 0);\">-Metal Hair Clips: For Alloy material makes this hair clip exquisite and high quality, Make you charmer and elegant.</span></p><p><span style=\"color: rgb(0, 0, 0);\">-Variety of Shapes: The fancy geometric design is pretty, more simple more fashionable, will make you charming, elegant, and get more compliments for you.</span></p><p><span style=\"color: rgb(0, 0, 0);\">-Occasions: These trendy hairpins are used for decorative daily wear or dress up for any occasion\'s hairstyles decorations, prom, party or give out as a gift.</span></p><p><span style=\"color: rgb(0, 0, 0);\">-Great Accessory And Hair Decoration For Girls, Women ,Perfect size</span> </p>',11,NULL,NULL,68,68,0,'percent',NULL,NULL,0,100,1,1,1,1,0,1,0,72,24,NULL,0,1,NULL,1,'2023-09-26 23:34:34','2023-09-26 23:34:34',NULL),(80,'Multicolor Pearl Headband Children Streamer Hair Accessories Baby Cute Princess Headband With Ribbon For Girls (Random Color)','multicolor-pearl-headband-children-streamer-hair-accessories-baby-cute-princess-headband-with-ribbon-for-girls-random-color-sucgb',NULL,'<p> <span style=\"color: rgb(0, 0, 0);\">-Fashionable pearl girl headbands are ideal gifts choice for your friends and family. Give your lover, families and friends a sweet present on birthday party, anniversary, Mother\'s day, Thanksgiving Day, Christmas Day, Valentine’s Day, New Year’s Day.</span></p><p><span style=\"color: rgb(0, 0, 0);\">-headband is adjustable and flexible, which can be bent and adjusted to suit people of many different ages and head circumferences.</span></p><p><span style=\"color: rgb(0, 0, 0);\">-Headbands made of artificial pearls, alloys and rhinestones, the delicate appearance of pearl headbands will be loved by most women and girls</span></p><p><span style=\"color: rgb(0, 0, 0);\">-Wonderful headband for yourself wear them as you like or share with your girlfriends, sisters, mother etc. Give it as a perfect gift on birthdays, anniversaries, valentine\'s day, mother\'s day or any other festivals.</span></p>',11,NULL,NULL,48,48,0,'percent',NULL,NULL,0,100,1,1,1,1,0,1,0,72,24,NULL,0,1,NULL,1,'2023-09-26 23:35:58','2023-09-26 23:35:58',NULL),(81,'Yelloow Chimes Set of 8 Pcs Multicolor Matte Finishing Big Hair Clip','yelloow-chimes-set-of-8-pcs-multicolor-matte-finishing-big-hair-clip-lyo6q',NULL,'<p><span style=\"color: rgb(0, 0, 0);\">Set of 8 multicolor large size snap clips which you can use for Party / Smart Casual and Pair these hair clips with any party wear or smart casual wear to complete the looks.</span> </p>',16,NULL,NULL,35,35,0,'percent',NULL,NULL,0,100,1,1,1,1,0,1,0,72,24,NULL,0,1,NULL,1,'2023-09-26 23:37:25','2023-09-26 23:37:25',NULL),(82,'Artificial Stone and Pearls Made Bridal Attractive Hair Pins/Juda Pin for Women and Girls (Silver)','artificial-stone-and-pearls-made-bridal-attractive-hair-pinsjuda-pin-for-women-and-girls-silver-5x4b2',NULL,'<p> <span style=\"color: rgb(0, 0, 0);\">-Each hairpin/clip is carefully crafted with attention to detail, ensuring an elegant and realistic floral design.</span></p><p><span style=\"color: rgb(0, 0, 0);\">-The hairpins/clips are made from high-quality materials, ensuring durability and longevity.</span></p><p><span style=\"color: rgb(0, 0, 0);\">-Material : Products are made of Artificial Flower which is fully skin friendly &amp; durable.</span></p><p><span style=\"color: rgb(0, 0, 0);\">-Features: Lightweight, sturdy, comfortable, easy and durable to use. Age Range Description: 10 to 20 Years.</span></p><p><span style=\"color: rgb(0, 0, 0);\">-Embrace the beauty of these artificial flowers and let them enhance your elegance and grace on your special day.</span></p>',17,NULL,NULL,40,40,0,'percent',NULL,NULL,0,50,1,1,1,1,0,1,0,72,24,NULL,0,1,NULL,1,'2023-09-26 23:39:04','2023-09-26 23:39:04',NULL),(83,'Blaack Premium Metal Hair Clips Tic Tac Clip ,Bobby pin,Hair Pins and U-pin Juda pin Hair Styling Pins for Women and Girls for Daily use .Color:Tic tac pin,Matte Black. (Pack of 134)','blaack-premium-metal-hair-clips-tic-tac-clip-bobby-pinhair-pins-and-u-pin-juda-pin-hair-styling-pins-for-women-and-girls-for-daily-use-colortic-tac-pinmatte-black-pack-of-134-96rat',NULL,'<p> <span style=\"color: rgb(0, 0, 0);\">-Combo of 134 hair clip,Pack of 48 pcs matte black tic tac hair clip,Pack of 36 black bobby pin,Pack of 50 black U pin.</span></p><p><span style=\"color: rgb(0, 0, 0);\">-High quality double coated premium metal hair clip.</span></p><p><span style=\"color: rgb(0, 0, 0);\">-These hair clips are stylish and easy to wear.</span></p><p><span style=\"color: rgb(0, 0, 0);\">-Suitable for daily use kids DIY Crafts,No-slip grip technology stays in place all day.</span></p><p><span style=\"color: rgb(0, 0, 0);\">-Durable and rust resistant, extra strong grip</span></p><p><span style=\"color: rgb(0, 0, 0);\">-Essential combo for women and girls.</span></p>',14,NULL,NULL,20,20,0,'percent',NULL,NULL,0,100,1,1,1,1,0,1,0,72,24,NULL,0,1,NULL,1,'2023-09-26 23:40:19','2023-09-26 23:40:19',NULL),(84,'Voyaage Multicolored Over Size Sunglasses for Women - 86585Mg3911','voyaage-multicolored-over-size-sunglasses-for-women-86585mg3911-myces',NULL,'<p> <span style=\"color: rgb(0, 0, 0);\">-A perfect blend of style and comfort, this pair of sunglasses from Voyage Sunglasses is worth investing in. The trendy colour combination of these sunglasses perfectly complements your cool sense of fashion. These sunglasses can be worn with any of your favourite outfits to complete your look for the day.</span></p><p><span style=\"color: rgb(0, 0, 0);\">-The wonderful make of the lenses, protects your eyes from harmful UV rays of the sun.It is extremely lightweight and can be carried along in your bag for joyous sunny days.</span></p>',14,NULL,NULL,90,90,0,'percent',NULL,NULL,0,50,1,1,1,1,0,1,0,72,24,NULL,0,1,NULL,1,'2023-09-26 23:41:36','2023-09-26 23:41:36',NULL),(85,'UVV Proteection Cat Eye Sunglasses For Women Stylish Catchme-C3 52','uvv-proteection-cat-eye-sunglasses-for-women-stylish-catchme-c3-52-9otrl',NULL,'<p> <span style=\"color: rgb(0, 0, 0);\">-Ted Smith known for simplistic, stylish &amp; accessible fashion. The creative touch we give to our collection make us standout from rest of the high street brands.Inspired by the prestigious London clubs.</span></p><p><span style=\"color: rgb(0, 0, 0);\">-The Ted Smith eyewear collection mixes heritage silhouettes with creative fashion twerks.We pride ourselves on being the perfect brand to pick up accents that glam up your overall look. We believe in the art of simplicity and creativity.</span></p>',12,NULL,NULL,65,65,0,'percent',1695772800,1695772800,NULL,50,1,1,0,0,0,1,0,0,0,NULL,0,1,NULL,1,'2023-09-26 23:42:44','2023-09-26 23:43:16',NULL),(86,'Joohn Jaacobs Unisex Adult Hexagon sunglasses Grey Frame, Grey Lens','joohn-jaacobs-unisex-adult-hexagon-sunglasses-grey-frame-grey-lens-vihzw',NULL,'<p> <span style=\"color: rgb(0, 0, 0);\">-Care Instructions: hand wash only</span></p><p><span style=\"color: rgb(0, 0, 0);\">-Fit Type: regular</span></p><p><span style=\"color: rgb(0, 0, 0);\">-About the brand:- The John Jacobs collection features some of the most stylish and trendy sunglasses for men and women. Available in a variety of colours and shapes, it ensures you always stand out with your unique style.</span></p><p><span style=\"color: rgb(0, 0, 0);\">-Frame pattern :- Featuring Grey Full Rim Hexagonal made from Polycarbonate which is thinner and lighter than normal plastic making them ideal for For Men and Women.</span></p><p><span style=\"color: rgb(0, 0, 0);\">-Frame size: Small | Frame width: 128 mm | Frame Height: 43 mm | Frame Dimensions: (51-18-140)mm.</span></p>',11,NULL,NULL,82,82,0,'percent',NULL,NULL,0,60,1,1,1,1,0,1,0,72,24,NULL,0,1,NULL,1,'2023-09-26 23:44:14','2023-09-26 23:44:14',NULL),(87,'Men Blacck Polarised & UV Protected Lens Rectangle Sunglasses','men-blacck-polarised-uv-protected-lens-rectangle-sunglasses-tfufk',NULL,'<p> <span style=\"color: rgb(0, 0, 0);\">-Frame Material: Metal || Sunglasses for Men || Velocity Sunglasses || Lens Material Type: - Polycarbonate</span></p><p><span style=\"color: rgb(0, 0, 0);\">-Lens Color: Black || Item Shape: - Rectangular Sunglasses For Men</span></p><p><span style=\"color: rgb(0, 0, 0);\">-Apart from keeping all that sunshine from wreaking havoc on your eyes, wearing the right shades just make you look cooler. Velocity Shades should be comfortable, stylish and offer top protection. Velocity sunglasses are designed to keep your eyes protected from UV, and make you look stylish while doing it.</span></p>',12,NULL,NULL,85,85,0,'percent',NULL,NULL,0,30,1,1,1,1,0,1,0,72,24,NULL,0,1,NULL,1,'2023-09-26 23:45:22','2023-09-26 23:45:22',NULL),(88,'Unnstructured Reflective Lightweight Breathable Stylish Sports Soft Hat Cap for Men and Women','unnstructured-reflective-lightweight-breathable-stylish-sports-soft-hat-cap-for-men-and-women-g2d5f',NULL,'<p><span style=\"color: rgb(0, 0, 0);\">-Care Instructions: Hand Wash Only</span></p><p><span style=\"color: rgb(0, 0, 0);\">-Fit Type: Regular</span></p><p><span style=\"color: rgb(0, 0, 0);\">-Breathable design</span></p><p><span style=\"color: rgb(0, 0, 0);\">-Quick drying &amp; moisture-wicking</span></p><p><span style=\"color: rgb(0, 0, 0);\">-Make an awesome gift</span></p><p><span style=\"color: rgb(0, 0, 0);\">-Safety reflector belt</span></p><p><span style=\"color: rgb(0, 0, 0);\"></span> </p>',2,NULL,NULL,74,74,0,'percent',NULL,NULL,0,90,1,1,1,1,0,1,0,72,24,NULL,0,1,NULL,1,'2023-09-26 23:46:50','2023-09-26 23:46:50',NULL),(89,'Buccket Hat for Women Foldable Cotton Sun Beach Hat Fisherman Hat Casual Outdoor Cap Lovely Bomber Hats for Women Men Boy Girl','buccket-hat-for-women-foldable-cotton-sun-beach-hat-fisherman-hat-casual-outdoor-cap-lovely-bomber-hats-for-women-men-boy-girl-chtmf',NULL,'<p> <span style=\"color: rgb(0, 0, 0);\">-Care Instructions: Hand Wash Only</span></p><p><span style=\"color: rgb(0, 0, 0);\">-Fit Type: Stretch</span></p><p><span style=\"color: rgb(0, 0, 0);\">-Material: Made from cotton rich fabric with ventilation holes, perfect for daily activities under sunlight. Durable and not easy to fade or break down. Soft and comfortable to wear;</span></p><p><span style=\"color: rgb(0, 0, 0);\">-Protect the head from UV: Prevent you from UV when going out for sports or taking vacations. Great for beach vacation or fishing, hiking. Enjoy the outdoors in comfort and style;</span></p><p><span style=\"color: rgb(0, 0, 0);\">-Modern and fashion design: The women bucket hats can be worn in 2 ways. Classic and stylish, show understate personality and your own style. Easily go well with various hairstyles or outfits, making you stand out in the crowds;</span></p>',3,NULL,NULL,56,56,0,'percent',NULL,NULL,0,100,1,1,1,1,0,1,0,72,24,NULL,0,1,NULL,1,'2023-09-26 23:48:00','2023-09-26 23:48:00',NULL),(90,'Suun Hat  for Women Wide Brim Sun Visor Cap UV Protection Caps for Summer  Women Stylish','suun-hat-for-women-wide-brim-sun-visor-cap-uv-protection-caps-for-summer-women-stylish-zruly',NULL,'<p> <span style=\"color: rgb(0, 0, 0);\">-Care Instructions: Hand Wash Only</span></p><p><span style=\"color: rgb(0, 0, 0);\">-Fit Type: Adjustable</span></p><p><span style=\"color: rgb(0, 0, 0);\">-Great material: Sunscreen fabric: The cap for women which is waterproof,breathable,quick-drying and environmentally friendly.</span></p><p><span style=\"color: rgb(0, 0, 0);\">-Hat brim - Extra widened enlarged: Enlarged brim and larger shadow area provide you with more comprehensive sunscreen protection.</span></p><p><span style=\"color: rgb(0, 0, 0);\">-Inner lining - Thermal insulation: Cap for summer women with the inner layer has breathable mesh,sweat-wicking, moisture-absorbing,and heat-insulating.</span></p>',1,NULL,NULL,63,63,0,'percent',NULL,NULL,0,100,1,1,1,1,0,1,0,72,24,NULL,0,1,NULL,1,'2023-09-26 23:49:19','2023-09-26 23:49:19',NULL),(91,'Neectar Valley Jojoba Essential Oil, 100% Natural Aromatherapy Oil For Hair, Skin, Face Care','neectar-valley-jojoba-essential-oil-100-natural-aromatherapy-oil-for-hair-skin-face-care-mctxn',NULL,'<p> <span style=\"color: rgb(0, 0, 0);\">Features:</span></p><p><span style=\"color: rgb(0, 0, 0);\">-100% pure and natural jojoba oil with a variety of benefits</span></p><p><span style=\"color: rgb(0, 0, 0);\">-Helps control excessive oil build-up on the skin and brightens dull skin</span></p><p><span style=\"color: rgb(0, 0, 0);\">-Rich in vitamins B-complex and E, helps in skin repair and damage control</span></p><p><span style=\"color: rgb(0, 0, 0);\">-Boosts hair growth as it nourishes the hair with vitamins C, E, B, copper and zinc</span></p><p><span style=\"color: rgb(0, 0, 0);\">-Helps speed up the regeneration of skin cells for firm and smooth skin</span></p><p><span style=\"color: rgb(0, 0, 0);\">-Works well as a beard oil for grooming your beard and as a pre-shave oil</span></p><p><span style=\"color: rgb(0, 0, 0);\">-Container is a high quality amber glass bottle that doesn\'t allow oil to get oxidised by light</span></p><p><span style=\"color: rgb(0, 0, 0);\">-Free from additives, chemicals, alcohol, fragrance and not diluted</span></p>',1,4,NULL,35,60,0,'percent',NULL,NULL,0,80,1,1,1,1,1,1,0,72,24,NULL,0,1,NULL,1,'2023-09-26 23:51:46','2023-09-26 23:51:46',NULL),(92,'Aroomahpure Fragrance Oil | Lavender Aroma Oil for Home Fragrance | Best for Aromatherapy | Helps in concentration & meditation | Used in Diffusers, Candles, Air Fresheners, Soaps.','aroomahpure-fragrance-oil-lavender-aroma-oil-for-home-fragrance-best-for-aromatherapy-helps-in-concentration-meditation-used-in-diffusers-candles-air-fresheners-soaps-5aqy3',NULL,'<p> <span style=\"color: rgb(0, 0, 0);\">-Package Contains: Aromahpure Lavender Fragrance Oil (15ml)</span></p><p><span style=\"color: rgb(0, 0, 0);\">-Lavender Fragrance: Get the joyful aroma of lavender that has a delicate, sweet smell that is also floral, herbal, and evergreen woody at the same time. Comes with soft, powdery, or smokey notes.</span></p><p><span style=\"color: rgb(0, 0, 0);\">-Long Lasting Fragrance: Aromahpure Lavender Diffuser Oil is best known for its long lasting Fragrance. The Fragrances are enriched with the finest raw materials that ensures a long – lasting effect which makes these fragrances the most beloved fragrances around the world. They are also used as an oil diffuser for home fragrance &amp; as a candle fragrance oil.</span></p><p><span style=\"color: rgb(0, 0, 0);\">-Long Lasting Fragrance: The Aromahpure Rosemary Fragrance Oil is best known for it\'s long lasting Fragrance. The Essential oils used in these Fragrances are the most beloved fragrances around the world. These Essential Oil are also used as an oil diffuser for home fragrance &amp; as a candle fragrance oil.</span></p>',2,4,NULL,30,35,0,'percent',NULL,NULL,0,80,1,1,1,1,1,1,0,72,24,NULL,0,1,NULL,1,'2023-09-26 23:53:53','2023-09-26 23:53:53',NULL),(93,'Arooma Essential Oil Fragrance Oils For Diffusers, Home Care, Candle Making, Fragrance, Aromatherapy, Humidifiers (Lavender+Sandal+LemonGrass+TeaTree+PinkRose+Orchid)','arooma-essential-oil-fragrance-oils-for-diffusers-home-care-candle-making-fragrance-aromatherapy-humidifiers-lavendersandallemongrassteatreepinkroseorchid-eozjn',NULL,'<p> <span style=\"color: rgb(0, 0, 0);\">-Fregranto essential oils are suitable for aromatherapy diffuser and have many other great uses and benefits. Add a few drops of Fregranto Essential Oil into a diffuser or oil burner to promote relaxation and relieve stress.</span></p><p><span style=\"color: rgb(0, 0, 0);\">-Our Aroma Fragrance Oils are formulated to be suitable for creating your own candles, soaps, air freshener spray, skin and hair care formulations, cleaning products, for use in home aroma diffusers, scented dryer sheets, freshen a drawer, potpourri, freshen carpets, massage/body oil, sugar scrubs, fragrance oil for candle making and many more. Personalize any of your unscented products.</span></p>',2,4,NULL,59,59,0,'percent',NULL,NULL,0,50,1,1,1,1,1,1,0,72,24,NULL,0,1,NULL,1,'2023-09-26 23:55:47','2023-09-26 23:55:47',NULL),(94,'Organic Rosemary Essential Oil 100% Pure Oil for Hair Growth','organic-rosemary-essential-oil-100-pure-oil-for-hair-growth-vfphg',NULL,'<p> <span style=\"color: rgb(0, 0, 0);\">Features:</span></p><p><span style=\"color: rgb(0, 0, 0);\">-100% pure and natural therapeutic grade rosemary oil</span></p><p><span style=\"color: rgb(0, 0, 0);\">-Promotes hair growth and reduces dandruff</span></p><p><span style=\"color: rgb(0, 0, 0);\">-Nourishes hair and stimulates hair growth</span></p><p><span style=\"color: rgb(0, 0, 0);\">-Excudes a fresh, cooling and herbaceous aroma</span></p><p><span style=\"color: rgb(0, 0, 0);\">-Alleviates headaches, fights anxiety and stress</span></p><p><span style=\"color: rgb(0, 0, 0);\">-Cruelty free and non GMO</span></p>',1,4,NULL,60,70,0,'percent',NULL,NULL,0,50,1,1,1,1,1,1,0,72,24,NULL,0,1,NULL,1,'2023-09-26 23:57:35','2023-09-26 23:57:35',NULL),(95,'Genttlemen\'s Crew Argan & Tea Tree Ultra Growth Beard Oil','genttlemens-crew-argan-tea-tree-ultra-growth-beard-oil-i0lbu',NULL,'<p> <span style=\"color: rgb(0, 0, 0);\">How to apply</span></p><p><span style=\"color: rgb(0, 0, 0);\">-Wash and cleanse your beard</span></p><p><span style=\"color: rgb(0, 0, 0);\">-Dispense 2-3 drops of the oil and rub between your palms</span></p><p><span style=\"color: rgb(0, 0, 0);\">-Massage upwards from root to tip, working the oil into the skin</span></p><p><span style=\"color: rgb(0, 0, 0);\">-Use your comb or fingers to evenly distribute the oil</span></p>',8,4,NULL,80,120,0,'percent',NULL,NULL,0,70,1,1,1,1,1,1,0,72,24,NULL,0,1,NULL,1,'2023-09-26 23:59:52','2023-09-26 23:59:52',NULL),(96,'Arrgan & Geranium Beard Oil','arrgan-geranium-beard-oil-wczmt',NULL,'<p> <span style=\"color: rgb(0, 0, 0);\">-Argan, often called ‘liquid gold’, is proven to make hair softer, silkier and shinier.</span></p><p><span style=\"color: rgb(0, 0, 0);\">-Tame beard frizz naturally with this specially formulated blend of Moroccan Argan oil and Geranium, packed with anti-oxidants.</span></p><p><span style=\"color: rgb(0, 0, 0);\">-This oil instantly enhances manageability, shine and ensures long-lasting conditioning.</span></p><p><span style=\"color: rgb(0, 0, 0);\">-The rejuvenating fragrance of geranium is a relaxant, and its anti-bacterial and anti-microbial properties also ensure healthy hair growth.</span></p><p><span style=\"color: rgb(0, 0, 0);\">-All of The Man Company’s products are SLS and Paraben free, with no chemical additives.</span></p>',9,4,NULL,20,50,0,'percent',NULL,NULL,0,60,1,1,1,1,1,1,0,72,24,NULL,0,1,NULL,1,'2023-09-27 00:02:05','2023-09-27 00:02:05',NULL),(97,'Peelgrim Redensyl & Anagain Advanced Hair Growth Serum','peelgrim-redensyl-anagain-advanced-hair-growth-serum-yqmtj',NULL,'<p> <span style=\"color: rgb(0, 0, 0);\">Benefits:</span></p><p><span style=\"color: rgb(0, 0, 0);\">-92% observed new hair growth</span></p><p><span style=\"color: rgb(0, 0, 0);\">-88% saw a reduction in hair fall</span></p><p><span style=\"color: rgb(0, 0, 0);\">-85% felt an increment in hair density &amp; thickness</span></p><p><span style=\"color: rgb(0, 0, 0);\">*Based on consumer feedback after 6 weeks of recommended usage</span></p><p><br></p>',10,4,NULL,93,93,0,'percent',NULL,NULL,0,100,1,1,1,1,1,1,0,72,24,NULL,0,1,NULL,1,'2023-09-27 00:03:52','2023-09-27 00:03:52',NULL),(98,'Hair Reppair Spa Kit - (Hair Repair Shampoo + Hair Repair Spa Cream + Hair Repair Serum)','hair-reppair-spa-kit-hair-repair-shampoo-hair-repair-spa-cream-hair-repair-serum-m6ah8',NULL,'<p> <span style=\"color: rgb(0, 0, 0);\">-Hair Repair Spa Kit is a 3 Step Hair Repair and Damage Control Spa Kit which Includes Step 1 - 250g Hair Repair Shampoo Step 2 - 250g Hair Repair Spa Cream and Step 3 - 50ml Hair Repair Serum</span></p><p><span style=\"color: rgb(0, 0, 0);\">-This Hair Spa Kit helps to reconstructs and strengthens extremely damaged and fragile hair. It is known to improve the tensile strength of damaged hair.</span></p><p><span style=\"color: rgb(0, 0, 0);\">-Barley Hair Repair Spa Cream is enriched with the goodness of Hydrolyzed Keratin Powder, Shea Butter and Argan Oil, this hair spa cream penetrates deeply into the Scalp architecture to re-cement the Cell-Membrane-Complex, the intercellular bonding cement responsible for strong and flexible hair fiber.</span></p>',11,1,NULL,50,90,0,'percent',NULL,NULL,0,30,1,1,1,1,1,1,0,72,24,NULL,0,1,NULL,1,'2023-09-27 00:05:33','2023-09-27 00:05:33',NULL),(99,'Dot & Key I-Beauty Watermelon Essentials Combo','dot-key-i-beauty-watermelon-essentials-combo-3eoqk',NULL,'<p> <span style=\"color: rgb(0, 0, 0);\">-Instantly cools &amp; hydrates skin</span></p><p><span style=\"color: rgb(0, 0, 0);\">-Blocks UVA, UVB, Blue Light &amp; IR rays</span></p><p><span style=\"color: rgb(0, 0, 0);\">-Lightweight gel cream texture</span></p><p><span style=\"color: rgb(0, 0, 0);\">-Prevents sunburn &amp; tanning</span></p><p><span style=\"color: rgb(0, 0, 0);\">-Provides better Vitamin D absorption</span></p>',12,NULL,NULL,90,90,3,'percent',1696118400,1701302400,0,30,1,1,1,1,0,1,0,72,24,NULL,0,1,NULL,1,'2023-09-27 00:07:21','2023-09-27 00:07:21',NULL),(100,'Kerratin Hair Spa Treatment, Beauty Real Make Your Hair More Smooth, Real Hair Spa Repairing Cream Bath for Damaged Hair','kerratin-hair-spa-treatment-beauty-real-make-your-hair-more-smooth-real-hair-spa-repairing-cream-bath-for-damaged-hair-7vww4',NULL,'<p><span style=\"color: rgb(0, 0, 0);\">-Quality Treatment : Revitalizing &amp; rejuvenating your dry &amp; damaged hair, the keratin treatment does wonders to your hair. The calming and relaxing treatment soothe your hair and its ultimate health. Add volume &amp; shine to your hair giving back the beautiful look.</span></p><p><span style=\"color: rgb(0, 0, 0);\">-Overall Improvement : Helps reduce frizz, provides shine, volume &amp; manageability to hair retains moisture, and helps to get rid of split ends. With nourishment to the roots, it revitalizes the scalp, balancing the natural hair growth.</span></p><p><span style=\"color: rgb(0, 0, 0);\">-Recommended by Professionals : Recommended by professional stylists for all types of treatment with Keratin, which is a natural source of Vitamin E, provides luxurious shine, lush softness, and no residue. This is a personal rescue mission for your dry hair.</span></p><p><span style=\"color: rgb(0, 0, 0);\">-The brand endeavors to offer a premium collection of skin &amp; hair care products &amp; accessories creatively crafted with genuine &amp; natural ingredients for a fine and rejuvenated spirit, in and out.</span> </p>',12,1,NULL,30,80,0,'percent',NULL,NULL,0,20,1,1,1,1,1,1,0,72,24,NULL,0,1,NULL,1,'2023-09-27 00:09:28','2023-09-27 00:09:28',NULL),(101,'mCaaffeine Deep Conditioning Hair Mask for Smoothening Hair | Hair Spa Cream with Shea Butter & Murumuru Butter | Hair Mask For Frizzy, Dry & Damaged Hair | SLS & Paraben Free','mcaaffeine-deep-conditioning-hair-mask-for-smoothening-hair-hair-spa-cream-with-shea-butter-murumuru-butter-hair-mask-for-frizzy-dry-damaged-hair-sls-paraben-free-bmhl1',NULL,'<p> <span style=\"color: rgb(0, 0, 0);\">-Intense hair damage repair, deep conditioning, hair moisture replenishment: A hair mask to unmask conditioned &amp; nourished hair! Users experienced 10X stronger hair with the regular use of Latte Coffee Hair Mask when compared to a neutral product. This mask has a rich creamy texture &amp; exudes an aroma of smooth buttery flavours blended with delicate notes of coffee.</span></p><p><span style=\"color: rgb(0, 0, 0);\">-Coffee-infused hair care with the goodness of milk: Coffee is not just a refreshing drink to get your day started. It\'s much more than that. It is a superfood for the hair and has numerous benefits. Coffee is also a rich source of Caffeine. Coffee &amp; Caffeine repair damaged hair and add natural shine. They also strengthen hair and control hair fall. This mask is also packed with Coconut Milk that replenishes moisture and adds natural shine to hair.</span></p><p><span style=\"color: rgb(0, 0, 0);\">-Just good, nothing bad: Our mission is to get you Addicted To Good and get you off of all the bad. Latte Coffee Hair Mask is free from harmful chemicals, SLS, Paraben, Mineral Oil and everything that can be bad for your hair.</span></p>',4,1,NULL,35,50,0,'percent',NULL,NULL,0,30,1,1,1,1,1,1,0,72,24,NULL,0,1,NULL,1,'2023-09-27 00:11:15','2023-09-27 00:11:15',NULL),(102,'Feces Caanada Ultime Pro Splash Mini Nail Enamel Combo - Tropical Twilight(Combo is a Pack of 4)','feces-caanada-ultime-pro-splash-mini-nail-enamel-combo-tropical-twilightcombo-is-a-pack-of-4-vw1na',NULL,'<p> <span style=\"color: rgb(0, 0, 0);\">-These Splash Mini Combo is a Pack of 4 of 4 beautiful shades; Floral Dream, Royal Ruby, Cherry Blast, Watermelon.</span></p><p><span style=\"color: rgb(0, 0, 0);\">Key Benefits:</span></p><p><span style=\"color: rgb(0, 0, 0);\">-Limited edition: FACES CANADA Ultime Pro Splash Enamel is now launched in 10 exclusive shades that are specially curated for your Wedding and Party looks.</span></p><p><span style=\"color: rgb(0, 0, 0);\">-High-shine: These Nail Enamels are tiny but power-packed High Sine Enamels that are meant to lend a super gorgeous finish to your look.</span></p><p><span style=\"color: rgb(0, 0, 0);\">-Quick-drying: These Nail Enamels will take no time to dry so you can rock that party a little sooner than you were.</span></p><p><span style=\"color: rgb(0, 0, 0);\">-Chip-defiant: The Nail Enamels are formulated with a unique chip-resistant technology so that you can be carefree when it comes to enjoying any party!</span></p>',10,4,NULL,80,100,0,'percent',NULL,NULL,0,100,1,1,1,1,1,1,0,72,24,NULL,0,1,NULL,1,'2023-09-27 00:13:41','2023-09-27 00:13:41',NULL),(103,'Polly Nail Gel Extension Kit With Slip Solution Uv Nail Lamp for Builder Gel UV Nail Art Kit Nail Extension Set.','polly-nail-gel-extension-kit-with-slip-solution-uv-nail-lamp-for-builder-gel-uv-nail-art-kit-nail-extension-set-qtv0d',NULL,'<p> <span style=\"color: rgb(0, 0, 0);\">-All-In-One Poly Gel Kit: Our THR3E STROKES Poly Nail Gel Kit contains nail extension Poly gel, a nail lamp, 100pcs dual nail forms, a slip solution, and other nail tools.</span></p><p><span style=\"color: rgb(0, 0, 0);\">-Portable and Functional LED Nail Lamp: Our nail lamp is compact and efficient with 6 light beads which are convenient for applying poly gel and quick-dry!</span></p><p><span style=\"color: rgb(0, 0, 0);\">-Healthy＆Long-Lasting poly gel kit: Our Poly nail gel is non-toxic and has a low odor which is healthy and has no harm to your natural nails.</span></p><p><span style=\"color: rgb(0, 0, 0);\">-The nail poly gel is easy-to-apply, which keeps your charming poly gel nails for 3 weeks. Slip solution can help you get the poly gel out of the bottle conveniently and is amazing for correcting mistakes before curing.</span></p>',13,NULL,NULL,75,75,0,'percent',NULL,NULL,0,100,1,1,1,1,0,1,0,72,24,NULL,0,1,NULL,1,'2023-09-27 00:15:08','2023-09-27 00:15:08',NULL),(104,'Faremacy Beauty Healthy Skin Starter Kit (Cleansing Balm + 2% BHA Toner + Night Serum + Moisturizer)','faremacy-beauty-healthy-skin-starter-kit-cleansing-balm-2-bha-toner-night-serum-moisturizer-zscqw',NULL,'<p> <span style=\"color: rgb(0, 0, 0);\">Benefits:</span></p><p><span style=\"color: rgb(0, 0, 0);\">-Everything you need to glow! The skincare starter kit includes a 4-step skincare regimen for clean, hydrated + glowing skin.</span></p><p><span style=\"color: rgb(0, 0, 0);\">-Purifying cleansing balm. Best-selling Green Clean gently + effortlessly removes sunscreen residue, makeup + excess oil, plus it gently exfoliates-all without stripping skin!</span></p><p><span style=\"color: rgb(0, 0, 0);\">-Exfoliating + deep-cleaning toner. Deep Sweep gently exfoliates with 2% BHA + papaya enzymes, helping to minimize the look of pores + draw out excess oil to help reduce shine.</span></p><p><span style=\"color: rgb(0, 0, 0);\">-Resurfacing night serum. Formulated with a 14% AHA/BHA/gentle flower acids blend, Honeymoon Glow resurfaces dull skin, exfoliates + helps reduce the appearance of fine lines and wrinkles.</span></p><p><span style=\"color: rgb(0, 0, 0);\">-Plumping + renewing moisturizer. Honey Halo replenishes the skin barrier, locks in moisture + visibly improves the look of fine lines with potent plant-based ceramides, buckwheat honey, shea butter + vitamin E.</span></p>',13,NULL,NULL,96,96,3,'percent',1696118400,1698710400,0,10,1,1,1,1,0,1,0,72,24,NULL,0,1,NULL,1,'2023-09-27 00:16:58','2023-09-27 00:16:58',NULL),(105,'Lip Care Set (Grapefruit Lip Glowy Balm And Berry Lip Sleeping Mask)','lip-care-set-grapefruit-lip-glowy-balm-and-berry-lip-sleeping-mask-6dxca',NULL,'<p> <span style=\"color: rgb(0, 0, 0);\">Lip Care Set includes a Lip Glowy Balm and a Lip Sleeping Mask.</span></p><p><span style=\"color: rgb(0, 0, 0);\">*The set contents:</span></p><p><span style=\"color: rgb(0, 0, 0);\">-3 x LANEIGE Lip Sleeping Mask(3g): LANEIGE\'s cult favourite Lip Sleeping Mask helps dissolve dead skin cells and moisturize your lips while you sleep.</span></p><p><span style=\"color: rgb(0, 0, 0);\">-1 x LANEIGE Lip Glowy Lip Balm - Grapefruit (10g): LANEIGE Grapefruit Glowy Lip balm coats the lips with a layer of moisture and makes them look supple and glossy. Daily moisturizing: It instantly removes flakes and makes the lips look hydrated as though the lips are coated with a breathable layer of moisture. Texture that\'s smoothly wrapping the lips: It applies as though it\'s wrapping the lips with colorless thin layers, so the lips feel light, while still not damaging the color of the lipstick. For a healthy voluptuous look of the lips: It adds a natural healthy color to make the lips look full, voluptuous.</span></p>',10,NULL,NULL,93,93,0,'percent',NULL,NULL,0,50,1,1,1,1,0,1,0,72,24,NULL,0,1,NULL,1,'2023-09-27 00:18:09','2023-09-27 00:18:09',NULL),(106,'Haiir essentials combo of 3','haiir-essentials-combo-of-3-jwzvp',NULL,'<p> <span style=\"color: rgb(0, 0, 0);\">Riyoerbs Sulphate Free Shampoo is a unique formula that not only cleanses the scalp but also repairs your frizzy, damaged hair &amp; split ends. The sulphate free formula makes it ideal for very sensitised, colour treated or chemically treated hair. After washing it will leave your hair less frizzy, more manageable, detangled and protected &amp; protected.</span></p><p><span style=\"color: rgb(0, 0, 0);\">Riyoherbs Hair Conditioner is a unique formula that not only gives silky, smooth, frizz-free hair but also nourishes it with the goodness of natural keratin protein and advanced botox repair technology, leaving your hair softer, easier to manage and lustrous.</span></p><p><span style=\"color: rgb(0, 0, 0);\">Riyoherbs Smoothing Argan Oil Hair Mask is a professionally designed formula that efficiently penetrates into the hair cuticle and starts repairing &amp; restoring damaged hair from inside out. It deeply nourishes and moisturizes every strand giving you detangled, frizz free &amp; glossy hair. Get a hair spa feeling at home after one use.</span></p>',3,NULL,NULL,75,75,0,'percent',NULL,NULL,0,30,1,1,1,1,0,1,0,72,24,NULL,0,1,NULL,1,'2023-09-27 00:19:26','2023-09-27 00:19:26',NULL),(107,'Riice water and lavender hair care kit(Shampoo + Conditioner)','riice-water-and-lavender-hair-care-kitshampoo-conditioner-jrwtb',NULL,'<p> <span style=\"color: rgb(0, 0, 0);\">Rice water shampoo by WOW Skin Science infused with rice water and rice keratin protein is just the product to help you get the hair of your dreams. It rejuvenate your damaged hair and weak, irritated scalp with the deeply nourishing goodness.</span></p><p><span style=\"color: rgb(0, 0, 0);\">Rice water conditioner by WOW Skin Science infused with rice water, rice keratin protein and lavender essential oil is just the product to help you get the hair of your dreams. The actives help to strengthen strands, smoothen cuticles and boost shine.</span></p>',4,NULL,NULL,68,68,0,'percent',NULL,NULL,0,50,1,1,1,1,0,1,0,72,24,NULL,0,1,NULL,1,'2023-09-27 00:20:53','2023-09-27 00:20:53',NULL),(108,'Ignnis Shampoo & Conditioner hair care duo','ignnis-shampoo-conditioner-hair-care-duo-bzyp3',NULL,'<p><span style=\"color: rgb(0, 0, 0);\">Enriched with nourishing ingredients this set of shampoo &amp; conditioner gently removes dirt &amp; oil and strengthens hair follicles leaving them soft and silky. The calming notes of Bergamot &amp; Tea Tree help you relax while you indulge in a Vegan hair care.</span> </p>',5,NULL,NULL,59,59,0,'percent',NULL,NULL,0,50,1,1,1,1,0,1,0,72,24,NULL,0,1,NULL,1,'2023-09-27 00:22:03','2023-09-27 00:22:03',NULL),(109,'MCaffeine Coffee Quick Glow-up Body Gift Kit - Tan Removal Body Mask & Hydrating Body Serum','mcaffeine-coffee-quick-glow-up-body-gift-kit-tan-removal-body-mask-hydrating-body-serum-bpzuz',NULL,'<p> <span style=\"color: rgb(0, 0, 0);\">The Good We Are</span></p><p><span style=\"color: rgb(0, 0, 0);\">-Peta Certified Vegan</span></p><p><span style=\"color: rgb(0, 0, 0);\">-Free From Beeswax</span></p><p><span style=\"color: rgb(0, 0, 0);\">-ade Safe</span></p><p><span style=\"color: rgb(0, 0, 0);\">-FDA-approved</span></p><p><span style=\"color: rgb(0, 0, 0);\">-Dermatologically-tested</span></p><p><span style=\"color: rgb(0, 0, 0);\">-Gender-neutral</span></p><p><span style=\"color: rgb(0, 0, 0);\">-Inclusive</span></p>',4,NULL,NULL,90,90,0,'percent',NULL,NULL,0,50,1,1,1,1,0,1,0,72,24,NULL,0,1,NULL,1,'2023-09-27 00:24:08','2023-09-27 00:24:08',NULL),(110,'Keemirica Love Story Luxury Gift Box Body Wash Body Lotion & Bathing Bar','keemirica-love-story-luxury-gift-box-body-wash-body-lotion-bathing-bar-5vqdw',NULL,'<p><span style=\"color: rgb(0, 0, 0);\">*What\'s Inside?</span></p><p><span style=\"color: rgb(0, 0, 0);\">-Clear bathing bar</span></p><p><span style=\"color: rgb(0, 0, 0);\">-Creamy bathing bar</span></p><p><span style=\"color: rgb(0, 0, 0);\">-Love story body wash</span></p><p><span style=\"color: rgb(0, 0, 0);\">-Love stary body lotion</span></p><p><span style=\"color: rgb(0, 0, 0);\">*Made with love</span></p><p><span style=\"color: rgb(0, 0, 0);\">-Shea Butter &amp; Jojoba</span></p><p><span style=\"color: rgb(0, 0, 0);\">-Ginkgo Biloba &amp; White Tea Extract</span></p><p><span style=\"color: rgb(0, 0, 0);\">-Aloe Vera</span></p><p><span style=\"color: rgb(0, 0, 0);\">-Vitamin E</span> </p>',5,NULL,NULL,89,89,0,'percent',NULL,NULL,0,50,1,1,1,1,0,1,0,72,24,NULL,0,1,NULL,1,'2023-09-27 00:27:22','2023-09-27 00:27:22',NULL),(111,'BoddyHerbals Rose Bath And Body Spa Kit - Gift Sets & Combos for Women & Men','boddyherbals-rose-bath-and-body-spa-kit-gift-sets-combos-for-women-men-8htl0',NULL,'<p> <span style=\"color: rgb(0, 0, 0);\">The gift set contains:</span></p><p><span style=\"color: rgb(0, 0, 0);\">-BodyHerbals Rose Shower Gel (200 ml):Feed your skin with this shower gel, it is enriched with natural rose, aloe vera, sea buckthorn and many other herbs to cleanse and moisturize skin. Let this shower gel envelope your skin with the silky soft foam, while its invigorating scent of rose stimulates your senses. It has lingering fragrance which will stay on the body for hours.</span></p><p><span style=\"color: rgb(0, 0, 0);\">-BodyHerbals Rose Essential Oil Potpourri:Indulge in a complete spa ambience with this fragranced rose potpourri.</span></p><p><span style=\"color: rgb(0, 0, 0);\">-Luxury Shower Cap:This shower cap protects your hair from getting wet in the shower.</span></p><p><span style=\"color: rgb(0, 0, 0);\">-Terry Towel:The towel is made of terry cotton material. It absorbs water easily.</span></p><p><span style=\"color: rgb(0, 0, 0);\">-Diffuser:Perfect to create an aromatic experience in the comfort of your home.</span></p><p><span style=\"color: rgb(0, 0, 0);\">-Tea-Light Candles x 2:These fragranced tea light candles have a soothing aroma.</span></p><p><span style=\"color: rgb(0, 0, 0);\">-Loofah:A high quality exfoliator that helps to slough off tan and dead skin.</span></p>',5,1,NULL,80,150,0,'percent',NULL,NULL,0,15,1,1,1,1,1,1,0,72,24,NULL,0,1,NULL,1,'2023-09-27 00:29:06','2023-09-27 00:29:06',NULL);

--
-- Table structure for table `promotions`
--

CREATE TABLE `promotions` (
  `id` bigint unsigned NOT NULL AUTO_INCREMENT,
  `name` varchar(191) COLLATE utf8mb4_unicode_ci NOT NULL,
  `description` longtext COLLATE utf8mb4_unicode_ci NOT NULL,
  `start_date_time` datetime NOT NULL,
  `end_date_time` datetime NOT NULL,
  `status` tinyint(1) NOT NULL,
  `created_by` int unsigned DEFAULT NULL,
  `updated_by` int unsigned DEFAULT NULL,
  `deleted_by` int unsigned DEFAULT NULL,
  `created_at` timestamp NULL DEFAULT NULL,
  `updated_at` timestamp NULL DEFAULT NULL,
  `deleted_at` timestamp NULL DEFAULT NULL,
  PRIMARY KEY (`id`)
) ENGINE=InnoDB DEFAULT CHARSET=utf8mb4 COLLATE=utf8mb4_unicode_ci;

--
-- Dumping data for table `promotions`
--


--
-- Table structure for table `promotions_coupon`
--

CREATE TABLE `promotions_coupon` (
  `id` bigint unsigned NOT NULL AUTO_INCREMENT,
  `coupon_code` varchar(191) COLLATE utf8mb4_unicode_ci NOT NULL,
  `start_date_time` datetime NOT NULL,
  `end_date_time` datetime NOT NULL,
  `is_expired` tinyint(1) NOT NULL DEFAULT '0',
  `discount_type` varchar(191) COLLATE utf8mb4_unicode_ci NOT NULL,
  `discount_percentage` double DEFAULT NULL,
  `discount_amount` double DEFAULT NULL,
  `use_limit` int NOT NULL DEFAULT '1',
  `used_by` int DEFAULT NULL,
  `promotion_id` int NOT NULL,
  `created_by` int unsigned DEFAULT NULL,
  `updated_by` int unsigned DEFAULT NULL,
  `deleted_by` int unsigned DEFAULT NULL,
  `created_at` timestamp NULL DEFAULT NULL,
  `updated_at` timestamp NULL DEFAULT NULL,
  `deleted_at` timestamp NULL DEFAULT NULL,
  PRIMARY KEY (`id`),
  UNIQUE KEY `promotions_coupon_coupon_code_unique` (`coupon_code`)
) ENGINE=InnoDB DEFAULT CHARSET=utf8mb4 COLLATE=utf8mb4_unicode_ci;

--
-- Dumping data for table `promotions_coupon`
--


--
-- Table structure for table `receptionist`
--

CREATE TABLE `receptionist` (
  `id` bigint unsigned NOT NULL AUTO_INCREMENT,
  `receptionist_id` int DEFAULT NULL,
  `clinic_id` int DEFAULT NULL,
  `vendor_id` int DEFAULT NULL,
  `created_by` int unsigned DEFAULT NULL,
  `updated_by` int unsigned DEFAULT NULL,
  `deleted_by` int unsigned DEFAULT NULL,
  `created_at` timestamp NULL DEFAULT NULL,
  `updated_at` timestamp NULL DEFAULT NULL,
  `deleted_at` timestamp NULL DEFAULT NULL,
  PRIMARY KEY (`id`)
) ENGINE=InnoDB AUTO_INCREMENT=6 DEFAULT CHARSET=utf8mb4 COLLATE=utf8mb4_unicode_ci;

--
-- Dumping data for table `receptionist`
--

INSERT INTO `receptionist` VALUES (1,23,1,1,NULL,NULL,NULL,'2024-09-03 23:50:42','2024-09-23 15:20:29','2024-09-23 15:20:29'),(2,24,2,1,NULL,NULL,NULL,'2024-09-03 23:50:42','2024-09-23 15:20:38','2024-09-23 15:20:38'),(3,25,3,1,NULL,NULL,NULL,'2024-09-03 23:50:42','2024-09-23 15:20:44','2024-09-23 15:20:44'),(4,37,11,1,NULL,NULL,NULL,'2024-09-26 12:32:29','2024-09-26 12:32:29',NULL),(5,39,12,1,NULL,NULL,NULL,'2024-09-27 09:09:33','2024-09-27 09:09:33',NULL);

--
-- Table structure for table `requestservices`
--

CREATE TABLE `requestservices` (
  `id` bigint unsigned NOT NULL AUTO_INCREMENT,
  `name` varchar(191) COLLATE utf8mb4_unicode_ci NOT NULL,
  `description` varchar(191) COLLATE utf8mb4_unicode_ci NOT NULL,
  `type` varchar(191) COLLATE utf8mb4_unicode_ci NOT NULL,
  `vendor_id` bigint unsigned DEFAULT NULL,
  `status` tinyint(1) NOT NULL DEFAULT '1',
  `is_status` varchar(191) COLLATE utf8mb4_unicode_ci DEFAULT NULL,
  `created_by` int unsigned DEFAULT NULL,
  `updated_by` int unsigned DEFAULT NULL,
  `deleted_by` int unsigned DEFAULT NULL,
  `created_at` timestamp NULL DEFAULT NULL,
  `updated_at` timestamp NULL DEFAULT NULL,
  `deleted_at` timestamp NULL DEFAULT NULL,
  PRIMARY KEY (`id`)
) ENGINE=InnoDB DEFAULT CHARSET=utf8mb4 COLLATE=utf8mb4_unicode_ci;

--
-- Dumping data for table `requestservices`
--


--
-- Table structure for table `review_galleries`
--

CREATE TABLE `review_galleries` (
  `id` bigint unsigned NOT NULL AUTO_INCREMENT,
  `review_id` bigint unsigned NOT NULL,
  `status` tinyint(1) NOT NULL DEFAULT '1',
  `full_url` varchar(191) COLLATE utf8mb4_unicode_ci DEFAULT NULL,
  `created_by` int unsigned DEFAULT NULL,
  `updated_by` int unsigned DEFAULT NULL,
  `deleted_by` int unsigned DEFAULT NULL,
  `created_at` timestamp NULL DEFAULT NULL,
  `updated_at` timestamp NULL DEFAULT NULL,
  `deleted_at` timestamp NULL DEFAULT NULL,
  PRIMARY KEY (`id`)
) ENGINE=InnoDB DEFAULT CHARSET=utf8mb4 COLLATE=utf8mb4_unicode_ci;

--
-- Dumping data for table `review_galleries`
--


--
-- Table structure for table `role_has_permissions`
--

CREATE TABLE `role_has_permissions` (
  `permission_id` bigint unsigned NOT NULL,
  `role_id` bigint unsigned NOT NULL,
  PRIMARY KEY (`permission_id`,`role_id`),
  KEY `role_has_permissions_role_id_foreign` (`role_id`),
  CONSTRAINT `role_has_permissions_permission_id_foreign` FOREIGN KEY (`permission_id`) REFERENCES `permissions` (`id`) ON DELETE CASCADE,
  CONSTRAINT `role_has_permissions_role_id_foreign` FOREIGN KEY (`role_id`) REFERENCES `roles` (`id`) ON DELETE CASCADE
) ENGINE=InnoDB DEFAULT CHARSET=utf8mb4 COLLATE=utf8mb4_unicode_ci;

--
-- Dumping data for table `role_has_permissions`
--

INSERT INTO `role_has_permissions` VALUES (1,1),(2,1),(3,1),(4,1),(5,1),(6,1),(7,1),(8,1),(9,1),(10,1),(11,1),(12,1),(13,1),(14,1),(15,1),(16,1),(17,1),(18,1),(19,1),(20,1),(21,1),(22,1),(23,1),(24,1),(25,1),(26,1),(27,1),(28,1),(29,1),(30,1),(31,1),(32,1),(33,1),(34,1),(35,1),(36,1),(37,1),(38,1),(39,1),(40,1),(41,1),(42,1),(43,1),(44,1),(45,1),(46,1),(47,1),(48,1),(49,1),(50,1),(51,1),(52,1),(53,1),(54,1),(55,1),(56,1),(57,1),(58,1),(59,1),(60,1),(61,1),(62,1),(63,1),(64,1),(65,1),(66,1),(67,1),(68,1),(69,1),(70,1),(71,1),(72,1),(73,1),(74,1),(75,1),(76,1),(77,1),(78,1),(79,1),(80,1),(81,1),(82,1),(83,1),(84,1),(85,1),(86,1),(87,1),(88,1),(89,1),(90,1),(91,1),(92,1),(93,1),(94,1),(95,1),(96,1),(97,1),(98,1),(99,1),(100,1),(101,1),(102,1),(103,1),(104,1),(105,1),(106,1),(107,1),(108,1),(109,1),(110,1),(111,1),(112,1),(113,1),(114,1),(115,1),(116,1),(117,1),(118,1),(119,1),(120,1),(121,1),(122,1),(123,1),(124,1),(125,1),(126,1),(127,1),(128,1),(129,1),(130,1),(131,1),(132,1),(133,1),(134,1),(135,1),(136,1),(137,1),(138,1),(139,1),(140,1),(141,1),(142,1),(143,1),(144,1),(145,1),(146,1),(147,1),(148,1),(149,1),(150,1),(151,1),(152,1),(153,1),(154,1),(155,1),(156,1),(157,1),(158,1),(159,1),(160,1),(161,1),(162,1),(163,1),(164,1),(165,1),(166,1),(167,1),(168,1),(169,1),(170,1),(171,1),(172,1),(173,1),(174,1),(175,1),(176,1),(177,1),(178,1),(179,1),(180,1),(181,1),(182,1),(183,1),(184,1),(185,1),(1,2),(2,2),(3,2),(4,2),(5,2),(6,2),(7,2),(8,2),(9,2),(10,2),(11,2),(12,2),(13,2),(14,2),(15,2),(16,2),(17,2),(18,2),(19,2),(20,2),(21,2),(22,2),(23,2),(24,2),(25,2),(26,2),(27,2),(28,2),(29,2),(30,2),(31,2),(32,2),(33,2),(34,2),(35,2),(36,2),(37,2),(38,2),(39,2),(40,2),(41,2),(42,2),(43,2),(44,2),(45,2),(46,2),(47,2),(48,2),(49,2),(50,2),(51,2),(52,2),(53,2),(54,2),(55,2),(57,2),(58,2),(59,2),(60,2),(61,2),(62,2),(63,2),(64,2),(65,2),(66,2),(68,2),(69,2),(70,2),(71,2),(72,2),(73,2),(74,2),(75,2),(76,2),(77,2),(78,2),(79,2),(80,2),(81,2),(82,2),(83,2),(84,2),(85,2),(86,2),(87,2),(88,2),(89,2),(90,2),(91,2),(92,2),(93,2),(94,2),(95,2),(96,2),(97,2),(98,2),(99,2),(100,2),(101,2),(102,2),(103,2),(104,2),(105,2),(106,2),(107,2),(108,2),(109,2),(110,2),(111,2),(112,2),(113,2),(114,2),(115,2),(116,2),(117,2),(118,2),(119,2),(120,2),(121,2),(122,2),(123,2),(124,2),(125,2),(126,2),(127,2),(128,2),(129,2),(130,2),(131,2),(132,2),(133,2),(134,2),(135,2),(136,2),(137,2),(138,2),(139,2),(140,2),(141,2),(142,2),(143,2),(144,2),(145,2),(146,2),(147,2),(148,2),(149,2),(150,2),(151,2),(152,2),(153,2),(154,2),(155,2),(156,2),(157,2),(158,2),(159,2),(160,2),(161,2),(162,2),(163,2),(164,2),(165,2),(166,2),(167,2),(168,2),(169,2),(170,2),(171,2),(172,2),(173,2),(174,2),(175,2),(176,2),(177,2),(178,2),(179,2),(180,2),(181,2),(182,2),(183,2),(184,2),(185,2),(41,3),(11,4),(20,4),(21,4),(25,4),(26,4),(27,4),(28,4),(33,4),(35,4),(41,4),(49,4),(50,4),(51,4),(52,4),(66,4),(72,4),(78,4),(122,4),(130,4),(131,4),(132,4),(133,4),(182,4),(183,4),(184,4),(185,4),(11,5),(12,5),(13,5),(14,5),(20,5),(21,5),(22,5),(23,5),(25,5),(26,5),(27,5),(28,5),(29,5),(30,5),(31,5),(32,5),(33,5),(34,5),(35,5),(36,5),(41,5),(42,5),(44,5),(45,5),(46,5),(47,5),(48,5),(49,5),(50,5),(51,5),(52,5),(55,5),(65,5),(72,5),(82,5),(83,5),(84,5),(85,5),(86,5),(87,5),(88,5),(89,5),(94,5),(130,5),(131,5),(132,5),(133,5),(170,5),(171,5),(172,5),(173,5),(182,5),(183,5),(184,5),(185,5),(11,7),(13,7),(20,7),(21,7),(22,7),(23,7),(25,7),(26,7),(27,7),(28,7),(29,7),(30,7),(31,7),(32,7),(33,7),(34,7),(35,7),(36,7),(41,7),(42,7),(44,7),(130,7),(182,7);

--
-- Table structure for table `roles`
--

CREATE TABLE `roles` (
  `id` bigint unsigned NOT NULL AUTO_INCREMENT,
  `name` varchar(191) COLLATE utf8mb4_unicode_ci NOT NULL,
  `title` varchar(191) COLLATE utf8mb4_unicode_ci NOT NULL,
  `guard_name` varchar(191) COLLATE utf8mb4_unicode_ci NOT NULL,
  `is_fixed` tinyint(1) NOT NULL DEFAULT '0',
  `created_at` timestamp NULL DEFAULT NULL,
  `updated_at` timestamp NULL DEFAULT NULL,
  PRIMARY KEY (`id`),
  UNIQUE KEY `roles_name_guard_name_unique` (`name`,`guard_name`)
) ENGINE=InnoDB AUTO_INCREMENT=8 DEFAULT CHARSET=utf8mb4 COLLATE=utf8mb4_unicode_ci;

--
-- Dumping data for table `roles`
--

INSERT INTO `roles` VALUES (1,'admin','Admin','web',1,'2024-09-03 23:48:23','2024-09-03 23:48:23'),(2,'demo_admin','Demo Admin','web',1,'2024-09-03 23:48:23','2024-09-03 23:48:23'),(3,'user','user','web',1,'2024-09-03 23:48:23','2024-09-03 23:48:23'),(4,'doctor','doctor','web',1,'2024-09-03 23:48:23','2024-09-03 23:48:23'),(5,'vendor','Clinic Admin','web',1,'2024-09-03 23:48:23','2024-09-03 23:48:23'),(6,'shopmanager','shopmanager','web',1,'2024-09-03 23:48:23','2024-09-03 23:48:23'),(7,'receptionist','receptionist','web',1,'2024-09-03 23:48:23','2024-09-03 23:48:23');

--
-- Table structure for table `service_categories`
--

CREATE TABLE `service_categories` (
  `id` bigint unsigned NOT NULL AUTO_INCREMENT,
  `slug` varchar(191) COLLATE utf8mb4_unicode_ci NOT NULL DEFAULT '1',
  `name` varchar(191) COLLATE utf8mb4_unicode_ci NOT NULL,
  `parent_id` bigint unsigned DEFAULT NULL,
  `status` tinyint(1) NOT NULL DEFAULT '1',
  `created_by` int unsigned DEFAULT NULL,
  `updated_by` int unsigned DEFAULT NULL,
  `deleted_by` int unsigned DEFAULT NULL,
  `created_at` timestamp NULL DEFAULT NULL,
  `updated_at` timestamp NULL DEFAULT NULL,
  `deleted_at` timestamp NULL DEFAULT NULL,
  PRIMARY KEY (`id`)
) ENGINE=InnoDB DEFAULT CHARSET=utf8mb4 COLLATE=utf8mb4_unicode_ci;

--
-- Dumping data for table `service_categories`
--


--
-- Table structure for table `service_employees`
--

CREATE TABLE `service_employees` (
  `id` bigint unsigned NOT NULL AUTO_INCREMENT,
  `service_id` bigint unsigned NOT NULL,
  `employee_id` bigint unsigned NOT NULL,
  `created_by` int unsigned DEFAULT NULL,
  `updated_by` int unsigned DEFAULT NULL,
  `deleted_by` int unsigned DEFAULT NULL,
  `created_at` timestamp NULL DEFAULT NULL,
  `updated_at` timestamp NULL DEFAULT NULL,
  `deleted_at` timestamp NULL DEFAULT NULL,
  PRIMARY KEY (`id`)
) ENGINE=InnoDB DEFAULT CHARSET=utf8mb4 COLLATE=utf8mb4_unicode_ci;

--
-- Dumping data for table `service_employees`
--


--
-- Table structure for table `service_galleries`
--

CREATE TABLE `service_galleries` (
  `id` bigint unsigned NOT NULL AUTO_INCREMENT,
  `service_id` bigint unsigned NOT NULL,
  `status` tinyint(1) NOT NULL DEFAULT '1',
  `full_url` varchar(191) COLLATE utf8mb4_unicode_ci DEFAULT NULL,
  `created_by` int unsigned DEFAULT NULL,
  `updated_by` int unsigned DEFAULT NULL,
  `deleted_by` int unsigned DEFAULT NULL,
  `created_at` timestamp NULL DEFAULT NULL,
  `updated_at` timestamp NULL DEFAULT NULL,
  `deleted_at` timestamp NULL DEFAULT NULL,
  PRIMARY KEY (`id`)
) ENGINE=InnoDB DEFAULT CHARSET=utf8mb4 COLLATE=utf8mb4_unicode_ci;

--
-- Dumping data for table `service_galleries`
--


--
-- Table structure for table `service_packages`
--

CREATE TABLE `service_packages` (
  `id` bigint unsigned NOT NULL AUTO_INCREMENT,
  `employee_id` bigint unsigned NOT NULL,
  `category_id` bigint unsigned DEFAULT NULL,
  `subcategory_id` bigint unsigned DEFAULT NULL,
  `name` text COLLATE utf8mb4_unicode_ci,
  `description` longtext COLLATE utf8mb4_unicode_ci,
  `price` float DEFAULT '0',
  `start_at` datetime DEFAULT NULL,
  `end_at` datetime DEFAULT NULL,
  `status` tinyint(1) NOT NULL DEFAULT '1',
  `is_featured` tinyint DEFAULT '0',
  `package_type` text COLLATE utf8mb4_unicode_ci,
  `created_by` int unsigned DEFAULT NULL,
  `updated_by` int unsigned DEFAULT NULL,
  `deleted_by` int unsigned DEFAULT NULL,
  `deleted_at` timestamp NULL DEFAULT NULL,
  `created_at` timestamp NULL DEFAULT NULL,
  `updated_at` timestamp NULL DEFAULT NULL,
  PRIMARY KEY (`id`)
) ENGINE=InnoDB DEFAULT CHARSET=utf8mb4 COLLATE=utf8mb4_unicode_ci;

--
-- Dumping data for table `service_packages`
--


--
-- Table structure for table `service_provider_services`
--

CREATE TABLE `service_provider_services` (
  `id` bigint unsigned NOT NULL AUTO_INCREMENT,
  `service_id` bigint unsigned NOT NULL,
  `service_provider_id` bigint unsigned NOT NULL,
  `service_price` double NOT NULL DEFAULT '0',
  `duration_min` double NOT NULL DEFAULT '0',
  `created_by` int unsigned DEFAULT NULL,
  `updated_by` int unsigned DEFAULT NULL,
  `deleted_by` int unsigned DEFAULT NULL,
  `created_at` timestamp NULL DEFAULT NULL,
  `updated_at` timestamp NULL DEFAULT NULL,
  `deleted_at` timestamp NULL DEFAULT NULL,
  PRIMARY KEY (`id`)
) ENGINE=InnoDB DEFAULT CHARSET=utf8mb4 COLLATE=utf8mb4_unicode_ci;

--
-- Dumping data for table `service_provider_services`
--


--
-- Table structure for table `service_providers`
--

CREATE TABLE `service_providers` (
  `id` bigint unsigned NOT NULL AUTO_INCREMENT,
  `slug` varchar(191) COLLATE utf8mb4_unicode_ci NOT NULL,
  `name` varchar(191) COLLATE utf8mb4_unicode_ci NOT NULL,
  `description` longtext COLLATE utf8mb4_unicode_ci,
  `payment_method` varchar(191) COLLATE utf8mb4_unicode_ci DEFAULT NULL,
  `manager_id` bigint unsigned DEFAULT NULL,
  `status` tinyint(1) NOT NULL DEFAULT '1',
  `created_by` int unsigned DEFAULT NULL,
  `updated_by` int unsigned DEFAULT NULL,
  `deleted_by` int unsigned DEFAULT NULL,
  `contact_email` text COLLATE utf8mb4_unicode_ci NOT NULL,
  `contact_number` varchar(191) COLLATE utf8mb4_unicode_ci NOT NULL,
  `created_at` timestamp NULL DEFAULT NULL,
  `updated_at` timestamp NULL DEFAULT NULL,
  `deleted_at` timestamp NULL DEFAULT NULL,
  PRIMARY KEY (`id`)
) ENGINE=InnoDB DEFAULT CHARSET=utf8mb4 COLLATE=utf8mb4_unicode_ci;

--
-- Dumping data for table `service_providers`
--


--
-- Table structure for table `services`
--

CREATE TABLE `services` (
  `id` bigint unsigned NOT NULL AUTO_INCREMENT,
  `slug` varchar(191) COLLATE utf8mb4_unicode_ci NOT NULL,
  `name` varchar(191) COLLATE utf8mb4_unicode_ci NOT NULL,
  `description` longtext COLLATE utf8mb4_unicode_ci,
  `duration_min` bigint NOT NULL DEFAULT '15',
  `default_price` float NOT NULL DEFAULT '0',
  `status` tinyint(1) NOT NULL DEFAULT '1',
  `category_id` bigint unsigned NOT NULL,
  `sub_category_id` bigint unsigned DEFAULT NULL,
  `created_by` int unsigned DEFAULT NULL,
  `updated_by` int unsigned DEFAULT NULL,
  `deleted_by` int unsigned DEFAULT NULL,
  `created_at` timestamp NULL DEFAULT NULL,
  `updated_at` timestamp NULL DEFAULT NULL,
  `deleted_at` timestamp NULL DEFAULT NULL,
  PRIMARY KEY (`id`)
) ENGINE=InnoDB DEFAULT CHARSET=utf8mb4 COLLATE=utf8mb4_unicode_ci;

--
-- Dumping data for table `services`
--


--
-- Table structure for table `settings`
--

CREATE TABLE `settings` (
  `id` bigint unsigned NOT NULL AUTO_INCREMENT,
  `name` varchar(191) COLLATE utf8mb4_unicode_ci DEFAULT NULL,
  `val` text COLLATE utf8mb4_unicode_ci,
  `type` varchar(90) COLLATE utf8mb4_unicode_ci NOT NULL DEFAULT 'string',
  `datatype` varchar(90) COLLATE utf8mb4_unicode_ci DEFAULT NULL,
  `created_by` int unsigned DEFAULT NULL,
  `updated_by` int unsigned DEFAULT NULL,
  `deleted_by` int unsigned DEFAULT NULL,
  `created_at` timestamp NULL DEFAULT NULL,
  `updated_at` timestamp NULL DEFAULT NULL,
  `deleted_at` timestamp NULL DEFAULT NULL,
  PRIMARY KEY (`id`)
) ENGINE=InnoDB AUTO_INCREMENT=47 DEFAULT CHARSET=utf8mb4 COLLATE=utf8mb4_unicode_ci;

--
-- Dumping data for table `settings`
--

INSERT INTO `settings` VALUES (1,'default_time_zone','Asia/Kolkata','misc','misc',1,1,NULL,'2024-09-03 23:48:28','2024-09-03 23:48:28',NULL),(2,'is_application_link','1','integaration',NULL,1,1,NULL,'2024-09-03 23:48:28','2024-09-03 23:48:28',NULL),(3,'customer_app_play_store','customer_playstore_app','is_application_link',NULL,1,1,NULL,'2024-09-03 23:48:28','2024-09-03 23:48:28',NULL),(4,'customer_app_app_store','customer_appstore_app','is_application_link',NULL,1,1,NULL,'2024-09-03 23:48:28','2024-09-03 23:48:28',NULL),(5,'employee_app_play_store','employee_app_play_store_app','is_application_link',NULL,1,1,NULL,'2024-09-03 23:48:28','2024-09-03 23:48:28',NULL),(6,'employee_app_app_store','employee_app_store_app','is_application_link',NULL,1,1,NULL,'2024-09-03 23:48:28','2024-09-03 23:48:28',NULL),(7,'is_zoom','1','integaration',NULL,1,1,NULL,'2024-09-03 23:48:28','2024-09-03 23:48:28',NULL),(8,'account_id','ZOOM_ACCOUNT_ID','is_zoom',NULL,1,1,NULL,'2024-09-03 23:48:28','2024-09-03 23:48:28',NULL),(9,'client_id','ZOOM_CLIENT_ID','is_zoom',NULL,1,1,NULL,'2024-09-03 23:48:28','2024-09-03 23:48:28',NULL),(10,'client_secret','ZOOM_CLIENT_SECRET','is_zoom',NULL,1,1,NULL,'2024-09-03 23:48:28','2024-09-03 23:48:28',NULL),(11,'razor_payment_method','1','razorpayPayment',NULL,1,1,NULL,'2024-09-03 23:48:28','2024-09-16 10:17:26',NULL),(12,'razorpay_secretkey','RAZORPAY_SECRETKEY','razor_payment_method',NULL,1,1,NULL,'2024-09-03 23:48:28','2024-09-16 10:17:26',NULL),(13,'razorpay_publickey','RAZORPAY_PUBLICKEY','razor_payment_method',NULL,1,1,NULL,'2024-09-03 23:48:28','2024-09-16 10:17:26',NULL),(14,'str_payment_method','1','stripePayment',NULL,1,1,NULL,'2024-09-03 23:48:28','2024-09-16 10:17:26',NULL),(15,'stripe_secretkey','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','str_payment_method',NULL,1,1,NULL,'2024-09-03 23:48:28','2024-09-16 10:17:26',NULL),(16,'stripe_publickey','pk_live_51PxwR4P7h6MGbZLHpDIgsMd1rrhHSSg4z0DB675VI14LFv56VOY11pIvwCupUqKEUEaNlSYQpudvU88Whjiw0FS400F3o5d6pJ','str_payment_method',NULL,1,1,NULL,'2024-09-03 23:48:28','2024-09-16 10:17:26',NULL),(17,'paystack_payment_method','1','paystackPayment',NULL,1,1,NULL,'2024-09-03 23:48:28','2024-09-16 10:17:26',NULL),(18,'paystack_secretkey','PAYSTACK_SECRETKEY','paystack_payment_method',NULL,1,1,NULL,'2024-09-03 23:48:28','2024-09-16 10:17:26',NULL),(19,'paystack_publickey','PAYSTACK_PUBLICKEY','paystack_payment_method',NULL,1,1,NULL,'2024-09-03 23:48:28','2024-09-16 10:17:26',NULL),(20,'paypal_payment_method','1','paypalPayment',NULL,1,1,NULL,'2024-09-03 23:48:28','2024-09-16 10:17:26',NULL),(21,'paypal_secretkey','PAYPAL_SECRETKEY','paypal_payment_method',NULL,1,1,NULL,'2024-09-03 23:48:28','2024-09-16 10:17:26',NULL),(22,'paypal_clientid','PAYPAL_CLIENTID','paypal_payment_method',NULL,1,1,NULL,'2024-09-03 23:48:28','2024-09-16 10:17:26',NULL),(23,'flutterwave_payment_method','1','flutterwavePayment',NULL,1,1,NULL,'2024-09-03 23:48:28','2024-09-16 10:17:26',NULL),(24,'flutterwave_secretkey','FLUTTERWAVE_SECRETKEY','flutterwave_payment_method',NULL,1,1,NULL,'2024-09-03 23:48:28','2024-09-16 10:17:26',NULL),(25,'flutterwave_publickey','FLUTTERWAVE_PUBLICKEY','flutterwave_payment_method',NULL,1,1,NULL,'2024-09-03 23:48:28','2024-09-16 10:17:26',NULL),(26,'is_event','1','other_settings',NULL,1,1,NULL,'2024-09-03 23:48:28','2024-09-03 23:48:28',NULL),(27,'is_blog','1','other_settings',NULL,1,1,NULL,'2024-09-03 23:48:28','2024-09-03 23:48:28',NULL),(28,'is_user_push_notification','1','other_settings',NULL,1,1,NULL,'2024-09-03 23:48:28','2024-09-03 23:48:28',NULL),(29,'is_provider_push_notification','1','other_settings',NULL,1,1,NULL,'2024-09-03 23:48:28','2024-09-03 23:48:28',NULL),(30,'firebase_notification','1','other_settings',NULL,1,1,NULL,'2024-09-03 23:48:28','2024-09-03 23:48:28',NULL),(31,'firebase_key','FIREBASE_KEY','firebase_notification',NULL,1,1,NULL,'2024-09-03 23:48:28','2024-09-03 23:48:28',NULL),(32,'view_patient_soap','1','module_settings',NULL,1,1,NULL,'2024-09-03 23:48:28','2024-09-03 23:48:28',NULL),(33,'is_body_chart','1','module_settings',NULL,1,1,NULL,'2024-09-03 23:48:28','2024-09-03 23:48:28',NULL),(34,'is_telemed_setting','1','module_settings',NULL,1,1,NULL,'2024-09-03 23:48:28','2024-09-03 23:48:28',NULL),(35,'is_multi_vendor','0','module_settings',NULL,1,1,NULL,'2024-09-03 23:48:28','2024-09-03 23:48:28',NULL),(36,'is_encounter_problem','1','module_settings',NULL,1,1,NULL,'2024-09-03 23:48:28','2024-09-03 23:48:28',NULL),(37,'is_encounter_observation','1','module_settings',NULL,1,1,NULL,'2024-09-03 23:48:28','2024-09-03 23:48:28',NULL),(38,'is_encounter_note','1','module_settings',NULL,1,1,NULL,'2024-09-03 23:48:28','2024-09-03 23:48:28',NULL),(39,'is_encounter_prescription','1','module_settings',NULL,1,1,NULL,'2024-09-03 23:48:28','2024-09-03 23:48:28',NULL),(40,'date_formate','Y-m-d','misc','misc',1,1,NULL,'2024-09-03 23:48:28','2024-09-03 23:48:28',NULL),(41,'time_formate','g:i A','misc','misc',1,1,NULL,'2024-09-03 23:48:28','2024-09-03 23:48:28',NULL),(42,'airtel_payment_method',NULL,'airtelPayment',NULL,1,1,NULL,'2024-09-16 10:17:26','2024-09-16 10:17:26',NULL),(43,'phonepay_payment_method',NULL,'phonepayPayment',NULL,1,1,NULL,'2024-09-16 10:17:26','2024-09-16 10:17:26',NULL),(44,'midtrans_payment_method',NULL,'midtransPayment',NULL,1,1,NULL,'2024-09-16 10:17:26','2024-09-16 10:17:26',NULL),(45,'cinet_payment_method',NULL,'cinetpayPayment',NULL,1,1,NULL,'2024-09-16 10:17:26','2024-09-16 10:17:26',NULL),(46,'sadad_payment_method',NULL,'sadadpayPayment',NULL,1,1,NULL,'2024-09-16 10:17:26','2024-09-16 10:17:26',NULL);

--
-- Table structure for table `sliders`
--

CREATE TABLE `sliders` (
  `id` bigint unsigned NOT NULL AUTO_INCREMENT,
  `name` varchar(191) COLLATE utf8mb4_unicode_ci NOT NULL,
  `status` tinyint(1) NOT NULL DEFAULT '1',
  `link` varchar(191) COLLATE utf8mb4_unicode_ci DEFAULT NULL,
  `type` varchar(191) COLLATE utf8mb4_unicode_ci NOT NULL DEFAULT 'category',
  `link_id` int NOT NULL DEFAULT '0',
  `created_by` int unsigned DEFAULT NULL,
  `updated_by` int unsigned DEFAULT NULL,
  `deleted_by` int unsigned DEFAULT NULL,
  `created_at` timestamp NULL DEFAULT NULL,
  `updated_at` timestamp NULL DEFAULT NULL,
  `deleted_at` timestamp NULL DEFAULT NULL,
  PRIMARY KEY (`id`)
) ENGINE=InnoDB AUTO_INCREMENT=5 DEFAULT CHARSET=utf8mb4 COLLATE=utf8mb4_unicode_ci;

--
-- Dumping data for table `sliders`
--

INSERT INTO `sliders` VALUES (1,'Banner1',1,NULL,'category',1,NULL,NULL,NULL,'2024-09-03 23:50:42','2024-09-03 23:50:42',NULL),(2,'Banner2',1,NULL,'category',1,NULL,NULL,NULL,'2024-09-03 23:50:43','2024-09-03 23:50:43',NULL),(3,'Banner3',1,NULL,'category',1,NULL,NULL,NULL,'2024-09-03 23:50:44','2024-09-03 23:50:44',NULL),(4,'Banner4',1,NULL,'category',4,NULL,NULL,NULL,'2024-09-03 23:50:45','2024-09-03 23:50:45',NULL);

--
-- Table structure for table `states`
--

CREATE TABLE `states` (
  `id` int unsigned NOT NULL AUTO_INCREMENT,
  `name` varchar(255) COLLATE utf8mb4_unicode_ci NOT NULL,
  `country_id` int NOT NULL,
  `status` tinyint NOT NULL DEFAULT '1',
  `created_by` int unsigned DEFAULT NULL,
  `updated_by` int unsigned DEFAULT NULL,
  `deleted_by` int unsigned DEFAULT NULL,
  `created_at` timestamp NULL DEFAULT NULL,
  `updated_at` timestamp NULL DEFAULT NULL,
  `deleted_at` timestamp NULL DEFAULT NULL,
  PRIMARY KEY (`id`)
) ENGINE=InnoDB AUTO_INCREMENT=97 DEFAULT CHARSET=utf8mb4 COLLATE=utf8mb4_unicode_ci;

--
-- Dumping data for table `states`
--

INSERT INTO `states` VALUES (1,'Surrey',1,1,NULL,NULL,NULL,'2024-10-09 00:27:25','2024-10-09 00:27:25',NULL),(2,'Somerset',1,1,NULL,NULL,NULL,'2024-10-09 00:27:25','2024-10-09 00:27:25',NULL),(3,'Worcestershire',1,1,NULL,NULL,NULL,'2024-10-09 00:27:25','2024-10-09 00:27:25',NULL),(4,'Essex',1,1,NULL,NULL,NULL,'2024-10-09 00:27:25','2024-10-09 00:27:25',NULL),(5,'Northumberland',1,1,NULL,NULL,NULL,'2024-10-09 00:27:25','2024-10-09 00:27:25',NULL),(6,'Devon',1,1,NULL,NULL,NULL,'2024-10-09 00:27:25','2024-10-09 00:27:25',NULL),(7,'Powys',2,1,NULL,NULL,NULL,'2024-10-09 00:27:25','2024-10-09 00:27:25',NULL),(8,'Gloucestershire',1,1,NULL,NULL,NULL,'2024-10-09 00:27:25','2024-10-09 00:27:25',NULL),(9,'South Yorkshire',1,1,NULL,NULL,NULL,'2024-10-09 00:27:25','2024-10-09 00:27:25',NULL),(10,'Herefordshire',1,1,NULL,NULL,NULL,'2024-10-09 00:27:25','2024-10-09 00:27:25',NULL),(11,'Warwickshire',1,1,NULL,NULL,NULL,'2024-10-09 00:27:25','2024-10-09 00:27:25',NULL),(12,'Shropshire',1,1,NULL,NULL,NULL,'2024-10-09 00:27:25','2024-10-09 00:27:25',NULL),(13,'Staffordshire',1,1,NULL,NULL,NULL,'2024-10-09 00:27:25','2024-10-09 00:27:25',NULL),(14,'Greater Manchester',1,1,NULL,NULL,NULL,'2024-10-09 00:27:25','2024-10-09 00:27:25',NULL),(15,'City of Edinburgh',3,1,NULL,NULL,NULL,'2024-10-09 00:27:25','2024-10-09 00:27:25',NULL),(16,'Wiltshire',1,1,NULL,NULL,NULL,'2024-10-09 00:27:25','2024-10-09 00:27:25',NULL),(17,'Fife',3,1,NULL,NULL,NULL,'2024-10-09 00:27:25','2024-10-09 00:27:25',NULL),(18,'Berwickshire',3,1,NULL,NULL,NULL,'2024-10-09 00:27:25','2024-10-09 00:27:25',NULL),(19,'Lancashire',1,1,NULL,NULL,NULL,'2024-10-09 00:27:25','2024-10-09 00:27:25',NULL),(20,'Cumbria',1,1,NULL,NULL,NULL,'2024-10-09 00:27:25','2024-10-09 00:27:25',NULL),(21,'Greater London',1,1,NULL,NULL,NULL,'2024-10-09 00:27:25','2024-10-09 00:27:25',NULL),(22,'The Stewartry of Kirkcudbright',3,1,NULL,NULL,NULL,'2024-10-09 00:27:25','2024-10-09 00:27:25',NULL),(23,'Roxburgh, Ettrick and Lauderdale',3,1,NULL,NULL,NULL,'2024-10-09 00:27:25','2024-10-09 00:27:25',NULL),(24,'Dorset',1,1,NULL,NULL,NULL,'2024-10-09 00:27:25','2024-10-09 00:27:25',NULL),(25,'West Sussex',1,1,NULL,NULL,NULL,'2024-10-09 00:27:25','2024-10-09 00:27:25',NULL),(26,'Hertfordshire',1,1,NULL,NULL,NULL,'2024-10-09 00:27:25','2024-10-09 00:27:25',NULL),(27,'Cambridgeshire',1,1,NULL,NULL,NULL,'2024-10-09 00:27:25','2024-10-09 00:27:25',NULL),(28,'Cheshire',1,1,NULL,NULL,NULL,'2024-10-09 00:27:25','2024-10-09 00:27:25',NULL),(29,'Hampshire',1,1,NULL,NULL,NULL,'2024-10-09 00:27:25','2024-10-09 00:27:25',NULL),(30,'Dyfed',2,1,NULL,NULL,NULL,'2024-10-09 00:27:25','2024-10-09 00:27:25',NULL),(31,'Mid Glamorgan',2,1,NULL,NULL,NULL,'2024-10-09 00:27:25','2024-10-09 00:27:25',NULL),(32,'Gwynedd',2,1,NULL,NULL,NULL,'2024-10-09 00:27:25','2024-10-09 00:27:25',NULL),(33,'Inverness',3,1,NULL,NULL,NULL,'2024-10-09 00:27:25','2024-10-09 00:27:25',NULL),(34,'Perth and Kinross',3,1,NULL,NULL,NULL,'2024-10-09 00:27:25','2024-10-09 00:27:25',NULL),(35,'West Glamorgan',2,1,NULL,NULL,NULL,'2024-10-09 00:27:25','2024-10-09 00:27:25',NULL),(36,'Gwent',2,1,NULL,NULL,NULL,'2024-10-09 00:27:25','2024-10-09 00:27:25',NULL),(37,'Banffshire',3,1,NULL,NULL,NULL,'2024-10-09 00:27:25','2024-10-09 00:27:25',NULL),(38,'West Lothian',3,1,NULL,NULL,NULL,'2024-10-09 00:27:25','2024-10-09 00:27:25',NULL),(39,'City of Aberdeen',3,1,NULL,NULL,NULL,'2024-10-09 00:27:25','2024-10-09 00:27:25',NULL),(40,'West Yorkshire',1,1,NULL,NULL,NULL,'2024-10-09 00:27:26','2024-10-09 00:27:26',NULL),(41,'Stirling and Falkirk',3,1,NULL,NULL,NULL,'2024-10-09 00:27:26','2024-10-09 00:27:26',NULL),(42,'Aberdeenshire',3,1,NULL,NULL,NULL,'2024-10-09 00:27:26','2024-10-09 00:27:26',NULL),(43,'Clwyd',2,1,NULL,NULL,NULL,'2024-10-09 00:27:26','2024-10-09 00:27:26',NULL),(44,'East Lothian',3,1,NULL,NULL,NULL,'2024-10-09 00:27:26','2024-10-09 00:27:26',NULL),(45,'Angus',3,1,NULL,NULL,NULL,'2024-10-09 00:27:26','2024-10-09 00:27:26',NULL),(46,'South Glamorgan',2,1,NULL,NULL,NULL,'2024-10-09 00:27:26','2024-10-09 00:27:26',NULL),(47,'Oxfordshire',1,1,NULL,NULL,NULL,'2024-10-09 00:27:26','2024-10-09 00:27:26',NULL),(48,'Lanarkshire',3,1,NULL,NULL,NULL,'2024-10-09 00:27:26','2024-10-09 00:27:26',NULL),(49,'Northamptonshire',1,1,NULL,NULL,NULL,'2024-10-09 00:27:26','2024-10-09 00:27:26',NULL),(50,'Leicestershire',1,1,NULL,NULL,NULL,'2024-10-09 00:27:26','2024-10-09 00:27:26',NULL),(51,'Derbyshire',1,1,NULL,NULL,NULL,'2024-10-09 00:27:26','2024-10-09 00:27:26',NULL),(52,'Dunbartonshire',3,1,NULL,NULL,NULL,'2024-10-09 00:27:26','2024-10-09 00:27:26',NULL),(53,'Orkney',3,1,NULL,NULL,NULL,'2024-10-09 00:27:26','2024-10-09 00:27:26',NULL),(54,'Lincolnshire',1,1,NULL,NULL,NULL,'2024-10-09 00:27:26','2024-10-09 00:27:26',NULL),(55,'Western Isles',3,1,NULL,NULL,NULL,'2024-10-09 00:27:26','2024-10-09 00:27:26',NULL),(56,'North Yorkshire',1,1,NULL,NULL,NULL,'2024-10-09 00:27:26','2024-10-09 00:27:26',NULL),(57,'Argyll and Bute',3,1,NULL,NULL,NULL,'2024-10-09 00:27:26','2024-10-09 00:27:26',NULL),(58,'Ross and Cromarty',3,1,NULL,NULL,NULL,'2024-10-09 00:27:26','2024-10-09 00:27:26',NULL),(59,'Caithness',3,1,NULL,NULL,NULL,'2024-10-09 00:27:26','2024-10-09 00:27:26',NULL),(60,'Sutherland',3,1,NULL,NULL,NULL,'2024-10-09 00:27:26','2024-10-09 00:27:26',NULL),(61,'Nairn',3,1,NULL,NULL,NULL,'2024-10-09 00:27:26','2024-10-09 00:27:26',NULL),(62,'Norfolk',1,1,NULL,NULL,NULL,'2024-10-09 00:27:26','2024-10-09 00:27:26',NULL),(63,'West Midlands',1,1,NULL,NULL,NULL,'2024-10-09 00:27:26','2024-10-09 00:27:26',NULL),(64,'Kent',1,1,NULL,NULL,NULL,'2024-10-09 00:27:26','2024-10-09 00:27:26',NULL),(65,'City of Glasgow',3,1,NULL,NULL,NULL,'2024-10-09 00:27:26','2024-10-09 00:27:26',NULL),(66,'County Tyrone',4,1,NULL,NULL,NULL,'2024-10-09 00:27:26','2024-10-09 00:27:26',NULL),(67,'Suffolk',1,1,NULL,NULL,NULL,'2024-10-09 00:27:26','2024-10-09 00:27:26',NULL),(68,'Nottinghamshire',1,1,NULL,NULL,NULL,'2024-10-09 00:27:26','2024-10-09 00:27:26',NULL),(69,'Buckinghamshire',1,1,NULL,NULL,NULL,'2024-10-09 00:27:26','2024-10-09 00:27:26',NULL),(70,'Cornwall',1,1,NULL,NULL,NULL,'2024-10-09 00:27:26','2024-10-09 00:27:26',NULL),(71,'Kincardineshire',3,1,NULL,NULL,NULL,'2024-10-09 00:27:26','2024-10-09 00:27:26',NULL),(72,'Isle of Wight',1,1,NULL,NULL,NULL,'2024-10-09 00:27:26','2024-10-09 00:27:26',NULL),(73,'East Riding of Yorkshire',1,1,NULL,NULL,NULL,'2024-10-09 00:27:27','2024-10-09 00:27:27',NULL),(74,'Dumfries',3,1,NULL,NULL,NULL,'2024-10-09 00:27:27','2024-10-09 00:27:27',NULL),(75,'Ayrshire and Arran',3,1,NULL,NULL,NULL,'2024-10-09 00:27:27','2024-10-09 00:27:27',NULL),(76,'County Armagh',4,1,NULL,NULL,NULL,'2024-10-09 00:27:27','2024-10-09 00:27:27',NULL),(77,'County Derry / Londonderry',4,1,NULL,NULL,NULL,'2024-10-09 00:27:27','2024-10-09 00:27:27',NULL),(78,'County Fermanagh',4,1,NULL,NULL,NULL,'2024-10-09 00:27:27','2024-10-09 00:27:27',NULL),(79,'County Down',4,1,NULL,NULL,NULL,'2024-10-09 00:27:27','2024-10-09 00:27:27',NULL),(80,'County Antrim',4,1,NULL,NULL,NULL,'2024-10-09 00:27:27','2024-10-09 00:27:27',NULL),(81,'Isle of Man',5,1,NULL,NULL,NULL,'2024-10-09 00:27:27','2024-10-09 00:27:27',NULL),(82,'Merseyside',1,1,NULL,NULL,NULL,'2024-10-09 00:27:27','2024-10-09 00:27:27',NULL),(83,'Wigtown',3,1,NULL,NULL,NULL,'2024-10-09 00:27:27','2024-10-09 00:27:27',NULL),(84,'Durham',1,1,NULL,NULL,NULL,'2024-10-09 00:27:27','2024-10-09 00:27:27',NULL),(85,'Shetland',3,1,NULL,NULL,NULL,'2024-10-09 00:27:27','2024-10-09 00:27:27',NULL),(86,'Tyne and Wear',1,1,NULL,NULL,NULL,'2024-10-09 00:27:27','2024-10-09 00:27:27',NULL),(87,'East Sussex',1,1,NULL,NULL,NULL,'2024-10-09 00:27:27','2024-10-09 00:27:27',NULL),(88,'Berkshire',1,1,NULL,NULL,NULL,'2024-10-09 00:27:27','2024-10-09 00:27:27',NULL),(89,'Rutland',1,1,NULL,NULL,NULL,'2024-10-09 00:27:27','2024-10-09 00:27:27',NULL),(90,'Moray',3,1,NULL,NULL,NULL,'2024-10-09 00:27:27','2024-10-09 00:27:27',NULL),(91,'Bedfordshire',1,1,NULL,NULL,NULL,'2024-10-09 00:27:27','2024-10-09 00:27:27',NULL),(92,'Clackmannan',3,1,NULL,NULL,NULL,'2024-10-09 00:27:27','2024-10-09 00:27:27',NULL),(93,'City of Dundee',3,1,NULL,NULL,NULL,'2024-10-09 00:27:29','2024-10-09 00:27:29',NULL),(94,'Midlothian',3,1,NULL,NULL,NULL,'2024-10-09 00:27:29','2024-10-09 00:27:29',NULL),(95,'Bristol',1,1,NULL,NULL,NULL,'2024-10-09 00:27:29','2024-10-09 00:27:29',NULL),(96,'Renfrewshire',3,1,NULL,NULL,NULL,'2024-10-09 00:27:29','2024-10-09 00:27:29',NULL);

--
-- Table structure for table `stock_logs`
--

CREATE TABLE `stock_logs` (
  `id` bigint unsigned NOT NULL AUTO_INCREMENT,
  `type` enum('inward','outward') COLLATE utf8mb4_unicode_ci NOT NULL DEFAULT 'inward',
  `quantity` int NOT NULL DEFAULT '0',
  `location_id` bigint unsigned NOT NULL DEFAULT '1',
  `product_id` bigint unsigned NOT NULL,
  `product_variation_id` bigint unsigned NOT NULL,
  `created_at` timestamp NULL DEFAULT NULL,
  `updated_at` timestamp NULL DEFAULT NULL,
  `deleted_at` timestamp NULL DEFAULT NULL,
  PRIMARY KEY (`id`)
) ENGINE=InnoDB DEFAULT CHARSET=utf8mb4 COLLATE=utf8mb4_unicode_ci;

--
-- Dumping data for table `stock_logs`
--


--
-- Table structure for table `subscriptions`
--

CREATE TABLE `subscriptions` (
  `id` bigint unsigned NOT NULL AUTO_INCREMENT,
  `plan_id` int DEFAULT NULL,
  `user_id` int DEFAULT NULL,
  `start_date` datetime DEFAULT NULL,
  `end_date` datetime DEFAULT NULL,
  `status` varchar(191) COLLATE utf8mb4_unicode_ci DEFAULT NULL,
  `amount` double DEFAULT NULL,
  `name` varchar(191) COLLATE utf8mb4_unicode_ci DEFAULT NULL,
  `identifier` varchar(191) COLLATE utf8mb4_unicode_ci DEFAULT NULL,
  `type` varchar(191) COLLATE utf8mb4_unicode_ci DEFAULT NULL,
  `duration` int DEFAULT NULL,
  `plan_type` varchar(191) COLLATE utf8mb4_unicode_ci DEFAULT NULL,
  `payment_id` int DEFAULT NULL,
  `created_by` int unsigned DEFAULT NULL,
  `updated_by` int unsigned DEFAULT NULL,
  `deleted_by` int unsigned DEFAULT NULL,
  `deleted_at` timestamp NULL DEFAULT NULL,
  `created_at` timestamp NULL DEFAULT NULL,
  `updated_at` timestamp NULL DEFAULT NULL,
  PRIMARY KEY (`id`)
) ENGINE=InnoDB DEFAULT CHARSET=utf8mb4 COLLATE=utf8mb4_unicode_ci;

--
-- Dumping data for table `subscriptions`
--


--
-- Table structure for table `subscriptions_transactions`
--

CREATE TABLE `subscriptions_transactions` (
  `id` bigint unsigned NOT NULL AUTO_INCREMENT,
  `subscriptions_id` int DEFAULT NULL,
  `user_id` int DEFAULT NULL,
  `amount` double DEFAULT NULL,
  `payment_type` varchar(191) COLLATE utf8mb4_unicode_ci DEFAULT NULL,
  `payment_status` varchar(191) COLLATE utf8mb4_unicode_ci DEFAULT NULL,
  `other_transactions_details` text COLLATE utf8mb4_unicode_ci,
  `created_by` int unsigned DEFAULT NULL,
  `updated_by` int unsigned DEFAULT NULL,
  `deleted_by` int unsigned DEFAULT NULL,
  `deleted_at` timestamp NULL DEFAULT NULL,
  `created_at` timestamp NULL DEFAULT NULL,
  `updated_at` timestamp NULL DEFAULT NULL,
  PRIMARY KEY (`id`)
) ENGINE=InnoDB DEFAULT CHARSET=utf8mb4 COLLATE=utf8mb4_unicode_ci;

--
-- Dumping data for table `subscriptions_transactions`
--


--
-- Table structure for table `system_service`
--

CREATE TABLE `system_service` (
  `id` bigint unsigned NOT NULL AUTO_INCREMENT,
  `slug` varchar(191) COLLATE utf8mb4_unicode_ci DEFAULT NULL,
  `name` varchar(191) COLLATE utf8mb4_unicode_ci DEFAULT NULL,
  `category_id` bigint unsigned NOT NULL,
  `subcategory_id` bigint unsigned DEFAULT NULL,
  `description` longtext COLLATE utf8mb4_unicode_ci,
  `type` varchar(191) COLLATE utf8mb4_unicode_ci NOT NULL DEFAULT 'in_clinic',
  `is_video_consultancy` tinyint NOT NULL DEFAULT '0',
  `featured` tinyint(1) NOT NULL DEFAULT '1',
  `status` tinyint(1) NOT NULL DEFAULT '1',
  `created_by` int unsigned DEFAULT NULL,
  `updated_by` int unsigned DEFAULT NULL,
  `deleted_by` int unsigned DEFAULT NULL,
  `created_at` timestamp NULL DEFAULT NULL,
  `updated_at` timestamp NULL DEFAULT NULL,
  `deleted_at` timestamp NULL DEFAULT NULL,
  PRIMARY KEY (`id`)
) ENGINE=InnoDB AUTO_INCREMENT=50 DEFAULT CHARSET=utf8mb4 COLLATE=utf8mb4_unicode_ci;

--
-- Dumping data for table `system_service`
--

INSERT INTO `system_service` VALUES (1,'cardiac-consultation','Cardiac Consultation',1,NULL,'Expert consultation for heart health concerns. 💔','in_clinic',0,1,1,NULL,NULL,NULL,'2024-09-03 23:49:00','2024-09-03 23:49:00',NULL),(2,'echocardiography','Echocardiography',1,NULL,'Non-invasive imaging to assess heart function. 🩺','in_clinic',0,1,1,NULL,NULL,NULL,'2024-09-03 23:49:02','2024-09-03 23:49:02',NULL),(3,'angioplasty','Angioplasty',1,NULL,'Procedure to widen narrowed or blocked blood vessels. 🩸','in_clinic',0,1,1,NULL,NULL,NULL,'2024-09-03 23:49:05','2024-09-03 23:49:05',NULL),(4,'electrophysiology-study-eps','Electrophysiology Study (EPS)',2,NULL,'Diagnostic procedure to evaluate heart rhythm abnormalities. ⚡','in_clinic',0,1,1,NULL,NULL,NULL,'2024-09-03 23:49:07','2024-09-03 23:49:07',NULL),(5,'cardiac-ablation','Cardiac Ablation',2,NULL,'Treatment to correct heart rhythm problems by destroying abnormal heart tissue. 🔥','in_clinic',0,1,1,NULL,NULL,NULL,'2024-09-03 23:49:08','2024-09-03 23:49:08',NULL),(6,'implantable-cardioverter-defibrillator-icd-placement','Implantable Cardioverter Defibrillator (ICD) Placement',2,NULL,'Surgical procedure to implant a device that corrects dangerous heart rhythms. 💓','in_clinic',0,1,1,NULL,NULL,NULL,'2024-09-03 23:49:10','2024-09-03 23:49:10',NULL),(7,'holter-monitoring','Holter Monitoring',3,NULL,'Continuous heart rhythm monitoring over a period of time using a portable device. 📈','in_clinic',0,1,1,NULL,NULL,NULL,'2024-09-03 23:49:11','2024-09-03 23:49:11',NULL),(8,'event-monitoring','Event Monitoring',3,NULL,'Recording of heart activity during specific events or symptoms using a portable device. 📊','in_clinic',0,1,1,NULL,NULL,NULL,'2024-09-03 23:49:14','2024-09-03 23:49:14',NULL),(9,'implantable-loop-recorder-ilr','Implantable Loop Recorder (ILR)',3,NULL,'Long-term monitoring of heart rhythm with a small device implanted under the skin. ⏰','in_clinic',0,1,1,NULL,NULL,NULL,'2024-09-03 23:49:16','2024-09-03 23:49:16',NULL),(10,'hypertension-screening','Hypertension Screening',3,NULL,'Evaluation of blood pressure to detect and assess hypertension. 🩺','in_clinic',0,1,1,NULL,NULL,NULL,'2024-09-03 23:49:18','2024-09-03 23:49:18',NULL),(11,'diagnostic-coronary-angiography','Diagnostic Coronary Angiography',4,NULL,'Procedure to visualize and assess coronary artery blockages. 🩺','in_clinic',0,1,1,NULL,NULL,NULL,'2024-09-03 23:49:20','2024-09-03 23:49:20',NULL),(12,'percutaneous-coronary-intervention-pci','Percutaneous Coronary Intervention (PCI)',4,NULL,'Minimally invasive procedure to open blocked coronary arteries. ⚡','in_clinic',0,1,1,NULL,NULL,NULL,'2024-09-03 23:49:21','2024-09-03 23:49:21',NULL),(13,'coronary-artery-bypass-grafting-cabg','Coronary Artery Bypass Grafting (CABG)',4,NULL,'Surgical procedure to bypass blocked coronary arteries. ✂️','in_clinic',0,1,1,NULL,NULL,NULL,'2024-09-03 23:49:23','2024-09-03 23:49:23',NULL),(14,'genetic-testing-for-cardiac-conditions','Genetic Testing for Cardiac Conditions',5,NULL,'Screening for genetic factors contributing to heart diseases. 🧬','in_clinic',0,1,1,NULL,NULL,NULL,'2024-09-03 23:49:26','2024-09-03 23:49:26',NULL),(15,'genetic-counseling-for-heart-diseases','Genetic Counseling for Heart Diseases',5,NULL,'Counseling to understand and manage genetic risks of heart disorders. 💬','in_clinic',0,1,1,NULL,NULL,NULL,'2024-09-03 23:49:29','2024-09-03 23:49:29',NULL),(16,'family-screening-for-inherited-heart-disorders','Family Screening for Inherited Heart Disorders',5,NULL,'Screening family members for inherited heart conditions. 👨‍👩‍👧‍👦','in_clinic',0,1,1,NULL,NULL,NULL,'2024-09-03 23:49:31','2024-09-03 23:49:31',NULL),(17,'orthopedic-sergery','Orthopedic Sergery',6,NULL,'Comprehensive surgical procedures for musculoskeletal conditions. 🏥','in_clinic',0,1,1,NULL,NULL,NULL,'2024-09-03 23:49:33','2024-09-03 23:49:33',NULL),(18,'prosthetic-limb-fitting','Prosthetic Limb Fitting',6,NULL,'Fitting and adjustment of prosthetic limbs for mobility and function. 🦿','in_clinic',0,1,1,NULL,NULL,NULL,'2024-09-03 23:49:35','2024-09-03 23:49:35',NULL),(19,'hip-replacement','hip-replacement',7,NULL,'Surgical procedure to replace a damaged hip joint with an artificial one. 🦵','in_clinic',0,1,1,NULL,NULL,NULL,'2024-09-03 23:49:37','2024-09-03 23:49:37',NULL),(20,'knee-replacement','Knee Replacement',7,NULL,'Surgery to replace a damaged knee joint with a prosthetic implant. 🦵','in_clinic',0,1,1,NULL,NULL,NULL,'2024-09-03 23:49:38','2024-09-03 23:49:38',NULL),(21,'shoulder-replacement','Shoulder Replacement',7,NULL,'Surgical procedure to replace a damaged shoulder joint with an artificial one. 🦋','in_clinic',0,1,1,NULL,NULL,NULL,'2024-09-03 23:49:41','2024-09-03 23:49:41',NULL),(22,'spinal-fusion-surgery','Spinal Fusion Surgery',8,NULL,'Surgical technique to join two or more vertebrae in the spine. ⛓️','in_clinic',0,1,1,NULL,NULL,NULL,'2024-09-03 23:49:44','2024-09-03 23:49:44',NULL),(23,'discectomy','Discectomy',8,NULL,'Surgical removal of herniated disc material pressing on a nerve root or the spinal cord. 🔪','in_clinic',0,1,1,NULL,NULL,NULL,'2024-09-03 23:49:46','2024-09-03 23:49:46',NULL),(24,'spinal-decompression-treatment','Spinal Decompression Treatment',8,NULL,'Non-surgical treatment to relieve pressure on spinal discs and nerves. 🌀','in_clinic',0,1,1,NULL,NULL,NULL,'2024-09-03 23:49:48','2024-09-03 23:49:48',NULL),(25,'bone-density-testing','Bone Density Testing',9,NULL,'Diagnostic test to measure bone density and assess the risk of fractures. 💀','in_clinic',0,1,1,NULL,NULL,NULL,'2024-09-03 23:49:49','2024-09-03 23:49:49',NULL),(26,'osteoporosis-medication-treatment','Osteoporosis Medication Treatment',9,NULL,'Treatment plan to manage osteoporosis and prevent bone loss. 💊','in_clinic',0,1,1,NULL,NULL,NULL,'2024-09-03 23:49:50','2024-09-03 23:49:50',NULL),(27,'laparoscopic-surgery','Laparoscopic Surgery',10,NULL,'Minimally invasive surgical technique using small incisions and a camera. 🩹','in_clinic',0,1,1,NULL,NULL,NULL,'2024-09-03 23:49:53','2024-09-03 23:49:53',NULL),(28,'endoscopic-surgery','Endoscopic Surgery',10,NULL,'Surgical procedure performed through a small incision with an endoscope. 🩹','in_clinic',0,1,1,NULL,NULL,NULL,'2024-09-03 23:49:56','2024-09-03 23:49:56',NULL),(29,'robotic-surgery','Robotic Surgery',10,NULL,'Surgical technique performed with the assistance of robotic arms controlled by a surgeon. 🤖','in_clinic',0,1,1,NULL,NULL,NULL,'2024-09-03 23:49:58','2024-09-03 23:49:58',NULL),(30,'routine-check-ups-and-physical-examinations','Routine Check-ups and Physical Examinations',11,NULL,'Regular health check-ups to monitor your well-being. 👩‍⚕️ ','in_clinic',0,1,1,NULL,NULL,NULL,'2024-09-03 23:50:00','2024-09-03 23:50:00',NULL),(31,'diagnosis-and-treatment-of-common-illnesses','Diagnosis and Treatment of Common Illnesses',11,NULL,'Expert care for everyday health issues like colds and flu. 💊 ','in_clinic',0,1,1,NULL,NULL,NULL,'2024-09-03 23:50:01','2024-09-03 23:50:01',NULL),(32,'vaccinations-and-immunizations','Vaccinations and Immunizations',11,NULL,'Protect yourself and your loved ones with timely vaccinations. 💉','in_clinic',0,1,1,NULL,NULL,NULL,'2024-09-03 23:50:02','2024-09-03 23:50:02',NULL),(33,'acupuncture','Acupuncture',12,NULL,'Traditional healing through precise needle therapy.📍','in_clinic',0,1,1,NULL,NULL,NULL,'2024-09-03 23:50:06','2024-09-03 23:50:06',NULL),(34,'nutritional-supplements-and-dietary-counseling','Nutritional Supplements and Dietary Counseling',12,NULL,'Personalized guidance for optimal nutrition. 🥦','in_clinic',0,1,1,NULL,NULL,NULL,'2024-09-03 23:50:08','2024-09-03 23:50:08',NULL),(35,'pediatric-primary-care','Pediatric Primary Care',13,NULL,'Comprehensive medical care tailored to meet your childs needs. 👨‍⚕️👧','in_clinic',0,1,1,NULL,NULL,NULL,'2024-09-03 23:50:10','2024-09-03 23:50:10',NULL),(36,'childhood-illness-management','Childhood Illness Management',13,NULL,'Expert care for common childhood illnesses and conditions. 🤒💊','in_clinic',0,1,1,NULL,NULL,NULL,'2024-09-03 23:50:12','2024-09-03 23:50:12',NULL),(37,'teeth-cleaning','Teeth Cleaning',14,NULL,'Professional cleaning to remove plaque and tartar for a healthy smile. 😁✨','in_clinic',0,1,1,NULL,NULL,NULL,'2024-09-03 23:50:13','2024-09-03 23:50:13',NULL),(38,'fillings','Fillings',14,NULL,'Restoring cavities and preserving teeth with durable dental fillings. 🦷💎','in_clinic',0,1,1,NULL,NULL,NULL,'2024-09-03 23:50:15','2024-09-03 23:50:15',NULL),(39,'wisdom-teeth-removal','Wisdom Teeth Removal',15,NULL,'Surgically extracting problematic wisdom teeth to improve oral health. 💡🦷','in_clinic',0,1,1,NULL,NULL,NULL,'2024-09-03 23:50:18','2024-09-03 23:50:18',NULL),(40,'dental-implant-surgery','Dental Implant Surgery',15,NULL,'Restoring missing teeth with permanent dental implants for a natural-looking smile. 💪🦷','in_clinic',0,1,1,NULL,NULL,NULL,'2024-09-03 23:50:20','2024-09-03 23:50:20',NULL),(41,'tooth-extraction','Tooth Extraction',15,NULL,'Removing damaged or decayed teeth to alleviate pain and prevent further complications. 🪓🦷','in_clinic',0,1,1,NULL,NULL,NULL,'2024-09-03 23:50:22','2024-09-03 23:50:22',NULL),(42,'dermal-fillers','Dermal Fillers',16,NULL,'Enhancing facial volume and reducing wrinkles for a youthful appearance. 💉✨','in_clinic',0,1,1,NULL,NULL,NULL,'2024-09-03 23:50:24','2024-09-03 23:50:24',NULL),(43,'chemical-peels','Chemical Peels',16,NULL,'Renew and rejuvenate skin. 🔬','in_clinic',0,1,1,NULL,NULL,NULL,'2024-09-03 23:50:25','2024-09-03 23:50:25',NULL),(44,'skin-cancer-removal','Skin Cancer Removal',17,NULL,'Surgical removal of cancerous skin lesions to promote healing and prevent spread. 🩹🌞','in_clinic',0,1,1,NULL,NULL,NULL,'2024-09-03 23:50:27','2024-09-03 23:50:27',NULL),(45,'mohs-micrographic-surgery','Mohs Micrographic Surgery',17,NULL,'Highly precise technique for removing skin cancer while preserving healthy tissue. 🎨🔍','in_clinic',0,1,1,NULL,NULL,NULL,'2024-09-03 23:50:30','2024-09-03 23:50:30',NULL),(46,'cataract-surgery','Cataract Surgery',18,NULL,'Surgical removal of cataracts to restore clear vision and improve quality of life. 👁️‍🗨️🔪','in_clinic',0,1,1,NULL,NULL,NULL,'2024-09-03 23:50:33','2024-09-03 23:50:33',NULL),(47,'lasik-eye-surgery','LASIK Eye Surgery',18,NULL,'Laser vision correction to improve vision and reduce dependence on glasses or contacts. 👁️‍🗨️💫','in_clinic',0,1,1,NULL,NULL,NULL,'2024-09-03 23:50:35','2024-09-03 23:50:35',NULL),(48,'comprehensive-eye-examinations','Comprehensive Eye Examinations',19,NULL,'Thorough evaluations to assess vision and eye health. 👁️‍🗨️🔍','in_clinic',0,1,1,NULL,NULL,NULL,'2024-09-03 23:50:37','2024-09-03 23:50:37',NULL),(49,'contact-lens-fitting','Contact Lens Fitting',19,NULL,'Customized fittings for comfortable and clear vision with contact lenses. 👁️‍🗨️👓','in_clinic',0,1,1,NULL,NULL,NULL,'2024-09-03 23:50:38','2024-09-03 23:50:38',NULL);

--
-- Table structure for table `system_service_category`
--

CREATE TABLE `system_service_category` (
  `id` bigint unsigned NOT NULL AUTO_INCREMENT,
  `slug` varchar(191) COLLATE utf8mb4_unicode_ci NOT NULL DEFAULT '1',
  `name` varchar(191) COLLATE utf8mb4_unicode_ci NOT NULL,
  `parent_id` bigint unsigned DEFAULT NULL,
  `status` tinyint(1) NOT NULL DEFAULT '1',
  `created_by` int unsigned DEFAULT NULL,
  `updated_by` int unsigned DEFAULT NULL,
  `deleted_by` int unsigned DEFAULT NULL,
  `created_at` timestamp NULL DEFAULT NULL,
  `updated_at` timestamp NULL DEFAULT NULL,
  `deleted_at` timestamp NULL DEFAULT NULL,
  PRIMARY KEY (`id`)
) ENGINE=InnoDB AUTO_INCREMENT=5 DEFAULT CHARSET=utf8mb4 COLLATE=utf8mb4_unicode_ci;

--
-- Dumping data for table `system_service_category`
--

INSERT INTO `system_service_category` VALUES (1,'specialist-clinics','Specialist Clinics',NULL,1,NULL,1,NULL,'2024-09-03 23:48:29','2024-09-26 11:57:07',NULL),(2,'general-medicine','General Medicine',NULL,1,NULL,1,NULL,'2024-09-03 23:48:31','2024-09-28 05:11:21',NULL),(3,'dental-care','Dental Care',NULL,1,NULL,1,NULL,'2024-09-03 23:48:31','2024-09-28 09:20:08',NULL),(4,'others','Others',NULL,1,NULL,1,NULL,'2024-09-03 23:48:32','2024-09-28 09:20:10',NULL);

--
-- Table structure for table `tags`
--

CREATE TABLE `tags` (
  `id` bigint unsigned NOT NULL AUTO_INCREMENT,
  `name` varchar(191) COLLATE utf8mb4_unicode_ci NOT NULL,
  `status` tinyint(1) NOT NULL DEFAULT '1',
  `created_by` int unsigned DEFAULT NULL,
  `updated_by` int unsigned DEFAULT NULL,
  `deleted_by` int unsigned DEFAULT NULL,
  `created_at` timestamp NULL DEFAULT NULL,
  `updated_at` timestamp NULL DEFAULT NULL,
  `deleted_at` timestamp NULL DEFAULT NULL,
  PRIMARY KEY (`id`)
) ENGINE=InnoDB AUTO_INCREMENT=92 DEFAULT CHARSET=utf8mb4 COLLATE=utf8mb4_unicode_ci;

--
-- Dumping data for table `tags`
--

INSERT INTO `tags` VALUES (1,'Shoes',1,NULL,NULL,NULL,'2023-09-26 03:59:14','2023-09-26 03:59:14',NULL),(2,'Hairfall',1,1,1,NULL,'2023-09-26 04:12:05','2023-09-26 04:12:05',NULL),(3,'Growth Protein',1,1,1,NULL,'2023-09-26 04:16:53','2023-09-26 04:16:53',NULL),(4,'Keratin',1,1,1,NULL,'2023-09-26 04:20:53','2023-09-26 04:20:53',NULL),(5,'HairMask',1,1,1,NULL,'2023-09-26 04:24:53','2023-09-26 04:24:53',NULL),(6,'ketein',1,1,1,NULL,'2023-09-26 04:29:55','2023-09-26 04:29:55',NULL),(7,'HairSpray',1,1,1,NULL,'2023-09-26 04:32:00','2023-09-26 04:32:00',NULL),(8,'facetoner',1,1,1,NULL,'2023-09-26 04:34:31','2023-09-26 04:34:31',NULL),(9,'Vitamin C + E Sorbet Super Bright Moisturizer',1,1,1,NULL,'2023-09-26 04:42:22','2023-09-26 04:42:22',NULL),(10,'face serum',1,1,1,NULL,'2023-09-26 04:44:12','2023-09-26 04:44:12',NULL),(11,'sun defence',1,1,1,NULL,'2023-09-26 04:46:02','2023-09-26 04:46:02',NULL),(12,'Watermelon Cooling Sunscreen',1,1,1,NULL,'2023-09-26 04:50:32','2023-09-26 04:50:32',NULL),(13,'clay mask',1,1,1,NULL,'2023-09-26 04:52:00','2023-09-26 04:52:00',NULL),(14,'anti acne',1,1,1,NULL,'2023-09-26 04:55:11','2023-09-26 04:55:11',NULL),(15,'sheet mask',1,1,1,NULL,'2023-09-26 04:57:07','2023-09-26 04:57:07',NULL),(16,'Whitening Facial Kit',1,1,1,NULL,'2023-09-26 04:59:13','2023-09-26 04:59:13',NULL),(17,'nail paint',1,1,1,NULL,'2023-09-26 05:02:01','2023-09-26 05:02:01',NULL),(18,'Drying Nail',1,1,1,NULL,'2023-09-26 05:04:21','2023-09-26 05:04:21',NULL),(19,'nail art kit',1,1,1,NULL,'2023-09-26 05:06:29','2023-09-26 05:06:29',NULL),(20,'pre color kit',1,1,1,NULL,'2023-09-26 05:08:50','2023-09-26 05:08:50',NULL),(21,'Foot Scrubber',1,1,1,NULL,'2023-09-26 05:11:33','2023-09-26 05:11:33',NULL),(22,'nail filter',1,1,1,NULL,'2023-09-26 05:13:07','2023-09-26 05:13:07',NULL),(23,'nail oil',1,1,1,NULL,'2023-09-26 05:16:16','2023-09-26 05:16:16',NULL),(24,'Nourishing Oil',1,1,1,NULL,'2023-09-26 05:18:32','2023-09-26 05:18:32',NULL),(25,'Nail Strengthener',1,1,1,NULL,'2023-09-26 05:20:31','2023-09-26 05:20:31',NULL),(26,'color affair 3 in 1',1,1,1,NULL,'2023-09-26 05:27:31','2023-09-26 05:27:31',NULL),(27,'matte lipstick',1,1,1,NULL,'2023-09-26 05:31:20','2023-09-26 05:31:20',NULL),(28,'matte mini lipstick',1,1,1,NULL,'2023-09-26 05:36:06','2023-09-26 05:36:06',NULL),(29,'Liquid Lip Color',1,1,1,NULL,'2023-09-26 05:38:30','2023-09-26 05:38:30',NULL),(30,'eyeshadow',1,1,1,NULL,'2023-09-26 05:48:50','2023-09-26 05:48:50',NULL),(31,'Maxi Reloaded Palette',1,1,1,NULL,'2023-09-26 05:51:30','2023-09-26 05:51:30',NULL),(32,'foundation',1,1,1,NULL,'2023-09-26 05:53:39','2023-09-26 05:53:39',NULL),(33,'serum foundation',1,1,1,NULL,'2023-09-26 05:59:03','2023-09-26 05:59:03',NULL),(34,'sponge with handle',1,1,1,NULL,'2023-09-26 06:00:47','2023-09-26 06:00:47',NULL),(35,'brush set',1,1,1,NULL,'2023-09-26 06:02:20','2023-09-26 06:02:20',NULL),(36,'Eyebrow and Face Razor',1,1,1,NULL,'2023-09-26 06:05:50','2023-09-26 06:05:50',NULL),(37,'makeup mirror',1,1,1,NULL,'2023-09-26 06:07:23','2023-09-26 06:07:23',NULL),(38,'Beauty Kit',1,1,1,NULL,'2023-09-26 06:09:23','2023-09-26 06:09:23',NULL),(39,'shower gel',1,1,1,NULL,'2023-09-26 06:12:54','2023-09-26 06:12:54',NULL),(40,'body wash',1,1,1,NULL,'2023-09-26 06:29:03','2023-09-26 06:29:03',NULL),(41,'bath salt',1,1,1,NULL,'2023-09-26 06:31:24','2023-09-26 06:31:24',NULL),(42,'bath foot soak',1,1,1,NULL,'2023-09-26 06:33:03','2023-09-26 06:33:03',NULL),(43,'body scrub',1,1,1,NULL,'2023-09-26 06:34:57','2023-09-26 06:34:57',NULL),(44,'underarm roller',1,1,1,NULL,'2023-09-26 06:36:59','2023-09-26 06:36:59',NULL),(45,'body spray',1,1,1,NULL,'2023-09-26 06:38:45','2023-09-26 06:38:45',NULL),(46,'spray',1,1,1,NULL,'2023-09-26 06:40:22','2023-09-26 06:40:22',NULL),(47,'anti-sweat deodorant',1,1,1,NULL,'2023-09-26 06:42:41','2023-09-26 06:42:41',NULL),(48,'sport active spray',1,1,1,NULL,'2023-09-26 06:44:52','2023-09-26 06:44:52',NULL),(49,'pocket perfume',1,1,1,NULL,'2023-09-26 06:47:04','2023-09-26 06:47:04',NULL),(50,'perfume',1,1,1,NULL,'2023-09-26 06:49:04','2023-09-26 06:49:04',NULL),(51,'body butter',1,1,1,NULL,'2023-09-26 06:50:43','2023-09-26 06:50:43',NULL),(52,'body yogurt',1,1,1,NULL,'2023-09-26 06:52:53','2023-09-26 06:52:53',NULL),(53,'body gel',1,1,1,NULL,'2023-09-26 06:54:54','2023-09-26 06:54:54',NULL),(54,'glyconic day cream',1,1,1,NULL,'2023-09-26 06:59:49','2023-09-26 06:59:49',NULL),(55,'brightening day cream',1,1,1,NULL,'2023-09-26 07:02:04','2023-09-26 07:02:04',NULL),(56,'hair dryer',1,1,1,NULL,'2023-09-26 07:04:50','2023-09-26 07:04:50',NULL),(57,'hair styler 3 in 1',1,1,1,NULL,'2023-09-26 07:06:24','2023-09-26 07:06:24',NULL),(58,'hair styler',1,1,1,NULL,'2023-09-26 07:08:21','2023-09-26 07:08:21',NULL),(59,'Hair Straightening Brush',1,1,1,NULL,'2023-09-26 07:10:30','2023-09-26 07:10:30',NULL),(60,'straightener',1,1,1,NULL,'2023-09-26 07:11:57','2023-09-26 07:11:57',NULL),(61,'comb set',1,1,1,NULL,'2023-09-26 07:13:37','2023-09-26 07:13:37',NULL),(62,'hair pin',1,1,1,NULL,'2023-09-26 07:16:23','2023-09-26 07:16:23',NULL),(63,'hair brush',1,1,1,NULL,'2023-09-26 07:19:27','2023-09-26 07:19:27',NULL),(64,'hair scalp massager',1,1,1,NULL,'2023-09-26 07:20:47','2023-09-26 07:20:47',NULL),(65,'shower cap',1,1,1,NULL,'2023-09-26 07:22:12','2023-09-26 07:22:12',NULL),(66,'parlour chair',1,1,1,NULL,'2023-09-26 07:23:51','2023-09-26 07:23:51',NULL),(67,'takeer salon barber',1,1,1,NULL,'2023-09-26 07:25:18','2023-09-26 07:25:18',NULL),(68,'trolley hairdresser',1,1,1,NULL,'2023-09-26 07:27:24','2023-09-26 07:27:24',NULL),(69,'spa massage table',1,1,1,NULL,'2023-09-26 07:28:40','2023-09-26 07:28:40',NULL),(70,'trimmer for men',1,1,1,NULL,'2023-09-26 07:30:05','2023-09-26 07:30:05',NULL),(71,'hair clipper',1,1,1,NULL,'2023-09-26 07:31:37','2023-09-26 07:31:37',NULL),(72,'Metal Pearl Hair Clips',1,1,1,NULL,'2023-09-26 23:34:34','2023-09-26 23:34:34',NULL),(73,'headband',1,1,1,NULL,'2023-09-26 23:35:58','2023-09-26 23:35:58',NULL),(74,'big hair clip',1,1,1,NULL,'2023-09-26 23:37:25','2023-09-26 23:37:25',NULL),(75,'hair clip',1,1,1,NULL,'2023-09-26 23:40:19','2023-09-26 23:40:19',NULL),(76,'sunglasses',1,1,1,NULL,'2023-09-26 23:41:36','2023-09-26 23:41:36',NULL),(77,'cap',1,1,1,NULL,'2023-09-26 23:46:50','2023-09-26 23:46:50',NULL),(78,'essential oil',1,1,1,NULL,'2023-09-26 23:51:46','2023-09-26 23:51:46',NULL),(79,'fragrance oil',1,1,1,NULL,'2023-09-26 23:53:53','2023-09-26 23:53:53',NULL),(80,'beard oil',1,1,1,NULL,'2023-09-26 23:59:52','2023-09-26 23:59:52',NULL),(81,'hair growth serum',1,1,1,NULL,'2023-09-27 00:03:52','2023-09-27 00:03:52',NULL),(82,'hair spa kit',1,1,1,NULL,'2023-09-27 00:05:33','2023-09-27 00:05:33',NULL),(83,'beauty combo',1,1,1,NULL,'2023-09-27 00:07:21','2023-09-27 00:07:21',NULL),(84,'hair mask',1,1,1,NULL,'2023-09-27 00:11:15','2023-09-27 00:11:15',NULL),(85,'Nail Enamel Combo',1,1,1,NULL,'2023-09-27 00:13:41','2023-09-27 00:13:41',NULL),(86,'nail gel',1,1,1,NULL,'2023-09-27 00:15:08','2023-09-27 00:15:08',NULL),(87,'Healthy Skin Kit',1,1,1,NULL,'2023-09-27 00:16:58','2023-09-27 00:16:58',NULL),(88,'lip balm',1,1,1,NULL,'2023-09-27 00:18:09','2023-09-27 00:18:09',NULL),(89,'hair essential',1,1,1,NULL,'2023-09-27 00:19:26','2023-09-27 00:19:26',NULL),(90,'glow-up body',1,1,1,NULL,'2023-09-27 00:24:08','2023-09-27 00:24:08',NULL),(91,'body spa kit',1,1,1,NULL,'2023-09-27 00:29:06','2023-09-27 00:29:06',NULL);

--
-- Table structure for table `taxes`
--

CREATE TABLE `taxes` (
  `id` bigint unsigned NOT NULL AUTO_INCREMENT,
  `title` varchar(100) COLLATE utf8mb4_unicode_ci NOT NULL,
  `type` varchar(100) COLLATE utf8mb4_unicode_ci DEFAULT 'percent' COMMENT 'fixed , percent',
  `value` double DEFAULT NULL,
  `status` tinyint DEFAULT '1' COMMENT '1- Active , 0- InActive',
  `created_by` int unsigned DEFAULT NULL,
  `updated_by` int unsigned DEFAULT NULL,
  `deleted_by` int unsigned DEFAULT NULL,
  `created_at` timestamp NULL DEFAULT NULL,
  `updated_at` timestamp NULL DEFAULT NULL,
  `deleted_at` timestamp NULL DEFAULT NULL,
  `module_type` varchar(191) COLLATE utf8mb4_unicode_ci DEFAULT NULL,
  PRIMARY KEY (`id`)
) ENGINE=InnoDB AUTO_INCREMENT=3 DEFAULT CHARSET=utf8mb4 COLLATE=utf8mb4_unicode_ci;

--
-- Dumping data for table `taxes`
--

INSERT INTO `taxes` VALUES (1,'Service Tax','fixed',22,1,NULL,NULL,NULL,'2024-09-03 23:48:28','2024-09-03 23:48:28',NULL,NULL),(2,'GST','percent',28,1,NULL,NULL,NULL,'2024-09-03 23:48:29','2024-09-03 23:48:29',NULL,NULL);

--
-- Table structure for table `template_medical_history`
--

CREATE TABLE `template_medical_history` (
  `id` bigint unsigned NOT NULL AUTO_INCREMENT,
  `template_id` bigint unsigned DEFAULT NULL,
  `type` varchar(191) COLLATE utf8mb4_unicode_ci DEFAULT NULL,
  `title` varchar(191) COLLATE utf8mb4_unicode_ci DEFAULT NULL,
  `created_by` int unsigned DEFAULT NULL,
  `updated_by` int unsigned DEFAULT NULL,
  `deleted_by` int unsigned DEFAULT NULL,
  `deleted_at` timestamp NULL DEFAULT NULL,
  `created_at` timestamp NULL DEFAULT NULL,
  `updated_at` timestamp NULL DEFAULT NULL,
  PRIMARY KEY (`id`)
) ENGINE=InnoDB DEFAULT CHARSET=utf8mb4 COLLATE=utf8mb4_unicode_ci;

--
-- Dumping data for table `template_medical_history`
--


--
-- Table structure for table `template_other_details`
--

CREATE TABLE `template_other_details` (
  `id` bigint unsigned NOT NULL AUTO_INCREMENT,
  `template_id` bigint unsigned DEFAULT NULL,
  `other_details` text COLLATE utf8mb4_unicode_ci,
  `created_by` int unsigned DEFAULT NULL,
  `updated_by` int unsigned DEFAULT NULL,
  `deleted_by` int unsigned DEFAULT NULL,
  `deleted_at` timestamp NULL DEFAULT NULL,
  `created_at` timestamp NULL DEFAULT NULL,
  `updated_at` timestamp NULL DEFAULT NULL,
  PRIMARY KEY (`id`)
) ENGINE=InnoDB DEFAULT CHARSET=utf8mb4 COLLATE=utf8mb4_unicode_ci;

--
-- Dumping data for table `template_other_details`
--


--
-- Table structure for table `template_prescription`
--

CREATE TABLE `template_prescription` (
  `id` bigint unsigned NOT NULL AUTO_INCREMENT,
  `template_id` bigint unsigned DEFAULT NULL,
  `name` varchar(191) COLLATE utf8mb4_unicode_ci DEFAULT NULL,
  `frequency` varchar(191) COLLATE utf8mb4_unicode_ci DEFAULT NULL,
  `duration` varchar(191) COLLATE utf8mb4_unicode_ci DEFAULT NULL,
  `instruction` text COLLATE utf8mb4_unicode_ci,
  `created_by` int unsigned DEFAULT NULL,
  `updated_by` int unsigned DEFAULT NULL,
  `deleted_by` int unsigned DEFAULT NULL,
  `deleted_at` timestamp NULL DEFAULT NULL,
  `created_at` timestamp NULL DEFAULT NULL,
  `updated_at` timestamp NULL DEFAULT NULL,
  PRIMARY KEY (`id`)
) ENGINE=InnoDB DEFAULT CHARSET=utf8mb4 COLLATE=utf8mb4_unicode_ci;

--
-- Dumping data for table `template_prescription`
--


--
-- Table structure for table `tip_earnings`
--

CREATE TABLE `tip_earnings` (
  `id` bigint unsigned NOT NULL AUTO_INCREMENT,
  `employee_id` bigint unsigned NOT NULL,
  `tippable_type` varchar(191) COLLATE utf8mb4_unicode_ci NOT NULL,
  `tippable_id` bigint unsigned NOT NULL,
  `tip_amount` double DEFAULT NULL,
  `tip_status` varchar(191) COLLATE utf8mb4_unicode_ci DEFAULT NULL,
  `payment_date` date DEFAULT NULL,
  `created_by` int unsigned DEFAULT NULL,
  `updated_by` int unsigned DEFAULT NULL,
  `deleted_by` int unsigned DEFAULT NULL,
  `created_at` timestamp NULL DEFAULT NULL,
  `updated_at` timestamp NULL DEFAULT NULL,
  `deleted_at` timestamp NULL DEFAULT NULL,
  PRIMARY KEY (`id`),
  KEY `tip_earnings_tippable_type_tippable_id_index` (`tippable_type`,`tippable_id`)
) ENGINE=InnoDB DEFAULT CHARSET=utf8mb4 COLLATE=utf8mb4_unicode_ci;

--
-- Dumping data for table `tip_earnings`
--


--
-- Table structure for table `units`
--

CREATE TABLE `units` (
  `id` bigint unsigned NOT NULL AUTO_INCREMENT,
  `name` varchar(191) COLLATE utf8mb4_unicode_ci NOT NULL,
  `slug` varchar(191) COLLATE utf8mb4_unicode_ci NOT NULL,
  `status` tinyint NOT NULL DEFAULT '1',
  `created_by` int unsigned DEFAULT NULL,
  `updated_by` int unsigned DEFAULT NULL,
  `deleted_by` int unsigned DEFAULT NULL,
  `created_at` timestamp NULL DEFAULT NULL,
  `updated_at` timestamp NULL DEFAULT NULL,
  `deleted_at` timestamp NULL DEFAULT NULL,
  PRIMARY KEY (`id`)
) ENGINE=InnoDB AUTO_INCREMENT=9 DEFAULT CHARSET=utf8mb4 COLLATE=utf8mb4_unicode_ci;

--
-- Dumping data for table `units`
--

INSERT INTO `units` VALUES (1,'gm','gm',1,NULL,NULL,NULL,'2024-09-03 23:51:17','2024-09-03 23:51:17',NULL),(2,'kg','kg',1,NULL,NULL,NULL,'2024-09-03 23:51:17','2024-09-03 23:51:17',NULL),(3,'pcs','pcs',1,NULL,NULL,NULL,'2024-09-03 23:51:17','2024-09-03 23:51:17',NULL),(4,'ml','ml',1,NULL,NULL,NULL,'2024-09-03 23:51:17','2024-09-03 23:51:17',NULL),(5,'pack','pack',1,NULL,NULL,NULL,'2024-09-03 23:51:17','2024-09-03 23:51:17',NULL),(6,'ltr','ltr',1,NULL,NULL,NULL,'2024-09-03 23:51:17','2024-09-03 23:51:17',NULL),(7,'each','each',1,NULL,NULL,NULL,'2024-09-03 23:51:17','2024-09-03 23:51:17',NULL),(8,'250gm','250gm',1,NULL,NULL,NULL,'2024-09-03 23:51:17','2024-09-03 23:51:17',NULL);

--
-- Table structure for table `user_coupon_redeem`
--

CREATE TABLE `user_coupon_redeem` (
  `id` bigint unsigned NOT NULL AUTO_INCREMENT,
  `coupon_code` varchar(191) COLLATE utf8mb4_unicode_ci NOT NULL,
  `discount` double NOT NULL,
  `user_id` int NOT NULL,
  `coupon_id` int NOT NULL,
  `booking_id` int NOT NULL,
  `created_by` int unsigned DEFAULT NULL,
  `updated_by` int unsigned DEFAULT NULL,
  `created_at` timestamp NULL DEFAULT NULL,
  `updated_at` timestamp NULL DEFAULT NULL,
  PRIMARY KEY (`id`)
) ENGINE=InnoDB DEFAULT CHARSET=utf8mb4 COLLATE=utf8mb4_unicode_ci;

--
-- Dumping data for table `user_coupon_redeem`
--


--
-- Table structure for table `user_profiles`
--

CREATE TABLE `user_profiles` (
  `id` bigint unsigned NOT NULL AUTO_INCREMENT,
  `about_self` varchar(191) COLLATE utf8mb4_unicode_ci DEFAULT NULL,
  `expert` varchar(191) COLLATE utf8mb4_unicode_ci DEFAULT NULL,
  `facebook_link` varchar(191) COLLATE utf8mb4_unicode_ci DEFAULT NULL,
  `instagram_link` varchar(191) COLLATE utf8mb4_unicode_ci DEFAULT NULL,
  `twitter_link` varchar(191) COLLATE utf8mb4_unicode_ci DEFAULT NULL,
  `dribbble_link` varchar(191) COLLATE utf8mb4_unicode_ci DEFAULT NULL,
  `user_id` bigint unsigned NOT NULL,
  `created_at` timestamp NULL DEFAULT NULL,
  `updated_at` timestamp NULL DEFAULT NULL,
  `deleted_at` timestamp NULL DEFAULT NULL,
  PRIMARY KEY (`id`)
) ENGINE=InnoDB AUTO_INCREMENT=12 DEFAULT CHARSET=utf8mb4 COLLATE=utf8mb4_unicode_ci;

--
-- Dumping data for table `user_profiles`
--

INSERT INTO `user_profiles` VALUES (1,'I am committed to delivering compassionate and comprehensive care to patients with cardiac issues.','Cardiology & Orthopadic',NULL,NULL,NULL,NULL,18,'2024-09-03 23:50:40','2024-09-03 23:50:40',NULL),(2,'I strive to provide top-quality dental care to patients of all ages, ensuring healthy and beautiful smiles.','Dentistry',NULL,NULL,NULL,NULL,19,'2024-09-03 23:50:41','2024-09-03 23:50:41',NULL),(3,'My focus is on promoting holistic well-being through personalized medical care and lifestyle interventions.','General Medicine',NULL,NULL,NULL,NULL,20,'2024-09-03 23:50:41','2024-09-04 02:02:58','2024-09-04 02:02:58'),(4,'I am dedicated to providing exceptional dental services, ensuring optimal oral health and patient satisfaction.','Dentistry',NULL,NULL,NULL,NULL,21,'2024-09-03 23:50:41','2024-09-03 23:50:41',NULL),(5,'I am committed to delivering high-quality eye care, focusing on improving vision and enhancing ocular health.','Ophthalmology',NULL,NULL,NULL,NULL,22,'2024-09-03 23:50:41','2024-09-03 23:50:41',NULL),(6,NULL,NULL,NULL,NULL,NULL,NULL,26,'2024-09-05 04:47:30','2024-09-05 04:47:30',NULL),(7,NULL,NULL,NULL,NULL,NULL,NULL,27,'2024-09-05 12:32:52','2024-09-05 12:32:52',NULL),(8,NULL,NULL,NULL,NULL,NULL,NULL,28,'2024-09-24 11:23:22','2024-09-24 11:23:22',NULL),(9,NULL,NULL,NULL,NULL,NULL,NULL,34,'2024-09-26 11:55:29','2024-09-26 11:55:29',NULL),(10,'I am doctor','I Am Expert',NULL,NULL,NULL,NULL,35,'2024-09-26 12:02:22','2024-09-26 12:02:22',NULL),(11,NULL,NULL,NULL,NULL,NULL,NULL,37,'2024-09-26 12:35:18','2024-09-26 12:35:18',NULL);

--
-- Table structure for table `user_providers`
--

CREATE TABLE `user_providers` (
  `id` bigint unsigned NOT NULL AUTO_INCREMENT,
  `user_id` bigint unsigned NOT NULL,
  `provider` varchar(191) COLLATE utf8mb4_unicode_ci NOT NULL,
  `provider_id` varchar(191) COLLATE utf8mb4_unicode_ci NOT NULL,
  `avatar` varchar(191) COLLATE utf8mb4_unicode_ci DEFAULT NULL,
  `created_at` timestamp NULL DEFAULT NULL,
  `updated_at` timestamp NULL DEFAULT NULL,
  PRIMARY KEY (`id`),
  KEY `user_providers_user_id_foreign` (`user_id`),
  CONSTRAINT `user_providers_user_id_foreign` FOREIGN KEY (`user_id`) REFERENCES `users` (`id`) ON DELETE CASCADE
) ENGINE=InnoDB DEFAULT CHARSET=utf8mb4 COLLATE=utf8mb4_unicode_ci;

--
-- Dumping data for table `user_providers`
--


--
-- Table structure for table `users`
--

CREATE TABLE `users` (
  `id` bigint unsigned NOT NULL AUTO_INCREMENT,
  `username` varchar(191) COLLATE utf8mb4_unicode_ci DEFAULT NULL,
  `first_name` varchar(191) COLLATE utf8mb4_unicode_ci NOT NULL,
  `last_name` varchar(191) COLLATE utf8mb4_unicode_ci NOT NULL,
  `email` varchar(191) COLLATE utf8mb4_unicode_ci DEFAULT NULL,
  `mobile` varchar(191) COLLATE utf8mb4_unicode_ci DEFAULT NULL,
  `login_type` varchar(191) COLLATE utf8mb4_unicode_ci DEFAULT NULL,
  `player_id` varchar(191) COLLATE utf8mb4_unicode_ci DEFAULT NULL,
  `web_player_id` varchar(191) COLLATE utf8mb4_unicode_ci DEFAULT NULL,
  `gender` varchar(191) COLLATE utf8mb4_unicode_ci DEFAULT NULL,
  `date_of_birth` date DEFAULT NULL,
  `is_manager` tinyint NOT NULL DEFAULT '0',
  `show_in_calender` tinyint NOT NULL DEFAULT '0',
  `email_verified_at` timestamp NULL DEFAULT NULL,
  `password` varchar(191) COLLATE utf8mb4_unicode_ci DEFAULT NULL,
  `avatar` varchar(191) COLLATE utf8mb4_unicode_ci DEFAULT NULL,
  `is_banned` tinyint unsigned NOT NULL DEFAULT '0',
  `is_subscribe` tinyint unsigned NOT NULL DEFAULT '0',
  `status` tinyint unsigned NOT NULL DEFAULT '1',
  `last_notification_seen` timestamp NULL DEFAULT NULL,
  `user_setting` longtext COLLATE utf8mb4_unicode_ci,
  `address` varchar(191) COLLATE utf8mb4_unicode_ci DEFAULT NULL,
  `city` int DEFAULT NULL,
  `state` int DEFAULT NULL,
  `country` int DEFAULT NULL,
  `pincode` varchar(191) COLLATE utf8mb4_unicode_ci DEFAULT NULL,
  `latitude` varchar(191) COLLATE utf8mb4_unicode_ci DEFAULT NULL,
  `longitude` varchar(191) COLLATE utf8mb4_unicode_ci DEFAULT NULL,
  `user_type` varchar(191) COLLATE utf8mb4_unicode_ci DEFAULT NULL,
  `google_access_token` longtext COLLATE utf8mb4_unicode_ci,
  `is_telmet` tinyint unsigned NOT NULL DEFAULT '0',
  `remember_token` varchar(100) COLLATE utf8mb4_unicode_ci DEFAULT NULL,
  `created_at` timestamp NULL DEFAULT NULL,
  `updated_at` timestamp NULL DEFAULT NULL,
  `deleted_at` timestamp NULL DEFAULT NULL,
  PRIMARY KEY (`id`),
  UNIQUE KEY `users_username_unique` (`username`),
  UNIQUE KEY `users_email_unique` (`email`)
) ENGINE=InnoDB AUTO_INCREMENT=40 DEFAULT CHARSET=utf8mb4 COLLATE=utf8mb4_unicode_ci;

--
-- Dumping data for table `users`
--

INSERT INTO `users` VALUES (1,NULL,'Super','Admin','admin@cognition.com','+1 81859861',NULL,NULL,NULL,'male','2023-10-03',0,0,'2024-09-03 23:48:24','$2y$10$aqhMU686O8V.E3PdP2O9H.pKRh6NQaY7ArkgRW2JCseXjAlPuUPle','img/avatar/male.webp',0,0,1,'2024-09-16 16:51:40',NULL,NULL,NULL,NULL,NULL,NULL,NULL,NULL,'admin',NULL,0,NULL,'2024-09-03 23:48:24','2024-09-16 16:51:40',NULL),(2,NULL,'Russ','Aubury','demo@kivicare.com','+1 74858414',NULL,NULL,NULL,'male','2023-05-20',0,0,'2024-09-03 23:48:25','$2y$10$9NGKoG.yPwh95UPk0.AOOe27mgNg07/dOtCGteISIHuSxBTe.yqJW','img/avatar/male.webp',0,0,1,NULL,NULL,NULL,NULL,NULL,NULL,NULL,NULL,NULL,'demo_admin',NULL,0,NULL,'2024-09-03 23:48:25','2024-09-24 10:22:19',NULL),(3,NULL,'Liam','Long','vendor@kivicare.com','+1 8574965162',NULL,NULL,NULL,'male','2013-09-05',0,0,'2024-09-03 23:48:25','$2y$10$tyz82Lr7pq/P0yj7EtHYYeAtPB/nQBJ1071sPdWTqczyoMeQ.JnAe',NULL,0,0,1,NULL,NULL,NULL,NULL,NULL,NULL,NULL,NULL,NULL,'vendor',NULL,0,NULL,'2024-09-03 23:48:25','2024-09-03 23:48:25',NULL),(4,NULL,'Susan','Williams','susan@gmail.com','+1 2381547861',NULL,NULL,NULL,'Female','1998-03-07',0,0,'2024-09-03 23:48:25','$2y$10$vooqCK5yCMyVGh/V10QDpO2KqlSk4H5Lf23.uBKln04z04e2kvcB.',NULL,0,0,1,NULL,NULL,NULL,NULL,NULL,NULL,NULL,NULL,NULL,'vendor',NULL,0,NULL,'2024-09-03 23:48:25','2024-09-03 23:48:25',NULL),(5,NULL,'Roberto','Gorden','roberto@gmail.com','+1 1241547857',NULL,NULL,NULL,'Male','1979-03-23',0,0,'2024-09-03 23:48:25','$2y$10$moFeXQOH2.qAKqt7tS5CKujwGmiMr1yHHS17brUbbdTlDpw.V7FfO',NULL,0,0,1,NULL,NULL,NULL,NULL,NULL,NULL,NULL,NULL,NULL,'vendor',NULL,0,NULL,'2024-09-03 23:48:25','2024-09-03 23:48:25',NULL),(6,NULL,'Richard','Howard','richard@gmail.com','+1 7481547856',NULL,NULL,NULL,'Male','1995-01-25',0,0,'2024-09-03 23:48:25','$2y$10$R1GnySZTH8HYk8.Jlsg4FOaPmdixPBcqx28GXh2k0ppcwD/SKr1rG',NULL,0,0,1,NULL,NULL,NULL,NULL,NULL,NULL,NULL,NULL,NULL,'vendor',NULL,0,NULL,'2024-09-03 23:48:25','2024-09-03 23:48:25',NULL),(7,NULL,'Ken','Simon','ken@gmail.com','+1 7485841458',NULL,NULL,NULL,'Male','1994-05-06',0,0,'2024-09-03 23:48:25','$2y$10$9xznpVaPeiTsxZhkMR4iTufp2pbEmm3.9/oRe7vwDQUmYE/M0BgG.',NULL,0,0,1,NULL,NULL,NULL,NULL,NULL,NULL,NULL,NULL,NULL,'vendor',NULL,0,NULL,'2024-09-03 23:48:25','2024-09-03 23:48:25',NULL),(8,NULL,'Deborah','Thomas','deborah@gmail.com','+1 1475478605',NULL,NULL,NULL,'Female','2023-12-24',0,0,'2024-09-03 23:48:25','$2y$10$8ldjVB1HovKDBz9tt6SdvO59zxqlDJ8SC14h66DDt1FvOg93Hcf8m',NULL,0,0,1,NULL,NULL,NULL,NULL,NULL,NULL,NULL,NULL,NULL,'vendor',NULL,0,NULL,'2024-09-03 23:48:25','2024-09-03 23:48:25',NULL),(9,NULL,'John','Doe','john@gmail.com','+1 4578952512',NULL,NULL,NULL,'male','2018-03-26',0,0,'2024-09-03 23:48:25','$2y$10$QAwR15tV.4KU34xm9/b7Wun96erd02RcTMcMSGw6YAMsNOlR8Ifju',NULL,0,0,1,NULL,NULL,NULL,NULL,NULL,NULL,NULL,NULL,NULL,'user',NULL,0,NULL,'2024-09-03 23:48:25','2024-09-23 18:24:52','2024-09-23 18:24:52'),(10,NULL,'Robert','Martin','robert@gmail.com','+1 7485961545',NULL,NULL,NULL,'male','1971-04-25',0,0,'2024-09-03 23:48:25','$2y$10$xi8kfyG7mSHkJkrEAwHVUeUY2WZKisALWRJw5jraoW4OabU7s/qqC',NULL,0,0,1,NULL,NULL,NULL,NULL,NULL,NULL,NULL,NULL,NULL,'user',NULL,0,NULL,'2024-09-03 23:48:25','2024-09-23 18:24:42','2024-09-23 18:24:42'),(11,NULL,'Bentley','Howard','bentley@gmail.com','+1 2563987448',NULL,NULL,NULL,'male','1999-05-07',0,0,'2024-09-03 23:48:25','$2y$10$svR7BQnUaGNfJiKpGvRtJ.mWbtc/miEmZG6I03qtbZgS74x0CbHeW',NULL,0,0,1,NULL,NULL,NULL,NULL,NULL,NULL,NULL,NULL,NULL,'user',NULL,0,NULL,'2024-09-03 23:48:25','2024-09-23 18:24:36','2024-09-23 18:24:36'),(12,NULL,'Brian','Shaw','brian@gmail.com','+1 3565478912',NULL,NULL,NULL,'male','2008-04-23',0,0,'2024-09-03 23:48:25','$2y$10$iNvY2y3nCoqSYDg.KO7CHOGBeJRUu/t2S7Yh37ZS0IHHjbGy1KvQe',NULL,0,0,1,NULL,NULL,NULL,NULL,NULL,NULL,NULL,NULL,NULL,'user',NULL,0,NULL,'2024-09-03 23:48:25','2024-09-23 18:24:30','2024-09-23 18:24:30'),(13,NULL,'Gilbert','Adams','gilbert@gmail.com','+1 5674587110',NULL,NULL,NULL,'male','2005-12-24',0,0,'2024-09-03 23:48:25','$2y$10$zgiMwKA4TT9lg/HLoaOyzOgjDQ7Q/qVIJkzIesxMzcOJJ20YURk0.',NULL,0,0,1,NULL,NULL,NULL,NULL,NULL,NULL,NULL,NULL,NULL,'user',NULL,0,NULL,'2024-09-03 23:48:25','2024-09-23 18:24:23','2024-09-23 18:24:23'),(14,NULL,'Pedra','Danlel','pedra@gmail.com','+1 6589741258',NULL,NULL,NULL,'female','2003-12-08',0,0,'2024-09-03 23:48:25','$2y$10$B8wa5CssfhaU0KwcDfZQvunuAXhBwLqkDqxHkFHwSz2MA44AKlpLm',NULL,0,0,1,NULL,NULL,NULL,NULL,NULL,NULL,NULL,NULL,NULL,'user',NULL,0,NULL,'2024-09-03 23:48:25','2024-09-23 18:24:17','2024-09-23 18:24:17'),(15,NULL,'Diana','Norris','diana@gmail.com','+1 5687412589',NULL,NULL,NULL,'female','2019-10-02',0,0,'2024-09-03 23:48:25','$2y$10$ibg.4UvsFrGo4AdWGnJ3weGxn7qgH7UsMroUjOMYXWOIWIs1N1ybG',NULL,0,0,1,NULL,NULL,NULL,NULL,NULL,NULL,NULL,NULL,NULL,'user',NULL,0,NULL,'2024-09-03 23:48:25','2024-09-23 18:24:09','2024-09-23 18:24:09'),(16,NULL,'Stella','Green','stella@gmail.com','+1 6352897456',NULL,NULL,NULL,'female','2016-10-05',0,0,'2024-09-03 23:48:25','$2y$10$vqwQF4LBgEotjqfWe4RrZO4gFQBNPnVvcNFpPYFA70N9JFtqYkKd2',NULL,0,0,1,NULL,NULL,NULL,NULL,NULL,NULL,NULL,NULL,NULL,'user',NULL,0,NULL,'2024-09-03 23:48:25','2024-09-23 18:24:01','2024-09-23 18:24:01'),(17,NULL,'Lisa','Lucas','lisa@gmail.com','+1 3652417895',NULL,NULL,NULL,'female','2006-07-10',0,0,'2024-09-03 23:48:25','$2y$10$LWwl2w6Rx34xrCWJ1Q3Yh.um1tedR4c25T1fR7YlgztMU5sXGf77q',NULL,0,0,1,NULL,NULL,NULL,NULL,NULL,NULL,NULL,NULL,NULL,'user',NULL,0,NULL,'2024-09-03 23:48:25','2024-09-23 18:23:50','2024-09-23 18:23:50'),(18,NULL,'Felix','Harris','doctor@kivicare.com','+1 4578952512',NULL,NULL,NULL,'male','2023-09-17',0,0,'2024-09-03 23:50:40','$2y$10$ryD/K2KLyC0z.5PswprwPuWwqqqsu.2dLm/s6bAAUyqrJPJ4gI1mO','img/avatar/male.webp',0,0,1,'2024-09-27 12:12:14',NULL,'6 Heart Street, Cityville, USA',NULL,NULL,NULL,NULL,'40.7128','74.006','doctor',NULL,0,NULL,'2024-09-03 23:50:40','2024-09-27 12:12:14',NULL),(19,NULL,'Jorge','Perez','jorge@gmail.com','+1 7485961589',NULL,NULL,NULL,'male','1980-07-31',0,0,'2024-09-03 23:50:40','$2y$10$2WI4rISqA9DjjM0hFHS2EesRi57j/ajrCU1DZpFvu9u3GUuouv/3.','img/avatar/male.webp',0,0,1,NULL,NULL,'48, Tooth Street, Townsville, USA',NULL,NULL,NULL,NULL,'34.0522','-118.2437','doctor',NULL,0,NULL,'2024-09-03 23:50:40','2024-09-03 23:50:40',NULL),(20,NULL,'Erica','Mendiz','erica@gmail.com','+1 4578965541',NULL,NULL,NULL,'female','1979-03-15',0,0,'2024-09-03 23:50:40','$2y$10$lLFV6VgQCGUO4MCaKp9/9.JQrWj.4IXavju7K8YZaG6mgeyKqNsqi','img/avatar/female.webp',0,0,1,NULL,NULL,'9, Harmony Road, Healthtown, USA',NULL,NULL,NULL,NULL,'41.8781','-87.6298','doctor',NULL,0,NULL,'2024-09-03 23:50:40','2024-09-04 02:02:58','2024-09-04 02:02:58'),(21,NULL,'Parsa','Evana','parsa@gmail.com','+1 5674587152',NULL,NULL,NULL,'female','1970-05-16',0,0,'2024-09-03 23:50:40','$2y$10$rdNBb.FhMDpe25W1n09DoOhLiKmNNkBOrsug1P9MnHJMyo4FJ9qIe','img/avatar/female.webp',0,0,1,NULL,NULL,'101, Dental Avenue, Smilesville, USA',NULL,NULL,NULL,NULL,'37.7749','-122.4194','doctor',NULL,0,NULL,'2024-09-03 23:50:40','2024-09-03 23:50:40',NULL),(22,NULL,'Daniel','Williams','daniel@gmail.com','+1 2563987415',NULL,NULL,NULL,'male','1980-10-16',0,0,'2024-09-03 23:50:40','$2y$10$pU.UKbftMdpCOKcAzoczCuMAG9cax1rtIJ9hvCGvtR/Dm4vqzGb26','img/avatar/male.webp',0,0,1,NULL,NULL,'23, Vision Way, Seecity, USA',NULL,NULL,NULL,NULL,'33.749','-84.388','doctor',NULL,0,NULL,'2024-09-03 23:50:40','2024-09-03 23:50:40',NULL),(23,NULL,'Harvey','Francis','receptionist@kivicare.com','+1 8874547968',NULL,NULL,NULL,'male','1979-02-07',0,0,'2024-09-03 23:50:41','$2y$10$F71dlecgBP2QqlvCYz7z5u8pc/S4szFa7KesrDYlioz4SEXoQf.Ia','img/avatar/male.webp',0,0,1,NULL,NULL,'6 Heart Street, Cityville, USA',NULL,NULL,NULL,NULL,'40.7128','74.006','receptionist',NULL,0,NULL,'2024-09-03 23:50:41','2024-09-23 15:20:29','2024-09-23 15:20:29'),(24,NULL,'Angela','Perez','angela@gmail.com','+1 3652547855',NULL,NULL,NULL,'female','2005-10-25',0,0,'2024-09-03 23:50:41','$2y$10$a25k2fVVWH8890LBVyziLe.sEFiKwlRYmaHm/EtsM3MOBCnd/ZIny','img/avatar/male.webp',0,0,1,NULL,NULL,'6 Heart Street, Cityville, USA',NULL,NULL,NULL,NULL,'40.7128','74.006','receptionist',NULL,0,NULL,'2024-09-03 23:50:41','2024-09-23 15:20:38','2024-09-23 15:20:38'),(25,NULL,'Amy','Ellis','amy@gmail.com','+1 4785478627',NULL,NULL,NULL,'female','2023-07-04',0,0,'2024-09-03 23:50:41','$2y$10$qkPMF/0FfLqqyN7dPwz5wOZWxeWRAyBE.AY74lA3qxgXBJG5M4DH2','img/avatar/male.webp',0,0,1,NULL,NULL,'6 Heart Street, Cityville, USA',NULL,NULL,NULL,NULL,'57.653484','-3.314624','receptionist',NULL,0,NULL,'2024-09-03 23:50:41','2024-09-23 15:20:44','2024-09-23 15:20:44'),(26,NULL,' Test1','Test2','test12@gmail.com','789654133',NULL,NULL,NULL,'male',NULL,0,0,'2024-09-05 04:47:30','$2y$10$q3JF4sbkEM61xgqVJNJs4.0w12pQbkGfmSsy5S/jaD1SPblSr54Py',NULL,0,0,1,NULL,NULL,NULL,NULL,NULL,NULL,NULL,NULL,NULL,'doctor',NULL,0,NULL,'2024-09-05 04:47:30','2024-09-05 04:47:30',NULL),(27,NULL,'John','Belish','john12@gmail.com','7896541230',NULL,NULL,NULL,'male',NULL,0,0,'2024-09-05 12:32:52','$2y$10$uJkfDkIW4MSfrtokU0f6fuKlGam5l4bEJEHfsRJYjQKD7mDW6QxGS',NULL,0,0,1,NULL,NULL,NULL,NULL,NULL,NULL,NULL,NULL,NULL,'doctor',NULL,0,NULL,'2024-09-05 12:32:52','2024-09-05 12:32:52',NULL),(28,NULL,'Sid','Sid','sid@yopmail.com','+91 90909 09090',NULL,NULL,NULL,'male',NULL,0,0,'2024-09-24 11:23:22','$2y$10$Mzn15s35G90vSNQKWQv.ju12/rIh9PXFlCTh5R2hRwYo3.SRHKWM.',NULL,0,0,1,NULL,NULL,NULL,NULL,NULL,NULL,NULL,NULL,NULL,'doctor',NULL,0,NULL,'2024-09-24 11:23:22','2024-09-24 11:23:22',NULL),(29,NULL,'Darshit','Goti','darshit@yopmail.com','+91 90889 89090',NULL,NULL,NULL,'male','2008-09-02',0,0,NULL,'$2y$10$Nqoxb/a0m/to7j5E/M.rDeXpMJK3fmCeZHHMB05KdagE3QGT0F9Fi',NULL,0,0,1,NULL,NULL,NULL,NULL,NULL,NULL,NULL,NULL,NULL,'user',NULL,0,NULL,'2024-09-24 11:26:37','2024-09-24 11:26:37',NULL),(30,NULL,'patient','test','patient@yopmail.com',NULL,NULL,NULL,NULL,NULL,NULL,0,0,NULL,'$2y$10$xWcaERmam6hWk/5B2WZAGuN4f0YZtC2ZfDuhyknDEdm/d/iPQxLi2',NULL,0,0,1,NULL,NULL,NULL,NULL,NULL,NULL,NULL,NULL,NULL,'user',NULL,0,NULL,'2024-09-26 10:47:38','2024-09-26 10:48:19','2024-09-26 10:48:19'),(31,NULL,'Sun','Patient','sunpatient@yopmail.com',NULL,NULL,NULL,NULL,NULL,NULL,0,0,NULL,'$2y$10$eobSo6NeMJPNrcbX2yILMekYHL8LJlBOSjCJyadoVc/8dg7ulM.ve',NULL,0,0,1,NULL,NULL,NULL,NULL,NULL,NULL,NULL,NULL,NULL,'user',NULL,0,NULL,'2024-09-26 11:32:53','2024-09-26 11:32:53',NULL),(32,NULL,'Sun','Patient','sunpatient1@yopmail.com',NULL,NULL,NULL,NULL,NULL,NULL,0,0,NULL,'$2y$10$1jy25hiIn.h65YX7tnWSAO/9tp/51BKN1PyFECXNbZBr5K8Mzs9fe',NULL,0,0,1,NULL,NULL,NULL,NULL,NULL,NULL,NULL,NULL,NULL,'user',NULL,0,NULL,'2024-09-26 11:33:53','2024-09-26 11:41:07','2024-09-26 11:41:07'),(33,NULL,'Sun','Patient','sunpatient21@yopmail.com',NULL,NULL,NULL,NULL,NULL,NULL,0,0,NULL,'$2y$10$tNzjA48iACa.5dKmoqOZh.k1dS8YQstaSoV3e85jUQtjJMHodSo1y',NULL,0,0,1,NULL,NULL,NULL,NULL,NULL,NULL,NULL,NULL,NULL,'user',NULL,0,NULL,'2024-09-26 11:37:23','2024-09-26 11:41:04','2024-09-26 11:41:04'),(34,NULL,'sun1','patient','sunpatient13@yopmail.com','+91 7621908664',NULL,NULL,NULL,'male','2021-09-01',0,0,NULL,'$2y$10$ZekU/xpbbCeAvonM.VvSw.ys0t6EqQ3Qp2TaPTiEHL9aJuVuNdh0G',NULL,0,0,1,'2024-09-26 11:54:53',NULL,NULL,NULL,NULL,NULL,NULL,NULL,NULL,'user',NULL,0,NULL,'2024-09-26 11:43:27','2024-09-26 11:55:29',NULL),(35,NULL,'sun','doctor','sundoctor@yopmail.com','+91 1234567890',NULL,NULL,NULL,'male',NULL,0,0,'2024-09-26 11:59:07','$2y$10$JK/C3yxxhfMVLxCdIpXtcuqNo618JnYU4D5hDGHJAtsSKX8OZk.XS',NULL,0,0,1,'2024-09-26 12:30:59',NULL,'Katargam',1041,12,101,NULL,NULL,NULL,'doctor',NULL,0,NULL,'2024-09-26 11:58:38','2024-09-26 12:30:59',NULL),(36,NULL,'sun','doctor1','sundoctor1@yopmail.com',NULL,NULL,NULL,NULL,NULL,NULL,0,0,'2024-09-26 12:34:16','$2y$10$fYEj337HZwx9cm5jxaUPJuS1/g/vJ4MLzxcdf2qu7ITQwnhBaXj/e',NULL,0,0,1,NULL,NULL,NULL,NULL,NULL,NULL,NULL,NULL,NULL,'doctor',NULL,0,NULL,'2024-09-26 12:31:45','2024-09-26 12:34:16',NULL),(37,NULL,'sun','recep','sunrecep@yopmail.com','+91',NULL,NULL,NULL,NULL,NULL,0,0,'2024-09-26 12:33:15','$2y$10$kATTZTxXkCuw8wPHghlAGuRYzAepOOlrbaNlh12wQfZHAz6mNHOxa',NULL,0,0,1,NULL,NULL,NULL,NULL,NULL,NULL,NULL,NULL,NULL,'receptionist',NULL,0,NULL,'2024-09-26 12:32:29','2024-09-26 12:35:18',NULL),(38,NULL,'patient','test','patient1@yopmail.com',NULL,NULL,NULL,NULL,NULL,NULL,0,0,NULL,'$2y$10$heGSmI6ckID5bLTQfQ7uiurs2lpXPzjJ82iexrdy2DFrKZyrFDD5i',NULL,0,0,1,'2024-09-27 10:38:04',NULL,NULL,NULL,NULL,NULL,NULL,NULL,NULL,'user',NULL,0,NULL,'2024-09-27 05:09:56','2024-09-27 10:38:04',NULL),(39,NULL,'reception','test','reception@yopmail.com',NULL,NULL,NULL,NULL,NULL,NULL,0,0,'2024-09-27 09:10:33','$2y$10$TXUT.UeV2hzVQYnCZB.HLeCikOH8k2BS43X.wGR5Cmt9BPLs4yTAm',NULL,0,0,1,'2024-09-28 05:39:23',NULL,NULL,NULL,NULL,NULL,NULL,NULL,NULL,'receptionist',NULL,0,NULL,'2024-09-27 09:09:33','2024-09-28 05:39:23',NULL);

--
-- Table structure for table `variation_values`
--

CREATE TABLE `variation_values` (
  `id` bigint unsigned NOT NULL AUTO_INCREMENT,
  `variation_id` int NOT NULL,
  `value` varchar(191) COLLATE utf8mb4_unicode_ci NOT NULL,
  `name` varchar(191) COLLATE utf8mb4_unicode_ci NOT NULL,
  `status` tinyint NOT NULL DEFAULT '1',
  `created_by` int unsigned DEFAULT NULL,
  `updated_by` int unsigned DEFAULT NULL,
  `deleted_by` int unsigned DEFAULT NULL,
  `created_at` timestamp NULL DEFAULT NULL,
  `updated_at` timestamp NULL DEFAULT NULL,
  `deleted_at` timestamp NULL DEFAULT NULL,
  PRIMARY KEY (`id`)
) ENGINE=InnoDB AUTO_INCREMENT=23 DEFAULT CHARSET=utf8mb4 COLLATE=utf8mb4_unicode_ci;

--
-- Dumping data for table `variation_values`
--

INSERT INTO `variation_values` VALUES (1,1,'S','Small',1,NULL,NULL,NULL,'2024-09-03 23:51:17','2024-09-03 23:51:17',NULL),(2,1,'M','Mediam',1,NULL,NULL,NULL,'2024-09-03 23:51:17','2024-09-03 23:51:17',NULL),(3,1,'L','Large',1,NULL,NULL,NULL,'2024-09-03 23:51:17','2024-09-03 23:51:17',NULL),(4,2,'#f81b1b','Red',1,NULL,NULL,NULL,'2024-09-03 23:51:17','2024-09-03 23:51:17',NULL),(5,2,'#3DB5FF','Blue',1,NULL,NULL,NULL,'2024-09-03 23:51:17','2024-09-03 23:51:17',NULL),(6,2,'#79DD36','Green',1,NULL,NULL,NULL,'2024-09-03 23:51:17','2024-09-03 23:51:17',NULL),(7,3,'5 ml','5 ml',1,NULL,NULL,NULL,'2024-09-03 23:51:17','2024-09-03 23:51:17',NULL),(8,3,'10 ml','10 ml',1,NULL,NULL,NULL,'2024-09-03 23:51:17','2024-09-03 23:51:17',NULL),(9,3,'25 ml','25 ml',1,NULL,NULL,NULL,'2024-09-03 23:51:17','2024-09-03 23:51:17',NULL),(10,3,'50 ml','50 ml',1,NULL,NULL,NULL,'2024-09-03 23:51:17','2024-09-03 23:51:17',NULL),(11,3,'100 ml','100 ml',1,NULL,NULL,NULL,'2024-09-03 23:51:17','2024-09-03 23:51:17',NULL),(12,3,'250 ml','250 ml',1,NULL,NULL,NULL,'2024-09-03 23:51:17','2024-09-03 23:51:17',NULL),(13,3,'500 ml','500 ml',1,NULL,NULL,NULL,'2024-09-03 23:51:17','2024-09-03 23:51:17',NULL),(14,3,'1000 ml','1000 ml',1,NULL,NULL,NULL,'2024-09-03 23:51:17','2024-09-03 23:51:17',NULL),(15,4,'5 gm','5 gm',1,NULL,NULL,NULL,'2024-09-03 23:51:17','2024-09-03 23:51:17',NULL),(16,4,'10gm','10 gm',1,NULL,NULL,NULL,'2024-09-03 23:51:17','2024-09-03 23:51:17',NULL),(17,4,'25 gm','25 gm',1,NULL,NULL,NULL,'2024-09-03 23:51:17','2024-09-03 23:51:17',NULL),(18,4,'50 gm','50 gm',1,NULL,NULL,NULL,'2024-09-03 23:51:17','2024-09-03 23:51:17',NULL),(19,4,'100 gm','100 gm',1,NULL,NULL,NULL,'2024-09-03 23:51:17','2024-09-03 23:51:17',NULL),(20,4,'250 gm','250 gm',1,NULL,NULL,NULL,'2024-09-03 23:51:17','2024-09-03 23:51:17',NULL),(21,4,'500 gm','500 gm',1,NULL,NULL,NULL,'2024-09-03 23:51:17','2024-09-03 23:51:17',NULL),(22,4,'1000 gm','1000 gm',1,NULL,NULL,NULL,'2024-09-03 23:51:17','2024-09-03 23:51:17',NULL);

--
-- Table structure for table `variations`
--

CREATE TABLE `variations` (
  `id` bigint unsigned NOT NULL AUTO_INCREMENT,
  `name` varchar(191) COLLATE utf8mb4_unicode_ci NOT NULL,
  `status` tinyint NOT NULL DEFAULT '1',
  `type` varchar(191) COLLATE utf8mb4_unicode_ci DEFAULT 'text',
  `is_fixed` tinyint NOT NULL DEFAULT '0',
  `created_by` int unsigned DEFAULT NULL,
  `updated_by` int unsigned DEFAULT NULL,
  `deleted_by` int unsigned DEFAULT NULL,
  `created_at` timestamp NULL DEFAULT NULL,
  `updated_at` timestamp NULL DEFAULT NULL,
  `deleted_at` timestamp NULL DEFAULT NULL,
  PRIMARY KEY (`id`)
) ENGINE=InnoDB AUTO_INCREMENT=5 DEFAULT CHARSET=utf8mb4 COLLATE=utf8mb4_unicode_ci;

--
-- Dumping data for table `variations`
--

INSERT INTO `variations` VALUES (1,'Size',1,'text',0,NULL,NULL,NULL,'2024-09-03 23:51:17','2024-09-03 23:51:17',NULL),(2,'Colour',1,'color',0,NULL,NULL,NULL,'2024-09-03 23:51:17','2024-09-03 23:51:17',NULL),(3,'Weight',1,'ml',0,NULL,NULL,NULL,'2024-09-03 23:51:17','2024-09-03 23:51:17',NULL),(4,'Weight',1,'gm',0,NULL,NULL,NULL,'2024-09-03 23:51:17','2024-09-03 23:51:17',NULL);

--
-- Table structure for table `vendor_commissions`
--

CREATE TABLE `vendor_commissions` (
  `id` bigint unsigned NOT NULL AUTO_INCREMENT,
  `vendor_id` bigint unsigned NOT NULL,
  `commission_id` bigint unsigned NOT NULL,
  `created_by` int unsigned DEFAULT NULL,
  `updated_by` int unsigned DEFAULT NULL,
  `deleted_by` int unsigned DEFAULT NULL,
  `created_at` timestamp NULL DEFAULT NULL,
  `updated_at` timestamp NULL DEFAULT NULL,
  `deleted_at` timestamp NULL DEFAULT NULL,
  PRIMARY KEY (`id`)
) ENGINE=InnoDB DEFAULT CHARSET=utf8mb4 COLLATE=utf8mb4_unicode_ci;

--
-- Dumping data for table `vendor_commissions`
--


--
-- Table structure for table `vitals`
--

CREATE TABLE `vitals` (
  `id` bigint unsigned NOT NULL AUTO_INCREMENT,
  `customer_id` bigint unsigned NOT NULL,
  `height_cm` double NOT NULL,
  `weight_kg` double NOT NULL,
  `height_inch` double NOT NULL,
  `weight_pound` double NOT NULL,
  `bmi` double NOT NULL,
  `tbf` double NOT NULL,
  `vfi` double NOT NULL,
  `tbw` double NOT NULL,
  `sm` double NOT NULL,
  `bmc` double NOT NULL,
  `bmr` double NOT NULL,
  `created_by` int unsigned DEFAULT NULL,
  `updated_by` int unsigned DEFAULT NULL,
  `deleted_by` int unsigned DEFAULT NULL,
  `created_at` timestamp NULL DEFAULT NULL,
  `updated_at` timestamp NULL DEFAULT NULL,
  `deleted_at` timestamp NULL DEFAULT NULL,
  PRIMARY KEY (`id`)
) ENGINE=InnoDB DEFAULT CHARSET=utf8mb4 COLLATE=utf8mb4_unicode_ci;

--
-- Dumping data for table `vitals`
--


--
-- Table structure for table `webhook_calls`
--

CREATE TABLE `webhook_calls` (
  `id` bigint unsigned NOT NULL AUTO_INCREMENT,
  `name` varchar(191) COLLATE utf8mb4_unicode_ci NOT NULL,
  `url` varchar(191) COLLATE utf8mb4_unicode_ci NOT NULL,
  `headers` longtext CHARACTER SET utf8mb4 COLLATE utf8mb4_bin,
  `payload` longtext CHARACTER SET utf8mb4 COLLATE utf8mb4_bin,
  `exception` text COLLATE utf8mb4_unicode_ci,
  `created_at` timestamp NULL DEFAULT NULL,
  `updated_at` timestamp NULL DEFAULT NULL,
  PRIMARY KEY (`id`),
  CONSTRAINT `webhook_calls_chk_1` CHECK (json_valid(`headers`)),
  CONSTRAINT `webhook_calls_chk_2` CHECK (json_valid(`payload`))
) ENGINE=InnoDB DEFAULT CHARSET=utf8mb4 COLLATE=utf8mb4_unicode_ci;

--
-- Dumping data for table `webhook_calls`
--


--
-- Table structure for table `wishlist`
--

CREATE TABLE `wishlist` (
  `id` bigint unsigned NOT NULL AUTO_INCREMENT,
  `user_id` int DEFAULT NULL,
  `guest_user_id` bigint DEFAULT NULL,
  `product_id` int NOT NULL,
  `created_at` timestamp NULL DEFAULT NULL,
  `updated_at` timestamp NULL DEFAULT NULL,
  `deleted_at` timestamp NULL DEFAULT NULL,
  PRIMARY KEY (`id`)
) ENGINE=InnoDB DEFAULT CHARSET=utf8mb4 COLLATE=utf8mb4_unicode_ci;

--
-- Dumping data for table `wishlist`
--



